CRAN Package Check Results for Package ssaBSS

Last updated on 2024-05-21 21:55:43 CEST.

Flavor Version Tinstall Tcheck Ttotal Status Flags
r-devel-linux-x86_64-debian-clang 0.1.1 13.50 132.01 145.51 NOTE
r-devel-linux-x86_64-debian-gcc 0.1.1 11.15 96.98 108.13 NOTE
r-devel-linux-x86_64-fedora-clang 0.1.1 181.84 NOTE
r-devel-linux-x86_64-fedora-gcc 0.1.1 175.20 NOTE
r-devel-windows-x86_64 0.1.1 14.00 104.00 118.00 NOTE
r-patched-linux-x86_64 0.1.1 16.08 124.90 140.98 NOTE
r-release-linux-x86_64 0.1.1 11.61 123.78 135.39 NOTE
r-release-macos-arm64 0.1.1 49.00 NOTE
r-release-windows-x86_64 0.1.1 14.00 107.00 121.00 NOTE
r-oldrel-macos-arm64 0.1.1 55.00 OK
r-oldrel-macos-x86_64 0.1.1 87.00 OK
r-oldrel-windows-x86_64 0.1.1 18.00 126.00 144.00 OK

Check Details

Version: 0.1.1
Check: Rd files
Result: NOTE checkRd: (-1) ssaBSS-package.Rd:22: Lost braces in \itemize; meant \describe ? checkRd: (-1) ssaBSS-package.Rd:23: Lost braces in \itemize; meant \describe ? checkRd: (-1) ssaBSS-package.Rd:24: Lost braces in \itemize; meant \describe ? checkRd: (-1) ssaBSS-package.Rd:25: Lost braces in \itemize; meant \describe ? checkRd: (-1) ssaBSS-package.Rd:26: Lost braces in \itemize; meant \describe ? Flavors: r-devel-linux-x86_64-debian-clang, r-devel-linux-x86_64-debian-gcc, r-devel-linux-x86_64-fedora-clang, r-devel-linux-x86_64-fedora-gcc, r-devel-windows-x86_64, r-patched-linux-x86_64, r-release-linux-x86_64, r-release-macos-arm64, r-release-windows-x86_64