CRAN Package Check Results for Package sscor

Last updated on 2022-10-01 23:00:23 CEST.

Flavor Version Tinstall Tcheck Ttotal Status Flags
r-devel-linux-x86_64-debian-clang 0.2 3.26 29.10 32.36 NOTE
r-devel-linux-x86_64-debian-gcc 0.2 2.09 23.06 25.15 NOTE
r-devel-linux-x86_64-fedora-clang 0.2 51.65 NOTE
r-devel-linux-x86_64-fedora-gcc 0.2 50.95 NOTE
r-devel-windows-x86_64 0.2 10.00 56.00 66.00 NOTE
r-patched-linux-x86_64 0.2 3.92 27.73 31.65 NOTE
r-release-linux-x86_64 0.2 3.17 27.39 30.56 NOTE
r-release-macos-arm64 0.2 19.00 NOTE
r-release-macos-x86_64 0.2 24.00 NOTE
r-release-windows-x86_64 0.2 8.00 54.00 62.00 NOTE
r-oldrel-macos-arm64 0.2 24.00 NOTE
r-oldrel-macos-x86_64 0.2 29.00 NOTE
r-oldrel-windows-ix86+x86_64 0.2 6.00 56.00 62.00 NOTE

Check Details

Version: 0.2
Check: LazyData
Result: NOTE
     'LazyData' is specified without a 'data' directory
Flavors: r-devel-linux-x86_64-debian-clang, r-devel-linux-x86_64-debian-gcc, r-devel-linux-x86_64-fedora-clang, r-devel-linux-x86_64-fedora-gcc, r-devel-windows-x86_64, r-patched-linux-x86_64, r-release-linux-x86_64, r-release-macos-arm64, r-release-macos-x86_64, r-release-windows-x86_64, r-oldrel-macos-arm64, r-oldrel-macos-x86_64, r-oldrel-windows-ix86+x86_64