CRAN Package Check Results for Package ssizeRNA

Last updated on 2021-09-26 08:50:28 CEST.

Flavor Version Tinstall Tcheck Ttotal Status Flags
r-devel-linux-x86_64-debian-clang 1.3.2 8.60 237.45 246.05 OK
r-devel-linux-x86_64-debian-gcc 1.3.2 6.29 173.44 179.73 OK
r-devel-linux-x86_64-fedora-clang 1.3.2 286.80 OK
r-devel-linux-x86_64-fedora-gcc 1.3.2 280.96 OK
r-devel-windows-x86_64 1.3.2 9.00 228.00 237.00 OK
r-devel-windows-x86_64-gcc10-UCRT 1.3.2 OK
r-patched-linux-x86_64 1.3.2 12.49 219.01 231.50 OK
r-patched-solaris-x86 1.3.2 403.90 OK
r-release-linux-x86_64 1.3.2 8.07 221.13 229.20 OK
r-release-macos-arm64 1.3.2 OK
r-release-macos-x86_64 1.3.2 OK
r-release-windows-ix86+x86_64 1.3.2 5.00 7.00 12.00 ERROR
r-oldrel-macos-x86_64 1.3.2 OK
r-oldrel-windows-ix86+x86_64 1.3.2 25.00 220.00 245.00 OK

Check Details

Version: 1.3.2
Check: whether package can be installed
Result: ERROR
    Installation failed.
Flavor: r-release-windows-ix86+x86_64