Last updated on 2022-07-06 23:52:56 CEST.
Flavor | Version | Tinstall | Tcheck | Ttotal | Status | Flags |
---|---|---|---|---|---|---|
r-devel-linux-x86_64-debian-clang | 0.9.1 | 20.61 | 830.29 | 850.90 | OK | |
r-devel-linux-x86_64-debian-gcc | 0.9.1 | 15.54 | 609.35 | 624.89 | OK | |
r-devel-linux-x86_64-fedora-clang | 0.9.1 | 925.91 | NOTE | |||
r-devel-linux-x86_64-fedora-gcc | 0.9.1 | 991.99 | OK | |||
r-devel-windows-x86_64 | 0.9.1 | 85.00 | 870.00 | 955.00 | OK | |
r-patched-linux-x86_64 | 0.9.1 | 22.66 | 792.03 | 814.69 | OK | |
r-release-linux-x86_64 | 0.9.1 | 14.27 | 780.28 | 794.55 | OK | |
r-release-macos-arm64 | 0.9.1 | 295.00 | OK | |||
r-release-macos-x86_64 | 0.9.1 | 360.00 | OK | |||
r-release-windows-x86_64 | 0.9.1 | 89.00 | 876.00 | 965.00 | OK | |
r-oldrel-macos-arm64 | 0.9.1 | 278.00 | OK | |||
r-oldrel-macos-x86_64 | 0.9.1 | 356.00 | OK | |||
r-oldrel-windows-ix86+x86_64 | 0.9.1 | 39.00 | 909.00 | 948.00 | OK |
Version: 0.9.1
Check: Rd cross-references
Result: NOTE
Undeclared package ‘RTriangle’ in Rd xrefs
Flavor: r-devel-linux-x86_64-fedora-clang