CRAN Package Check Results for Package ssr

Last updated on 2022-11-27 05:51:44 CET.

Flavor Version Tinstall Tcheck Ttotal Status Flags
r-devel-linux-x86_64-debian-clang 0.1.1 2.86 89.91 92.77 OK
r-devel-linux-x86_64-debian-gcc 0.1.1 1.94 64.20 66.14 OK
r-devel-linux-x86_64-fedora-clang 0.1.1 120.62 NOTE
r-devel-linux-x86_64-fedora-gcc 0.1.1 118.80 NOTE
r-devel-windows-x86_64 0.1.1 10.00 119.00 129.00 OK
r-patched-linux-x86_64 0.1.1 2.47 84.38 86.85 OK
r-release-linux-x86_64 0.1.1 2.01 86.78 88.79 OK
r-release-macos-arm64 0.1.1 34.00 NOTE
r-release-macos-x86_64 0.1.1 54.00 NOTE
r-release-windows-x86_64 0.1.1 10.00 122.00 132.00 OK
r-oldrel-macos-arm64 0.1.1 36.00 NOTE
r-oldrel-macos-x86_64 0.1.1 62.00 NOTE
r-oldrel-windows-ix86+x86_64 0.1.1 7.00 118.00 125.00 OK

Check Details

Version: 0.1.1
Check: dependencies in R code
Result: NOTE
    Namespace in Imports field not imported from: ‘e1071’
     All declared Imports should be used.
Flavors: r-devel-linux-x86_64-fedora-clang, r-devel-linux-x86_64-fedora-gcc, r-release-macos-arm64, r-release-macos-x86_64, r-oldrel-macos-arm64, r-oldrel-macos-x86_64