Last updated on 2023-09-21 17:55:57 CEST.
Flavor | Version | Tinstall | Tcheck | Ttotal | Status | Flags |
---|---|---|---|---|---|---|
r-devel-linux-x86_64-debian-clang | 0.1.1 | 3.34 | 90.25 | 93.59 | OK | |
r-devel-linux-x86_64-debian-gcc | 0.1.1 | 2.10 | 64.34 | 66.44 | OK | |
r-devel-linux-x86_64-fedora-clang | 0.1.1 | 113.04 | NOTE | |||
r-devel-linux-x86_64-fedora-gcc | 0.1.1 | 120.59 | NOTE | |||
r-devel-windows-x86_64 | 0.1.1 | 4.00 | 88.00 | 92.00 | OK | |
r-patched-linux-x86_64 | 0.1.1 | 2.45 | 85.29 | 87.74 | OK | |
r-release-linux-x86_64 | 0.1.1 | 2.20 | 87.93 | 90.13 | OK | |
r-release-macos-arm64 | 0.1.1 | 43.00 | OK | |||
r-release-macos-x86_64 | 0.1.1 | 67.00 | OK | |||
r-release-windows-x86_64 | 0.1.1 | 5.00 | 102.00 | 107.00 | OK | |
r-oldrel-macos-arm64 | 0.1.1 | 34.00 | NOTE | |||
r-oldrel-macos-x86_64 | 0.1.1 | 54.00 | NOTE | |||
r-oldrel-windows-x86_64 | 0.1.1 | 6.00 | 104.00 | 110.00 | OK |
Version: 0.1.1
Check: dependencies in R code
Result: NOTE
Namespace in Imports field not imported from: ‘e1071’
All declared Imports should be used.
Flavors: r-devel-linux-x86_64-fedora-clang, r-devel-linux-x86_64-fedora-gcc, r-oldrel-macos-arm64, r-oldrel-macos-x86_64