CRAN Package Check Results for Package ssr

Last updated on 2024-04-21 16:55:40 CEST.

Flavor Version Tinstall Tcheck Ttotal Status Flags
r-devel-linux-x86_64-debian-clang 0.1.1 3.02 94.48 97.50 OK
r-devel-linux-x86_64-debian-gcc 0.1.1 2.44 66.65 69.09 OK
r-devel-linux-x86_64-fedora-clang 0.1.1 120.07 NOTE
r-devel-linux-x86_64-fedora-gcc 0.1.1 126.43 NOTE
r-prerel-macos-arm64 0.1.1 37.00 OK
r-prerel-windows-x86_64 0.1.1 4.00 81.00 85.00 OK
r-patched-linux-x86_64 0.1.1 2.00 91.41 93.41 OK
r-release-linux-x86_64 0.1.1 1.91 88.39 90.30 OK
r-release-macos-arm64 0.1.1 43.00 OK
r-release-macos-x86_64 0.1.1 67.00 OK
r-release-windows-x86_64 0.1.1 4.00 95.00 99.00 OK
r-oldrel-macos-arm64 0.1.1 34.00 NOTE
r-oldrel-windows-x86_64 0.1.1 5.00 101.00 106.00 OK

Check Details

Version: 0.1.1
Check: dependencies in R code
Result: NOTE Namespace in Imports field not imported from: ‘e1071’ All declared Imports should be used. Flavors: r-devel-linux-x86_64-fedora-clang, r-devel-linux-x86_64-fedora-gcc, r-oldrel-macos-arm64