CRAN Package Check Results for Package ssr

Last updated on 2022-05-24 10:51:16 CEST.

Flavor Version Tinstall Tcheck Ttotal Status Flags
r-devel-linux-x86_64-debian-clang 0.1.1 3.14 98.02 101.16 OK
r-devel-linux-x86_64-debian-gcc 0.1.1 2.41 71.48 73.89 OK
r-devel-linux-x86_64-fedora-clang 0.1.1 114.61 NOTE
r-devel-linux-x86_64-fedora-gcc 0.1.1 104.41 NOTE
r-devel-windows-x86_64 0.1.1 11.00 116.00 127.00 OK
r-patched-linux-x86_64 0.1.1 3.09 93.00 96.09 OK
r-release-linux-x86_64 0.1.1 OK
r-release-macos-arm64 0.1.1 34.00 NOTE
r-release-macos-x86_64 0.1.1 54.00 NOTE
r-release-windows-x86_64 0.1.1 10.00 117.00 127.00 OK
r-oldrel-macos-arm64 0.1.1 36.00 NOTE
r-oldrel-macos-x86_64 0.1.1 62.00 NOTE
r-oldrel-windows-ix86+x86_64 0.1.1 10.00 117.00 127.00 OK

Check Details

Version: 0.1.1
Check: dependencies in R code
Result: NOTE
    Namespace in Imports field not imported from: ‘e1071’
     All declared Imports should be used.
Flavors: r-devel-linux-x86_64-fedora-clang, r-devel-linux-x86_64-fedora-gcc, r-release-macos-arm64, r-release-macos-x86_64, r-oldrel-macos-arm64, r-oldrel-macos-x86_64