Last updated on 2023-04-01 18:54:38 CEST.
Flavor | Version | Tinstall | Tcheck | Ttotal | Status | Flags |
---|---|---|---|---|---|---|
r-devel-linux-x86_64-debian-clang | 0.1.1 | 2.55 | 89.93 | 92.48 | OK | |
r-devel-linux-x86_64-debian-gcc | 0.1.1 | 2.44 | 64.62 | 67.06 | OK | |
r-devel-linux-x86_64-fedora-clang | 0.1.1 | 109.74 | NOTE | |||
r-devel-linux-x86_64-fedora-gcc | 0.1.1 | 123.95 | NOTE | |||
r-patched-linux-x86_64 | 0.1.1 | 3.27 | 83.80 | 87.07 | OK | |
r-release-linux-x86_64 | 0.1.1 | 1.93 | 83.77 | 85.70 | OK | |
r-release-macos-arm64 | 0.1.1 | 34.00 | NOTE | |||
r-release-macos-x86_64 | 0.1.1 | 54.00 | NOTE | |||
r-release-windows-x86_64 | 0.1.1 | 7.00 | 122.00 | 129.00 | OK | |
r-oldrel-macos-arm64 | 0.1.1 | 36.00 | NOTE | |||
r-oldrel-macos-x86_64 | 0.1.1 | 62.00 | NOTE | |||
r-oldrel-windows-ix86+x86_64 | 0.1.1 | 9.00 | 125.00 | 134.00 | OK |
Version: 0.1.1
Check: dependencies in R code
Result: NOTE
Namespace in Imports field not imported from: ‘e1071’
All declared Imports should be used.
Flavors: r-devel-linux-x86_64-fedora-clang, r-devel-linux-x86_64-fedora-gcc, r-release-macos-arm64, r-release-macos-x86_64, r-oldrel-macos-arm64, r-oldrel-macos-x86_64