CRAN Package Check Results for Package ssrm.logmer

Last updated on 2024-05-21 18:49:32 CEST.

Flavor Version Tinstall Tcheck Ttotal Status Flags
r-devel-linux-x86_64-debian-clang 0.1 2.58 23.50 26.08 NOTE
r-devel-linux-x86_64-debian-gcc 0.1 1.72 18.05 19.77 NOTE
r-devel-linux-x86_64-fedora-clang 0.1 32.74 NOTE
r-devel-linux-x86_64-fedora-gcc 0.1 33.02 NOTE
r-devel-windows-x86_64 0.1 3.00 45.00 48.00 NOTE
r-patched-linux-x86_64 0.1 2.15 22.95 25.10 NOTE
r-release-linux-x86_64 0.1 2.12 22.66 24.78 NOTE
r-release-macos-arm64 0.1 15.00 NOTE
r-release-windows-x86_64 0.1 4.00 44.00 48.00 NOTE
r-oldrel-macos-arm64 0.1 15.00 NOTE
r-oldrel-macos-x86_64 0.1 21.00 NOTE
r-oldrel-windows-x86_64 0.1 3.00 48.00 51.00 NOTE

Check Details

Version: 0.1
Check: LazyData
Result: NOTE 'LazyData' is specified without a 'data' directory Flavors: r-devel-linux-x86_64-debian-clang, r-devel-linux-x86_64-debian-gcc, r-devel-linux-x86_64-fedora-clang, r-devel-linux-x86_64-fedora-gcc, r-devel-windows-x86_64, r-patched-linux-x86_64, r-release-linux-x86_64, r-release-macos-arm64, r-release-windows-x86_64, r-oldrel-macos-arm64, r-oldrel-macos-x86_64, r-oldrel-windows-x86_64