CRAN Package Check Results for Package ssrn

Last updated on 2023-12-03 02:51:15 CET.

Flavor Version Tinstall Tcheck Ttotal Status Flags
r-devel-linux-x86_64-debian-clang 0.1.0 2.78 32.85 35.63 OK
r-devel-linux-x86_64-debian-gcc 0.1.0 2.53 25.59 28.12 OK
r-devel-linux-x86_64-fedora-clang 0.1.0 45.80 OK
r-devel-linux-x86_64-fedora-gcc 0.1.0 43.26 OK
r-devel-windows-x86_64 0.1.0 4.00 48.00 52.00 OK
r-patched-linux-x86_64 0.1.0 2.45 32.48 34.93 OK
r-release-linux-x86_64 0.1.0 1.94 32.44 34.38 OK
r-release-macos-arm64 0.1.0 21.00 OK
r-release-macos-x86_64 0.1.0 28.00 OK
r-release-windows-x86_64 0.1.0 5.00 52.00 57.00 OK
r-oldrel-macos-arm64 0.1.0 19.00 NOTE
r-oldrel-macos-x86_64 0.1.0 33.00 NOTE
r-oldrel-windows-x86_64 0.1.0 5.00 54.00 59.00 OK

Check Details

Version: 0.1.0
Check: package dependencies
Result: NOTE Package suggested but not available for checking: ‘scanstatistics’ Flavors: r-oldrel-macos-arm64, r-oldrel-macos-x86_64