CRAN Package Check Results for Package sss

Last updated on 2021-05-09 09:47:18 CEST.

Flavor Version Tinstall Tcheck Ttotal Status Flags
r-devel-linux-x86_64-debian-clang 0.1-0 2.35 31.62 33.97 NOTE
r-devel-linux-x86_64-debian-gcc 0.1-0 1.92 24.81 26.73 NOTE
r-devel-linux-x86_64-fedora-clang 0.1-0 51.74 NOTE
r-devel-linux-x86_64-fedora-gcc 0.1-0 40.89 NOTE
r-devel-windows-ix86+x86_64 0.1-0 5.00 50.00 55.00 NOTE
r-devel-windows-x86_64-gcc10-UCRT 0.1-0 NOTE
r-patched-linux-x86_64 0.1-0 2.69 30.91 33.60 NOTE
r-patched-solaris-x86 0.1-0 65.60 OK
r-release-linux-x86_64 0.1-0 2.28 31.06 33.34 OK
r-release-macos-x86_64 0.1-0 OK
r-release-windows-ix86+x86_64 0.1-0 5.00 38.00 43.00 OK
r-oldrel-macos-x86_64 0.1-0 OK
r-oldrel-windows-ix86+x86_64 0.1-0 4.00 46.00 50.00 OK

Check Details

Version: 0.1-0
Check: LazyData
Result: NOTE
     'LazyData' is specified without a 'data' directory
Flavors: r-devel-linux-x86_64-debian-clang, r-devel-linux-x86_64-debian-gcc, r-devel-linux-x86_64-fedora-clang, r-devel-linux-x86_64-fedora-gcc, r-devel-windows-ix86+x86_64, r-devel-windows-x86_64-gcc10-UCRT, r-patched-linux-x86_64

Version: 0.1-0
Check: Rd cross-references
Result: NOTE
    Undeclared package ‘XML’ in Rd xrefs
Flavor: r-devel-linux-x86_64-fedora-clang