CRAN Package Check Results for Package stRoke

Last updated on 2024-02-24 05:48:52 CET.

Flavor Version Tinstall Tcheck Ttotal Status Flags
r-devel-linux-x86_64-debian-clang 23.9.1 9.03 106.98 116.01 OK
r-devel-linux-x86_64-debian-gcc 23.9.1 7.27 76.77 84.04 OK
r-devel-linux-x86_64-fedora-clang 23.9.1 137.97 NOTE
r-devel-linux-x86_64-fedora-gcc 23.9.1 144.73 NOTE
r-devel-windows-x86_64 23.9.1 10.00 99.00 109.00 OK
r-patched-linux-x86_64 23.9.1 9.95 98.03 107.98 OK
r-release-linux-x86_64 23.9.1 9.38 99.16 108.54 OK
r-release-macos-arm64 23.9.1 63.00 OK
r-release-macos-x86_64 23.9.1 95.00 OK
r-release-windows-x86_64 23.9.1 13.00 115.00 128.00 OK
r-oldrel-macos-arm64 23.9.1 53.00 OK
r-oldrel-windows-x86_64 23.9.1 13.00 120.00 133.00 OK

Check Details

Version: 23.9.1
Check: data for non-ASCII characters
Result: NOTE Note: found 705 marked UTF-8 strings Flavors: r-devel-linux-x86_64-fedora-clang, r-devel-linux-x86_64-fedora-gcc