CRAN Package Check Results for Package sta

Last updated on 2021-12-07 11:52:14 CET.

Flavor Version Tinstall Tcheck Ttotal Status Flags
r-devel-linux-x86_64-debian-clang 0.1.5 25.97 258.50 284.47 OK
r-devel-linux-x86_64-debian-gcc 0.1.5 24.02 194.08 218.10 OK
r-devel-linux-x86_64-fedora-clang 0.1.5 347.14 NOTE
r-devel-linux-x86_64-fedora-gcc 0.1.5 333.84 NOTE
r-devel-windows-x86_64-new-UL 0.1.5 46.00 284.00 330.00 OK
r-devel-windows-x86_64-new-TK 0.1.5 NOTE
r-devel-windows-x86_64-old 0.1.5 45.00 190.00 235.00 OK
r-patched-linux-x86_64 0.1.5 26.84 250.42 277.26 OK
r-release-linux-x86_64 0.1.5 23.87 248.66 272.53 OK
r-release-macos-arm64 0.1.5 NOTE
r-release-macos-x86_64 0.1.5 NOTE
r-release-windows-ix86+x86_64 0.1.5 47.00 263.00 310.00 OK
r-oldrel-macos-x86_64 0.1.5 NOTE
r-oldrel-windows-ix86+x86_64 0.1.5 71.00 281.00 352.00 OK

Check Details

Version: 0.1.5
Check: dependencies in R code
Result: NOTE
    Namespaces in Imports field not imported from:
     ‘iterators’ ‘methods’ ‘rgdal’
     All declared Imports should be used.
Flavors: r-devel-linux-x86_64-fedora-clang, r-devel-linux-x86_64-fedora-gcc, r-devel-windows-x86_64-new-TK, r-release-macos-arm64, r-release-macos-x86_64, r-oldrel-macos-x86_64