CRAN Package Check Results for Package stackgbm

Last updated on 2024-06-13 01:58:07 CEST.

Flavor Version Tinstall Tcheck Ttotal Status Flags
r-devel-linux-x86_64-debian-clang 0.1.0 4.98 53.74 58.72 OK
r-devel-linux-x86_64-debian-gcc 0.1.0 0.41 1.88 2.29 ERROR
r-devel-linux-x86_64-fedora-clang 0.1.0 78.73 OK
r-devel-linux-x86_64-fedora-gcc 0.1.0 81.80 OK
r-devel-windows-x86_64 0.1.0 5.00 65.00 70.00 OK
r-patched-linux-x86_64 0.1.0 4.22 53.68 57.90 OK
r-release-linux-x86_64 0.1.0 4.57 54.89 59.46 OK
r-release-macos-arm64 0.1.0 31.00 OK
r-release-macos-x86_64 0.1.0 45.00 OK
r-release-windows-x86_64 0.1.0 5.00 71.00 76.00 OK
r-oldrel-macos-arm64 0.1.0 37.00 OK
r-oldrel-macos-x86_64 0.1.0 52.00 OK
r-oldrel-windows-x86_64 0.1.0 7.00 72.00 79.00 OK

Check Details

Version: 0.1.0
Check: package dependencies
Result: ERROR Package required but not available: ‘progress’ See section ‘The DESCRIPTION file’ in the ‘Writing R Extensions’ manual. Flavor: r-devel-linux-x86_64-debian-gcc