CRAN Package Check Results for Package stagePop

Last updated on 2021-12-04 20:49:35 CET.

Flavor Version Tinstall Tcheck Ttotal Status Flags
r-devel-linux-x86_64-debian-clang 1.1-1 3.33 43.07 46.40 NOTE
r-devel-linux-x86_64-debian-gcc 1.1-1 2.45 33.24 35.69 NOTE
r-devel-linux-x86_64-fedora-clang 1.1-1 57.45 NOTE
r-devel-linux-x86_64-fedora-gcc 1.1-1 46.91 NOTE
r-devel-windows-x86_64-new-UL 1.1-1 9.00 66.00 75.00 NOTE
r-devel-windows-x86_64-new-TK 1.1-1 NOTE
r-devel-windows-x86_64-old 1.1-1 6.00 38.00 44.00 NOTE
r-patched-linux-x86_64 1.1-1 3.57 32.97 36.54 NOTE
r-release-linux-x86_64 1.1-1 3.42 32.92 36.34 NOTE
r-release-macos-arm64 1.1-1 NOTE
r-release-macos-x86_64 1.1-1 NOTE
r-release-windows-ix86+x86_64 1.1-1 7.00 48.00 55.00 NOTE
r-oldrel-macos-x86_64 1.1-1 NOTE
r-oldrel-windows-ix86+x86_64 1.1-1 7.00 51.00 58.00 NOTE

Check Details

Version: 1.1-1
Check: R code for possible problems
Result: NOTE
    genericPlot: no visible global function definition for 'dev.new'
    genericPlot: no visible global function definition for 'par'
    genericPlot: no visible global function definition for 'rainbow'
    genericPlot: no visible global function definition for 'lines'
    genericPlot: no visible global function definition for 'legend'
    genericPlot: no visible global function definition for 'dev.copy2pdf'
    genericPlot: no visible global function definition for 'dev.copy2eps'
    genericPlot: no visible global function definition for 'dev.print'
    genericPlot: no visible binding for global variable 'png'
    genericPlot: no visible binding for global variable 'tiff'
    plotStrains: no visible global function definition for 'rainbow'
    plotStrains: no visible global function definition for 'dev.new'
    plotStrains: no visible global function definition for 'par'
    plotStrains: no visible global function definition for 'lines'
    plotStrains: no visible global function definition for 'legend'
    plotStrains: no visible global function definition for 'dev.copy2pdf'
    plotStrains: no visible global function definition for 'dev.copy2eps'
    plotStrains: no visible global function definition for 'dev.print'
    plotStrains: no visible binding for global variable 'png'
    plotStrains: no visible binding for global variable 'tiff'
    Undefined global functions or variables:
     dev.copy2eps dev.copy2pdf dev.new dev.print legend lines par png
     rainbow tiff
    Consider adding
     importFrom("grDevices", "dev.copy2eps", "dev.copy2pdf", "dev.new",
     "dev.print", "png", "rainbow", "tiff")
     importFrom("graphics", "legend", "lines", "par")
    to your NAMESPACE file.
Flavors: r-devel-linux-x86_64-debian-clang, r-devel-linux-x86_64-debian-gcc, r-devel-linux-x86_64-fedora-clang, r-devel-linux-x86_64-fedora-gcc, r-devel-windows-x86_64-new-UL, r-devel-windows-x86_64-new-TK, r-devel-windows-x86_64-old, r-patched-linux-x86_64, r-release-linux-x86_64, r-release-macos-arm64, r-release-macos-x86_64, r-release-windows-ix86+x86_64, r-oldrel-macos-x86_64, r-oldrel-windows-ix86+x86_64

Version: 1.1-1
Check: for non-standard things in the check directory
Result: NOTE
    Found the following files/directories:
     'Rplot001.pdf'
Flavors: r-devel-linux-x86_64-debian-clang, r-devel-linux-x86_64-debian-gcc, r-devel-linux-x86_64-fedora-clang, r-devel-linux-x86_64-fedora-gcc, r-patched-linux-x86_64, r-release-linux-x86_64