CRAN Package Check Results for Package stagedtrees

Last updated on 2020-09-22 06:47:45 CEST.

Flavor Version Tinstall Tcheck Ttotal Status Flags
r-devel-linux-x86_64-debian-clang 1.0.2 4.48 51.38 55.86 OK
r-devel-linux-x86_64-debian-gcc 1.0.2 0.32 2.17 2.49 ERROR
r-devel-linux-x86_64-fedora-clang 1.0.2 81.62 OK
r-devel-linux-x86_64-fedora-gcc 1.0.2 73.41 OK
r-devel-windows-ix86+x86_64 1.0.2 10.00 61.00 71.00 OK
r-patched-linux-x86_64 1.0.2 4.61 50.23 54.84 OK
r-patched-solaris-x86 1.0.2 82.00 OK
r-release-linux-x86_64 1.0.2 4.66 50.87 55.53 OK
r-release-macos-x86_64 1.0.2 OK
r-release-windows-ix86+x86_64 1.0.2 7.00 53.00 60.00 OK
r-oldrel-macos-x86_64 1.0.2 OK
r-oldrel-windows-ix86+x86_64 1.0.2 5.00 74.00 79.00 OK

Check Details

Version: 1.0.2
Check: whether package can be installed
Result: ERROR
    Installation failed.
Flavor: r-devel-linux-x86_64-debian-gcc