CRAN Package Check Results for Package stanette

Last updated on 2021-10-22 14:54:56 CEST.

Flavor Version Tinstall Tcheck Ttotal Status Flags
r-devel-linux-x86_64-debian-clang 2.21.2 704.02 135.73 839.75 NOTE
r-devel-linux-x86_64-debian-gcc 2.21.2 725.47 106.71 832.18 NOTE
r-devel-linux-x86_64-fedora-clang 2.21.2 1316.95 NOTE
r-devel-linux-x86_64-fedora-gcc 2.21.2 1539.99 NOTE
r-devel-windows-x86_64 2.21.2 977.00 150.00 1127.00 NOTE
r-devel-windows-x86_64-gcc10-UCRT 2.21.2 WARN
r-patched-linux-x86_64 2.21.2 767.75 135.79 903.54 NOTE
r-patched-solaris-x86 2.21.2 1453.00 NOTE
r-release-linux-x86_64 2.21.2 796.22 133.35 929.57 NOTE
r-release-macos-arm64 2.21.2 FAIL
r-release-macos-x86_64 2.21.2 NOTE
r-release-windows-ix86+x86_64 2.21.2 1498.00 285.00 1783.00 NOTE
r-oldrel-macos-x86_64 2.21.2 NOTE
r-oldrel-windows-ix86+x86_64 2.21.2 2016.00 284.00 2300.00 NOTE

Check Details

Version: 2.21.2
Check: for GNU extensions in Makefiles
Result: NOTE
    GNU make is a SystemRequirements.
Flavors: r-devel-linux-x86_64-debian-clang, r-devel-linux-x86_64-debian-gcc, r-devel-linux-x86_64-fedora-clang, r-devel-linux-x86_64-fedora-gcc, r-devel-windows-x86_64, r-devel-windows-x86_64-gcc10-UCRT, r-patched-linux-x86_64, r-patched-solaris-x86, r-release-linux-x86_64, r-release-windows-ix86+x86_64, r-oldrel-windows-ix86+x86_64

Version: 2.21.2
Check: installed package size
Result: NOTE
     installed size is 193.2Mb
     sub-directories of 1Mb or more:
     lib 27.7Mb
     libs 163.8Mb
Flavors: r-devel-linux-x86_64-fedora-clang, r-devel-windows-x86_64, r-patched-solaris-x86, r-release-macos-arm64, r-release-macos-x86_64, r-release-windows-ix86+x86_64, r-oldrel-macos-x86_64, r-oldrel-windows-ix86+x86_64

Version: 2.21.2
Check: Rd cross-references
Result: NOTE
    Undeclared packages ‘rstan’, ‘rstanarm’ in Rd xrefs
Flavor: r-devel-linux-x86_64-fedora-clang

Version: 2.21.2
Check: package dependencies
Result: NOTE
    Package suggested but not available for checking: 'shinystan'
Flavor: r-devel-windows-x86_64-gcc10-UCRT

Version: 2.21.2
Check: whether package can be installed
Result: WARN
    Found the following significant warnings:
     arg.c:166:17: warning: too many arguments for format [-Wformat-extra-args]
Flavor: r-devel-windows-x86_64-gcc10-UCRT

Version: 2.21.2
Check: Rd cross-references
Result: NOTE
    Packages unavailable to check Rd xrefs: 'shinystan', 'rstanarm'
Flavor: r-devel-windows-x86_64-gcc10-UCRT

Version: 2.21.2
Check: whether the namespace can be unloaded cleanly
Result: FAIL
Flavor: r-release-macos-arm64