CRAN Package Check Results for Package stapler

Last updated on 2021-05-15 21:47:08 CEST.

Flavor Version Tinstall Tcheck Ttotal Status Flags
r-devel-linux-x86_64-debian-clang 0.7.1 2.60 47.84 50.44 NOTE --no-vignettes
r-devel-linux-x86_64-debian-gcc 0.7.1 2.23 35.02 37.25 NOTE --no-vignettes
r-devel-linux-x86_64-fedora-clang 0.7.1 1719.03 NOTE
r-devel-linux-x86_64-fedora-gcc 0.7.1 1748.18 NOTE
r-devel-windows-ix86+x86_64 0.7.1 7.00 1018.00 1025.00 NOTE
r-devel-windows-x86_64-gcc10-UCRT 0.7.1 NOTE
r-patched-linux-x86_64 0.7.1 4.28 45.56 49.84 NOTE --no-vignettes
r-patched-solaris-x86 0.7.1 1899.00 WARN
r-release-linux-x86_64 0.7.1 3.06 44.35 47.41 OK --no-vignettes
r-release-macos-x86_64 0.7.1 OK
r-release-windows-ix86+x86_64 0.7.1 6.00 0.00 6.00 FAIL
r-oldrel-macos-x86_64 0.7.1 OK
r-oldrel-windows-ix86+x86_64 0.7.1 5.00 1375.00 1380.00 OK

Check Details

Version: 0.7.1
Flags: --no-vignettes
Check: LazyData
Result: NOTE
     'LazyData' is specified without a 'data' directory
Flavors: r-devel-linux-x86_64-debian-clang, r-devel-linux-x86_64-debian-gcc, r-patched-linux-x86_64

Version: 0.7.1
Check: LazyData
Result: NOTE
     'LazyData' is specified without a 'data' directory
Flavors: r-devel-linux-x86_64-fedora-clang, r-devel-linux-x86_64-fedora-gcc, r-devel-windows-ix86+x86_64, r-devel-windows-x86_64-gcc10-UCRT, r-patched-solaris-x86

Version: 0.7.1
Check: re-building of vignette outputs
Result: WARN
    Error(s) in re-building vignettes:
     ...
    --- re-building ‘staple_example.Rmd’ using rmarkdown
    Warning in engine$weave(file, quiet = quiet, encoding = enc) :
     Pandoc (>= 1.12.3) not available. Falling back to R Markdown v1.
Flavor: r-patched-solaris-x86

Version: 0.7.1
Check: re-building of vignette outputs
Result: FAIL
    Check process probably crashed or hung up for 20 minutes ... killed
    Most likely this happened in the example checks (?),
    if not, ignore the following last lines of example output:
    > trace = 25
    > ties.method = "first"
    >
    > res = staple_multi_mat(x)
    There are 6 levels present
    Removing elements where all raters agree
    Making multiple, matrices. Hot-one encode
    iter: 25, diff: 5.9254055566893e-06
    iter: 50, diff: 4.44383502218315e-10
    iter: 75, diff: 3.72757380517896e-14
    Convergence!
    >
    >
    >
    >
    > ### * <FOOTER>
    > ###
    > cleanEx()
    > options(digits = 7L)
    > base::cat("Time elapsed: ", proc.time() - base::get("ptime", pos = 'CheckExEnv'),"\n")
    Time elapsed: 14.23 0.13 14.65 NA NA
    > grDevices::dev.off()
    null device
     1
    > ###
    > ### Local variables: ***
    > ### mode: outline-minor ***
    > ### outline-regexp: "\\(> \\)?### [*]+" ***
    > ### End: ***
    > quit('no')
    ======== End of example output (where/before crash/hang up occured ?) ========
Flavor: r-release-windows-ix86+x86_64