CRAN Package Check Results for Package stargazer

Last updated on 2020-02-29 07:50:30 CET.

Flavor Version Tinstall Tcheck Ttotal Status Flags
r-devel-linux-x86_64-debian-clang 5.2.2 12.11 53.10 65.21 OK
r-devel-linux-x86_64-debian-gcc 5.2.2 10.42 40.88 51.30 OK
r-devel-linux-x86_64-fedora-clang 5.2.2 84.42 OK
r-devel-linux-x86_64-fedora-gcc 5.2.2 82.47 OK
r-devel-windows-ix86+x86_64 5.2.2 17.00 66.00 83.00 OK
r-devel-windows-ix86+x86_64-gcc8 5.2.2 19.00 67.00 86.00 OK
r-patched-linux-x86_64 5.2.2 9.86 47.72 57.58 OK
r-patched-solaris-x86 5.2.2 91.60 OK
r-release-linux-x86_64 5.2.2 10.71 48.05 58.76 OK
r-release-windows-ix86+x86_64 5.2.2 17.00 80.00 97.00 OK
r-release-osx-x86_64 5.2.2 NOTE
r-oldrel-windows-ix86+x86_64 5.2.2 13.00 60.00 73.00 OK
r-oldrel-osx-x86_64 5.2.2 OK

Check Details

Version: 5.2.2
Check: package dependencies
Result: NOTE
    Package which this enhances but not available for checking: ‘mnlogit’
Flavor: r-release-osx-x86_64