CRAN Package Check Results for Package stars

Last updated on 2020-07-16 19:47:36 CEST.

Flavor Version Tinstall Tcheck Ttotal Status Flags
r-devel-linux-x86_64-debian-clang 0.4-3 11.58 296.00 307.58 NOTE
r-devel-linux-x86_64-debian-gcc 0.4-3 10.67 223.14 233.81 NOTE
r-devel-linux-x86_64-fedora-clang 0.4-3 370.43 NOTE
r-devel-linux-x86_64-fedora-gcc 0.4-3 411.22 NOTE
r-devel-windows-ix86+x86_64 0.4-3 33.00 320.00 353.00 NOTE
r-patched-linux-x86_64 0.4-3 11.58 291.92 303.50 NOTE
r-patched-solaris-x86 0.4-3 525.60 NOTE
r-release-linux-x86_64 0.4-3 12.27 291.68 303.95 NOTE
r-release-windows-ix86+x86_64 0.4-3 34.00 431.00 465.00 NOTE
r-oldrel-macos-x86_64 0.4-3 NOTE
r-oldrel-windows-ix86+x86_64 0.4-3 23.00 318.00 341.00 NOTE

Check Details

Version: 0.4-3
Check: package dependencies
Result: NOTE
    Package suggested but not available for checking: 'starsdata'
Flavors: r-devel-linux-x86_64-debian-clang, r-devel-linux-x86_64-debian-gcc, r-devel-linux-x86_64-fedora-clang, r-devel-linux-x86_64-fedora-gcc, r-devel-windows-ix86+x86_64, r-patched-linux-x86_64, r-patched-solaris-x86, r-release-linux-x86_64, r-release-windows-ix86+x86_64, r-oldrel-macos-x86_64, r-oldrel-windows-ix86+x86_64

Version: 0.4-3
Check: installed package size
Result: NOTE
     installed size is 8.2Mb
     sub-directories of 1Mb or more:
     doc 1.9Mb
     nc 4.5Mb
Flavors: r-devel-linux-x86_64-fedora-clang, r-devel-windows-ix86+x86_64, r-patched-solaris-x86, r-release-windows-ix86+x86_64, r-oldrel-macos-x86_64, r-oldrel-windows-ix86+x86_64