CRAN Package Check Results for Package stars

Last updated on 2019-04-22 07:47:04 CEST.

Flavor Version Tinstall Tcheck Ttotal Status Flags
r-devel-linux-x86_64-debian-clang 0.3-0 8.99 160.07 169.06 ERROR
r-devel-linux-x86_64-debian-gcc 0.3-0 7.68 130.24 137.92 ERROR
r-devel-linux-x86_64-fedora-clang 0.3-0 205.09 ERROR
r-devel-linux-x86_64-fedora-gcc 0.3-0 207.18 ERROR
r-devel-windows-ix86+x86_64 0.3-0 21.00 179.00 200.00 ERROR
r-patched-linux-x86_64 0.3-0 8.78 191.71 200.49 NOTE
r-patched-solaris-x86 0.3-0 281.40 ERROR
r-release-linux-x86_64 0.3-0 6.86 136.93 143.79 ERROR
r-release-windows-ix86+x86_64 0.3-0 13.00 307.00 320.00 NOTE
r-release-osx-x86_64 0.3-0 NOTE
r-oldrel-windows-ix86+x86_64 0.3-0 10.00 354.00 364.00 NOTE
r-oldrel-osx-x86_64 0.3-0 NOTE

Check Details

Version: 0.3-0
Check: package dependencies
Result: NOTE
    Package suggested but not available for checking: 'starsdata'
Flavors: r-devel-linux-x86_64-debian-clang, r-devel-linux-x86_64-debian-gcc, r-devel-linux-x86_64-fedora-clang, r-devel-linux-x86_64-fedora-gcc, r-devel-windows-ix86+x86_64, r-patched-linux-x86_64, r-patched-solaris-x86, r-release-linux-x86_64, r-release-windows-ix86+x86_64, r-release-osx-x86_64, r-oldrel-windows-ix86+x86_64, r-oldrel-osx-x86_64

Version: 0.3-0
Check: examples
Result: ERROR
    Running examples in 'stars-Ex.R' failed
    The error most likely occurred in:
    
    > base::assign(".ptime", proc.time(), pos = "CheckExEnv")
    > ### Name: read_ncdf
    > ### Title: Read NetCDF into stars object
    > ### Aliases: read_ncdf
    >
    > ### ** Examples
    >
    > f <- system.file("nc/reduced.nc", package = "stars")
    > read_ncdf(f)
    Warning: Unknown or uninitialised column: 'variable'.
    Error in out[[1]] : subscript out of bounds
    Calls: read_ncdf -> create_dimensions -> setNames
    Execution halted
Flavors: r-devel-linux-x86_64-debian-clang, r-devel-linux-x86_64-debian-gcc, r-release-linux-x86_64

Version: 0.3-0
Check: tests
Result: ERROR
     Running 'aggregate.R' [3s/3s]
     Comparing 'aggregate.Rout' to 'aggregate.Rout.save' ...68c68
    < file1f916fe54980.tif
    ---
    > filec4c75271aee.tif
     Running 'area.R' [1s/1s]
     Comparing 'area.Rout' to 'area.Rout.save' ...4c4
    < Linking to GEOS 3.7.1, GDAL 2.4.0, PROJ 5.2.0
    ---
    > Linking to GEOS 3.7.0, GDAL 2.3.2, PROJ 5.2.0
    58c58
    < [1] ""
    ---
    > [1] "/home/edzer/R/x86_64-pc-linux-gnu-library/3.5/starsdata/sentinel5p/S5P_NRTI_L2__NO2____20180717T120113_20180717T120613_03932_01_010002_20180717T125231.nc"
    66a67,86
    > //PRODUCT/longitude,
    > //PRODUCT/latitude,
    > //PRODUCT/SUPPORT_DATA/DETAILED_RESULTS/nitrogendioxide_summed_total_column,
    > stars object with 2 dimensions and 1 attribute
    > attribute(s):
    > area [m^2]
    > Min. : 25990150
    > 1st Qu.: 28050933
    > Median : 35705689
    > Mean : 42968454
    > 3rd Qu.: 54640139
    > Max. :101184840
    > dimension(s):
    > from to offset delta refsys point
    > x 1 450 NA NA +proj=longlat +datum=WGS8... NA
    > y 1 278 NA NA +proj=longlat +datum=WGS8... NA
    > values
    > x [450x278] -5.81066,...,30.9468 [x]
    > y [450x278] 28.3605,...,51.4686 [y]
    > curvilinear grid
     Running 'crop.R' [6s/6s]
     Comparing 'crop.Rout' to 'crop.Rout.save' ... OK
     Running 'curvilinear.R' [1s/1s]
     Comparing 'curvilinear.Rout' to 'curvilinear.Rout.save' ...4c4
    < Linking to GEOS 3.7.1, GDAL 2.4.0, PROJ 5.2.0
    ---
    > Linking to GEOS 3.7.0, GDAL 2.3.2, PROJ 5.2.0
    53a54,94
    > //PRODUCT/longitude,
    > //PRODUCT/latitude,
    > //PRODUCT/SUPPORT_DATA/DETAILED_RESULTS/nitrogendioxide_summed_total_column,
    > stars object with 2 dimensions and 1 attribute
    > attribute(s):
    > nitrogendioxide_summed_total_column
    > Min. :0e+00
    > 1st Qu.:1e-04
    > Median :1e-04
    > Mean :1e-04
    > 3rd Qu.:1e-04
    > Max. :5e-04
    > NA's :330
    > dimension(s):
    > from to offset delta refsys point
    > x 1 450 NA NA +proj=longlat +datum=WGS8... NA
    > y 1 278 NA NA +proj=longlat +datum=WGS8... NA
    > values
    > x [450x278] -5.81066,...,30.9468 [x]
    > y [450x278] 28.3605,...,51.4686 [y]
    > curvilinear grid
    > stars object with 2 dimensions and 1 attribute
    > attribute(s):
    > nitrogendioxide_summed_total_column
    > Min. :0.00005
    > 1st Qu.:0.00007
    > Median :0.00008
    > Mean :0.00009
    > 3rd Qu.:0.00009
    > Max. :0.00023
    > NA's :36
    > dimension(s):
    > from to offset delta refsys point
    > x 1 57 NA NA +proj=longlat +datum=WGS8... NA
    > y 1 35 NA NA +proj=longlat +datum=WGS8... NA
    > values
    > x [57x35] -5.59621,...,30.8488 [x]
    > y [57x35] 28.3605,...,51.1544 [y]
    > curvilinear grid
    > null device
    > 1
     Running 'gridtypes.R' [1s/1s]
     Comparing 'gridtypes.Rout' to 'gridtypes.Rout.save' ...4c4
    < Linking to GEOS 3.7.1, GDAL 2.4.0, PROJ 5.2.0
    ---
    > Linking to GEOS 3.7.0, GDAL 2.3.2, PROJ 5.2.0
     Running 'nc.R' [2s/2s]
     Comparing 'nc.Rout' to 'nc.Rout.save' ...6c6
    < Reading layer `nc.gpkg' from data source `/home/hornik/tmp/R.check/r-devel-clang/Work/build/Packages/sf/gpkg/nc.gpkg' using driver `GPKG'
    ---
    > Reading layer `nc.gpkg' from data source `/home/edzer/R/x86_64-pc-linux-gnu-library/3.5/sf/gpkg/nc.gpkg' using driver `GPKG'
     Running 'netcdf.R' [2s/2s]
     Running 'plot.R' [3s/3s]
     Comparing 'plot.Rout' to 'plot.Rout.save' ...5c5
    < Linking to GEOS 3.7.1, GDAL 2.4.0, PROJ 5.2.0
    ---
    > Linking to GEOS 3.7.0, GDAL 2.3.2, PROJ 5.2.0
     Running 'proxy.R' [4s/4s]
     Comparing 'proxy.Rout' to 'proxy.Rout.save' ...9c9
    < [1] "/home/hornik/tmp/R.check/r-devel-clang/Work/build/Packages/stars/tif/L7_ETMs.tif"
    ---
    > [1] "/home/edzer/git/stars.Rcheck/stars/tif/L7_ETMs.tif"
    23c23
    < [1] "/home/hornik/tmp/R.check/r-devel-clang/Work/build/Packages/stars/tif/L7_ETMs.tif"
    ---
    > [1] "/home/edzer/git/stars.Rcheck/stars/tif/L7_ETMs.tif"
    37c37
    < [1] "/home/hornik/tmp/R.check/r-devel-clang/Work/build/Packages/stars/tif/L7_ETMs.tif"
    ---
    > [1] "/home/edzer/git/stars.Rcheck/stars/tif/L7_ETMs.tif"
    66c66
    < [1] "/home/hornik/tmp/R.check/r-devel-clang/Work/build/Packages/stars/tif/L7_ETMs.tif"
    ---
    > [1] "/home/edzer/git/stars.Rcheck/stars/tif/L7_ETMs.tif"
    81c81
    < [1] "/home/hornik/tmp/R.check/r-devel-clang/Work/build/Packages/stars/tif/L7_ETMs.tif"
    ---
    > [1] "/home/edzer/git/stars.Rcheck/stars/tif/L7_ETMs.tif"
    84c84
    < [1] "/home/hornik/tmp/R.check/r-devel-clang/Work/build/Packages/stars/tif/L7_ETMs.tif"
    ---
    > [1] "/home/edzer/git/stars.Rcheck/stars/tif/L7_ETMs.tif"
    95c95
    < "/home/hornik/tmp/R.check/r-devel-clang/Work/build/Packages/stars/tif/L7_ETMs.tif"
    ---
    > "/home/edzer/git/stars.Rcheck/stars/tif/L7_ETMs.tif"
    97c97
    < "/home/hornik/tmp/R.check/r-devel-clang/Work/build/Packages/stars/tif/L7_ETMs.tif"
    ---
    > "/home/edzer/git/stars.Rcheck/stars/tif/L7_ETMs.tif"
    128c128
    < [1] "/home/hornik/tmp/R.check/r-devel-clang/Work/build/Packages/stars/tif/L7_ETMs.tif"
    ---
    > [1] "/home/edzer/git/stars.Rcheck/stars/tif/L7_ETMs.tif"
    156c156
    < [1] "/home/hornik/tmp/R.check/r-devel-clang/Work/build/Packages/stars/tif/L7_ETMs.tif"
    ---
    > [1] "/home/edzer/git/stars.Rcheck/stars/tif/L7_ETMs.tif"
    188c188
    < [1] "/home/hornik/tmp/R.check/r-devel-clang/Work/build/Packages/stars/tif/L7_ETMs.tif"
    ---
    > [1] "/home/edzer/git/stars.Rcheck/stars/tif/L7_ETMs.tif"
    224c224
    < [1] "/home/hornik/tmp/R.check/r-devel-clang/Work/build/Packages/stars/tif/L7_ETMs.tif"
    ---
    > [1] "/home/edzer/git/stars.Rcheck/stars/tif/L7_ETMs.tif"
    227c227
    < [1] "/home/hornik/tmp/R.check/r-devel-clang/Work/build/Packages/stars/tif/L7_ETMs.tif"
    ---
    > [1] "/home/edzer/git/stars.Rcheck/stars/tif/L7_ETMs.tif"
    238c238
    < [1] "/home/hornik/tmp/R.check/r-devel-clang/Work/build/Packages/stars/tif/L7_ETMs.tif"
    ---
    > [1] "/home/edzer/git/stars.Rcheck/stars/tif/L7_ETMs.tif"
    282a283,421
    > sst, anom,
    > sst, anom,
    > sst, anom,
    > sst, anom,
    > sst, anom,
    > sst, anom,
    > sst, anom,
    > sst, anom,
    > sst, anom,
    > stars_proxy object with 2 attributes in files:
    > $sst
    > avhrr-only-v2.19810901.nc
    > "NETCDF:\"/home/edzer/R/x86_64-pc-linux-gnu-library/3.5/starsdata/netcdf/avhrr-only-v2.19810901.nc\":sst"
    > avhrr-only-v2.19810902.nc
    > "NETCDF:\"/home/edzer/R/x86_64-pc-linux-gnu-library/3.5/starsdata/netcdf/avhrr-only-v2.19810902.nc\":sst"
    > avhrr-only-v2.19810903.nc
    > "NETCDF:\"/home/edzer/R/x86_64-pc-linux-gnu-library/3.5/starsdata/netcdf/avhrr-only-v2.19810903.nc\":sst"
    > avhrr-only-v2.19810904.nc
    > "NETCDF:\"/home/edzer/R/x86_64-pc-linux-gnu-library/3.5/starsdata/netcdf/avhrr-only-v2.19810904.nc\":sst"
    > avhrr-only-v2.19810905.nc
    > "NETCDF:\"/home/edzer/R/x86_64-pc-linux-gnu-library/3.5/starsdata/netcdf/avhrr-only-v2.19810905.nc\":sst"
    > avhrr-only-v2.19810906.nc
    > "NETCDF:\"/home/edzer/R/x86_64-pc-linux-gnu-library/3.5/starsdata/netcdf/avhrr-only-v2.19810906.nc\":sst"
    > avhrr-only-v2.19810907.nc
    > "NETCDF:\"/home/edzer/R/x86_64-pc-linux-gnu-library/3.5/starsdata/netcdf/avhrr-only-v2.19810907.nc\":sst"
    > avhrr-only-v2.19810908.nc
    > "NETCDF:\"/home/edzer/R/x86_64-pc-linux-gnu-library/3.5/starsdata/netcdf/avhrr-only-v2.19810908.nc\":sst"
    > avhrr-only-v2.19810909.nc
    > "NETCDF:\"/home/edzer/R/x86_64-pc-linux-gnu-library/3.5/starsdata/netcdf/avhrr-only-v2.19810909.nc\":sst"
    >
    > $anom
    > avhrr-only-v2.19810901.nc
    > "NETCDF:\"/home/edzer/R/x86_64-pc-linux-gnu-library/3.5/starsdata/netcdf/avhrr-only-v2.19810901.nc\":anom"
    > avhrr-only-v2.19810902.nc
    > "NETCDF:\"/home/edzer/R/x86_64-pc-linux-gnu-library/3.5/starsdata/netcdf/avhrr-only-v2.19810902.nc\":anom"
    > avhrr-only-v2.19810903.nc
    > "NETCDF:\"/home/edzer/R/x86_64-pc-linux-gnu-library/3.5/starsdata/netcdf/avhrr-only-v2.19810903.nc\":anom"
    > avhrr-only-v2.19810904.nc
    > "NETCDF:\"/home/edzer/R/x86_64-pc-linux-gnu-library/3.5/starsdata/netcdf/avhrr-only-v2.19810904.nc\":anom"
    > avhrr-only-v2.19810905.nc
    > "NETCDF:\"/home/edzer/R/x86_64-pc-linux-gnu-library/3.5/starsdata/netcdf/avhrr-only-v2.19810905.nc\":anom"
    > avhrr-only-v2.19810906.nc
    > "NETCDF:\"/home/edzer/R/x86_64-pc-linux-gnu-library/3.5/starsdata/netcdf/avhrr-only-v2.19810906.nc\":anom"
    > avhrr-only-v2.19810907.nc
    > "NETCDF:\"/home/edzer/R/x86_64-pc-linux-gnu-library/3.5/starsdata/netcdf/avhrr-only-v2.19810907.nc\":anom"
    > avhrr-only-v2.19810908.nc
    > "NETCDF:\"/home/edzer/R/x86_64-pc-linux-gnu-library/3.5/starsdata/netcdf/avhrr-only-v2.19810908.nc\":anom"
    > avhrr-only-v2.19810909.nc
    > "NETCDF:\"/home/edzer/R/x86_64-pc-linux-gnu-library/3.5/starsdata/netcdf/avhrr-only-v2.19810909.nc\":anom"
    >
    > dimension(s):
    > from to offset delta refsys point values
    > x 1 1440 0 0.25 NA NA NULL [x]
    > y 1 720 90 -0.25 NA NA NULL [y]
    > zlev 1 1 0 [m] NA NA NA NULL
    > time 1 9 1981-09-01 1 days POSIXct NA NULL
    > sst, anom,
    > sst, anom,
    > sst, anom,
    > sst, anom,
    > sst, anom,
    > sst, anom,
    > sst, anom,
    > sst, anom,
    > sst, anom,
    > stars object with 4 dimensions and 2 attributes
    > attribute(s), summary of first 1e+05 cells:
    > sst [C*°] anom [C*°]
    > Min. :-1.80 Min. :-4.69
    > 1st Qu.:-1.19 1st Qu.:-0.06
    > Median :-1.05 Median : 0.52
    > Mean :-0.32 Mean : 0.23
    > 3rd Qu.:-0.20 3rd Qu.: 0.71
    > Max. : 9.36 Max. : 3.70
    > NA's :13360 NA's :13360
    > dimension(s):
    > from to offset delta refsys point values
    > x 1 1440 0 0.25 NA NA NULL [x]
    > y 1 720 90 -0.25 NA NA NULL [y]
    > zlev 1 1 0 [m] NA NA NA NULL
    > time 1 9 1981-09-01 1 days POSIXct NA NULL
    > stars object with 5 dimensions and 1 attribute
    > attribute(s), summary of first 1e+05 cells:
    > sst.anom
    > Min. :-1.80
    > 1st Qu.:-1.19
    > Median :-1.05
    > Mean :-0.32
    > 3rd Qu.:-0.20
    > Max. : 9.36
    > NA's :13360
    > dimension(s):
    > from to offset delta refsys point values
    > x 1 1440 0 0.25 NA NA NULL [x]
    > y 1 720 90 -0.25 NA NA NULL [y]
    > zlev 1 1 0 [m] NA NA NA NULL
    > time 1 9 1981-09-01 1 days POSIXct NA NULL
    > new_dim 1 2 NA NA NA NA sst , anom
    > Error in c.stars_proxy(l[[1]], l[[2]], l[[3]], along = list(times = as.Date("1981-09-01") + :
    > for proxy objects, along argument is not implemented
    > stars_proxy object with 2 attributes in files:
    > $sst
    > [1] "NETCDF:\"/home/edzer/R/x86_64-pc-linux-gnu-library/3.5/starsdata/netcdf/avhrr-only-v2.19810901.nc\":sst"
    > [2] "NETCDF:\"/home/edzer/R/x86_64-pc-linux-gnu-library/3.5/starsdata/netcdf/avhrr-only-v2.19810902.nc\":sst"
    > [3] "NETCDF:\"/home/edzer/R/x86_64-pc-linux-gnu-library/3.5/starsdata/netcdf/avhrr-only-v2.19810903.nc\":sst"
    >
    > $anom
    > [1] "NETCDF:\"/home/edzer/R/x86_64-pc-linux-gnu-library/3.5/starsdata/netcdf/avhrr-only-v2.19810901.nc\":anom"
    > [2] "NETCDF:\"/home/edzer/R/x86_64-pc-linux-gnu-library/3.5/starsdata/netcdf/avhrr-only-v2.19810902.nc\":anom"
    > [3] "NETCDF:\"/home/edzer/R/x86_64-pc-linux-gnu-library/3.5/starsdata/netcdf/avhrr-only-v2.19810903.nc\":anom"
    >
    > dimension(s):
    > from to offset delta refsys point values
    > x 1 1440 0 0.25 NA NA NULL [x]
    > y 1 720 90 -0.25 NA NA NULL [y]
    > zlev 1 1 0 [m] NA NA NA NULL
    > time 1 1 1981-09-01 NA POSIXct NA NULL
    > times 1 3 NA NA NA NA NULL
    > call list:
    > [[1]]
    > adrop(x = x)
    >
    > [[2]]
    > adrop(x = x)
    >
    > stars_proxy object with 1 attribute in files:
    > $sst.anom
    > sst
    > "NETCDF:\"/home/edzer/R/x86_64-pc-linux-gnu-library/3.5/starsdata/netcdf/avhrr-only-v2.19810901.nc\":sst"
    > anom
    > "NETCDF:\"/home/edzer/R/x86_64-pc-linux-gnu-library/3.5/starsdata/netcdf/avhrr-only-v2.19810901.nc\":anom"
    >
    > dimension(s):
    > from to offset delta refsys point values
    > x 1 1440 0 0.25 NA NA NULL [x]
    > y 1 720 90 -0.25 NA NA NULL [y]
    > zlev 1 1 0 [m] NA NA NA NULL
    > time 1 1 1981-09-01 NA POSIXct NA NULL
    > times 1 2 1981-09-01 1 days Date NA NULL
     Running 'raster.R' [3s/4s]
     Comparing 'raster.Rout' to 'raster.Rout.save' ... OK
     Running 'rasterize.R' [2s/2s]
     Comparing 'rasterize.Rout' to 'rasterize.Rout.save' ...4c4
    < Linking to GEOS 3.7.1, GDAL 2.4.0, PROJ 5.2.0
    ---
    > Linking to GEOS 3.7.0, GDAL 2.3.2, PROJ 5.2.0
    6c6
    < Reading layer `nc.gpkg' from data source `/home/hornik/tmp/R.check/r-devel-clang/Work/build/Packages/sf/gpkg/nc.gpkg' using driver `GPKG'
    ---
    > Reading layer `nc.gpkg' from data source `/home/edzer/R/x86_64-pc-linux-gnu-library/3.5/sf/gpkg/nc.gpkg' using driver `GPKG'
    78c78
    < "2.4.0"
    ---
    > "2.3.2"
     Running 'rectilinear.R' [2s/2s]
     Comparing 'rectilinear.Rout' to 'rectilinear.Rout.save' ... OK
     Running 'redimension.R' [3s/3s]
     Comparing 'redimension.Rout' to 'redimension.Rout.save' ...4c4
    < Linking to GEOS 3.7.1, GDAL 2.4.0, PROJ 5.2.0
    ---
    > Linking to GEOS 3.7.0, GDAL 2.3.2, PROJ 5.2.0
    11c11
    < "/home/hornik/tmp/R.check/r-devel-clang/Work/build/Packages/stars/tif/L7_ETMs.tif"
    ---
    > "/home/edzer/git/stars.Rcheck/stars/tif/L7_ETMs.tif"
    13c13
    < "/home/hornik/tmp/R.check/r-devel-clang/Work/build/Packages/stars/tif/L7_ETMs.tif"
    ---
    > "/home/edzer/git/stars.Rcheck/stars/tif/L7_ETMs.tif"
    15c15
    < "/home/hornik/tmp/R.check/r-devel-clang/Work/build/Packages/stars/tif/L7_ETMs.tif"
    ---
    > "/home/edzer/git/stars.Rcheck/stars/tif/L7_ETMs.tif"
    17c17
    < "/home/hornik/tmp/R.check/r-devel-clang/Work/build/Packages/stars/tif/L7_ETMs.tif"
    ---
    > "/home/edzer/git/stars.Rcheck/stars/tif/L7_ETMs.tif"
    29c29
    < "/home/hornik/tmp/R.check/r-devel-clang/Work/build/Packages/stars/tif/L7_ETMs.tif"
    ---
    > "/home/edzer/git/stars.Rcheck/stars/tif/L7_ETMs.tif"
    31c31
    < "/home/hornik/tmp/R.check/r-devel-clang/Work/build/Packages/stars/tif/L7_ETMs.tif"
    ---
    > "/home/edzer/git/stars.Rcheck/stars/tif/L7_ETMs.tif"
    33c33
    < "/home/hornik/tmp/R.check/r-devel-clang/Work/build/Packages/stars/tif/L7_ETMs.tif"
    ---
    > "/home/edzer/git/stars.Rcheck/stars/tif/L7_ETMs.tif"
    35c35
    < "/home/hornik/tmp/R.check/r-devel-clang/Work/build/Packages/stars/tif/L7_ETMs.tif"
    ---
    > "/home/edzer/git/stars.Rcheck/stars/tif/L7_ETMs.tif"
    39c39
    < "/home/hornik/tmp/R.check/r-devel-clang/Work/build/Packages/stars/tif/L7_ETMs.tif"
    ---
    > "/home/edzer/git/stars.Rcheck/stars/tif/L7_ETMs.tif"
    41c41
    < "/home/hornik/tmp/R.check/r-devel-clang/Work/build/Packages/stars/tif/L7_ETMs.tif"
    ---
    > "/home/edzer/git/stars.Rcheck/stars/tif/L7_ETMs.tif"
    43c43
    < "/home/hornik/tmp/R.check/r-devel-clang/Work/build/Packages/stars/tif/L7_ETMs.tif"
    ---
    > "/home/edzer/git/stars.Rcheck/stars/tif/L7_ETMs.tif"
    45c45
    < "/home/hornik/tmp/R.check/r-devel-clang/Work/build/Packages/stars/tif/L7_ETMs.tif"
    ---
    > "/home/edzer/git/stars.Rcheck/stars/tif/L7_ETMs.tif"
    85c85
    < "/home/hornik/tmp/R.check/r-devel-clang/Work/build/Packages/stars/tif/L7_ETMs.tif"
    ---
    > "/home/edzer/git/stars.Rcheck/stars/tif/L7_ETMs.tif"
    87c87
    < "/home/hornik/tmp/R.check/r-devel-clang/Work/build/Packages/stars/tif/L7_ETMs.tif"
    ---
    > "/home/edzer/git/stars.Rcheck/stars/tif/L7_ETMs.tif"
    89c89
    < "/home/hornik/tmp/R.check/r-devel-clang/Work/build/Packages/stars/tif/L7_ETMs.tif"
    ---
    > "/home/edzer/git/stars.Rcheck/stars/tif/L7_ETMs.tif"
    91c91
    < "/home/hornik/tmp/R.check/r-devel-clang/Work/build/Packages/stars/tif/L7_ETMs.tif"
    ---
    > "/home/edzer/git/stars.Rcheck/stars/tif/L7_ETMs.tif"
    93c93
    < "/home/hornik/tmp/R.check/r-devel-clang/Work/build/Packages/stars/tif/L7_ETMs.tif"
    ---
    > "/home/edzer/git/stars.Rcheck/stars/tif/L7_ETMs.tif"
    95c95
    < "/home/hornik/tmp/R.check/r-devel-clang/Work/build/Packages/stars/tif/L7_ETMs.tif"
    ---
    > "/home/edzer/git/stars.Rcheck/stars/tif/L7_ETMs.tif"
    97c97
    < "/home/hornik/tmp/R.check/r-devel-clang/Work/build/Packages/stars/tif/L7_ETMs.tif"
    ---
    > "/home/edzer/git/stars.Rcheck/stars/tif/L7_ETMs.tif"
    99c99
    < "/home/hornik/tmp/R.check/r-devel-clang/Work/build/Packages/stars/tif/L7_ETMs.tif"
    ---
    > "/home/edzer/git/stars.Rcheck/stars/tif/L7_ETMs.tif"
     Running 'sf.R' [2s/2s]
     Comparing 'sf.Rout' to 'sf.Rout.save' ... OK
     Running 'sp.R' [2s/2s]
     Comparing 'sp.Rout' to 'sp.Rout.save' ...41c41
    < Linking to GEOS 3.7.1, GDAL 2.4.0, PROJ 5.2.0
    ---
    > Linking to GEOS 3.7.0, GDAL 2.3.2, PROJ 5.2.0
     Running 'spacetime.R' [2s/3s]
     Comparing 'spacetime.Rout' to 'spacetime.Rout.save' ... OK
     Running 'stars.R' [15s/16s]
     Comparing 'stars.Rout' to 'stars.Rout.save' ...521a522,576
    > sst, anom,
    > sst, anom,
    > sst, anom,
    > sst, anom,
    > sst, anom,
    > sst, anom,
    > sst, anom,
    > sst, anom,
    > sst, anom,
    > stars object with 4 dimensions and 2 attributes
    > attribute(s), summary of first 1e+05 cells:
    > sst [C*°] anom [C*°]
    > Min. :-1.80 Min. :-4.69
    > 1st Qu.:-1.19 1st Qu.:-0.06
    > Median :-1.05 Median : 0.52
    > Mean :-0.32 Mean : 0.23
    > 3rd Qu.:-0.20 3rd Qu.: 0.71
    > Max. : 9.36 Max. : 3.70
    > NA's :13360 NA's :13360
    > dimension(s):
    > from to offset delta refsys point values
    > x 1 1440 0 0.25 NA NA NULL [x]
    > y 1 720 90 -0.25 NA NA NULL [y]
    > zlev 1 1 0 [m] NA NA NA NULL
    > time 1 9 1981-09-01 1 days POSIXct NA NULL
    > stars object with 3 dimensions and 2 attributes
    > attribute(s), summary of first 1e+05 cells:
    > sst [C*°] anom [C*°]
    > Min. :-1.80 Min. :-4.69
    > 1st Qu.:-1.19 1st Qu.:-0.06
    > Median :-1.05 Median : 0.52
    > Mean :-0.32 Mean : 0.23
    > 3rd Qu.:-0.20 3rd Qu.: 0.71
    > Max. : 9.36 Max. : 3.70
    > NA's :13360 NA's :13360
    > dimension(s):
    > from to offset delta refsys point values
    > x 1 1440 0 0.25 NA NA NULL [x]
    > y 1 720 90 -0.25 NA NA NULL [y]
    > times 1 3 1981-09-01 1 days Date NA NULL
    > stars object with 3 dimensions and 2 attributes
    > attribute(s), summary of first 1e+05 cells:
    > sst [C*°] anom [C*°]
    > Min. :-1.80 Min. :-4.69
    > 1st Qu.:-1.19 1st Qu.:-0.06
    > Median :-1.05 Median : 0.52
    > Mean :-0.32 Mean : 0.23
    > 3rd Qu.:-0.20 3rd Qu.: 0.71
    > Max. : 9.36 Max. : 3.70
    > NA's :13360 NA's :13360
    > dimension(s):
    > from to offset delta refsys point values
    > x 1 1440 0 0.25 NA NA NULL [x]
    > y 1 720 90 -0.25 NA NA NULL [y]
    > times 1 3 NA NA NA NA NULL
     Running 'subset.R' [1s/1s]
     Comparing 'subset.Rout' to 'subset.Rout.save' ... OK
     Running 'testthat.R' [3s/4s]
     Running 'tidy.R' [10s/12s]
     Comparing 'tidy.Rout' to 'tidy.Rout.save' ... OK
     Running 'transform.R' [2s/2s]
     Comparing 'transform.Rout' to 'transform.Rout.save' ...32c32
    < Linking to liblwgeom 2.5.0dev r16016, GEOS 3.7.1, PROJ 5.2.0
    ---
    > Linking to liblwgeom 2.5.0dev r16016, GEOS 3.7.0, PROJ 5.2.0
     Running 'warp.R' [1s/1s]
     Comparing 'warp.Rout' to 'warp.Rout.save' ...4c4
    < Linking to GEOS 3.7.1, GDAL 2.4.0, PROJ 5.2.0
    ---
    > Linking to GEOS 3.7.0, GDAL 2.3.2, PROJ 5.2.0
    16,17c16
    < > #if (Sys.getenv("USER") != "travis") {
    < > if (FALSE) {
    ---
    > > if (Sys.getenv("USER") != "travis") {
     Running 'write.R' [1s/2s]
     Comparing 'write.Rout' to 'write.Rout.save' ...29c29
    < [1] "/home/hornik/tmp/R.check/r-devel-clang/Work/build/Packages/stars/tif/L7_ETMs.tif"
    ---
    > [1] "/home/edzer/git/stars.Rcheck/stars/tif/L7_ETMs.tif"
    Running the tests in 'tests/netcdf.R' failed.
    Complete output:
     > suppressPackageStartupMessages(library(stars))
     > # read_ncdf:
     > f <- system.file("nc/reduced.nc", package = "stars")
     > read_ncdf(f)
     Error in out[[1]] : subscript out of bounds
     Calls: read_ncdf -> create_dimensions -> setNames
     In addition: Warning message:
     Unknown or uninitialised column: 'variable'.
     Execution halted
    Running the tests in 'tests/testthat.R' failed.
    Complete output:
     > ## load dependencies
     > library(testthat)
     > library(stars)
     Loading required package: abind
     Loading required package: sf
     Linking to GEOS 3.7.1, GDAL 2.4.0, PROJ 5.2.0
     >
     > ## test package
     > test_check("stars")
     -- 1. Error: basic reduced comes back as expected (@test_ncdf.R#5) ------------
     subscript out of bounds
     1: read_ncdf(f) at testthat/test_ncdf.R:5
     2: create_dimensions(setNames(dim(out[[1]]), dims$name), raster)
     3: setNames(dim(out[[1]]), dims$name)
    
     -- 2. Error: domain subsetting (@test_ncdf.R#21) ------------------------------
     input ncsub doesn't match available dims
     1: read_ncdf(f, ncsub = cbind(start = c(1, 1, 1, 1), count = c(10, 12, 1, 1))) at testthat/test_ncdf.R:21
     2: stop("input ncsub doesn't match available dims")
    
     -- 3. Error: normal bcsd (@test_ncdf.R#36) ------------------------------------
     subscript out of bounds
     1: read_ncdf(system.file("nc/bcsd_obs_1999.nc", package = "stars")) at testthat/test_ncdf.R:36
     2: create_dimensions(setNames(dim(out[[1]]), dims$name), raster)
     3: setNames(dim(out[[1]]), dims$name)
    
     -- 4. Error: curvilinear (@test_ncdf.R#63) ------------------------------------
     subscript out of bounds
     1: read_ncdf(f, curvilinear = c("lon", "lat")) at testthat/test_ncdf.R:63
     2: create_dimensions(setNames(dim(out[[1]]), dims$name), raster)
     3: setNames(dim(out[[1]]), dims$name)
    
     == testthat results ===========================================================
     OK: 44 SKIPPED: 0 FAILED: 4
     1. Error: basic reduced comes back as expected (@test_ncdf.R#5)
     2. Error: domain subsetting (@test_ncdf.R#21)
     3. Error: normal bcsd (@test_ncdf.R#36)
     4. Error: curvilinear (@test_ncdf.R#63)
    
     Error: testthat unit tests failed
     Execution halted
Flavor: r-devel-linux-x86_64-debian-clang

Version: 0.3-0
Check: re-building of vignette outputs
Result: WARN
    Error(s) in re-building vignettes:
     ...
    --- re-building 'stars1.Rmd' using rmarkdown
    Quitting from lines 185-187 (stars1.Rmd)
    Error: processing vignette 'stars1.Rmd' failed with diagnostics:
    subscript out of bounds
    --- failed re-building 'stars1.Rmd'
    
    --- re-building 'stars2.Rmd' using rmarkdown
    --- finished re-building 'stars2.Rmd'
    
    --- re-building 'stars3.Rmd' using rmarkdown
    --- finished re-building 'stars3.Rmd'
    
    --- re-building 'stars4.Rmd' using rmarkdown
    --- finished re-building 'stars4.Rmd'
    
    --- re-building 'stars5.Rmd' using rmarkdown
    --- finished re-building 'stars5.Rmd'
    
    SUMMARY: processing the following file failed:
     'stars1.Rmd'
    
    Error: Vignette re-building failed.
    Execution halted
Flavors: r-devel-linux-x86_64-debian-clang, r-devel-linux-x86_64-debian-gcc

Version: 0.3-0
Check: tests
Result: ERROR
     Running ‘aggregate.R’ [2s/4s]
     Comparing ‘aggregate.Rout’ to ‘aggregate.Rout.save’ ...68c68
    < file6a82715f050.tif
    ---
    > filec4c75271aee.tif
     Running ‘area.R’ [1s/1s]
     Comparing ‘area.Rout’ to ‘area.Rout.save’ ...4c4
    < Linking to GEOS 3.7.1, GDAL 2.4.0, PROJ 5.2.0
    ---
    > Linking to GEOS 3.7.0, GDAL 2.3.2, PROJ 5.2.0
    58c58
    < [1] ""
    ---
    > [1] "/home/edzer/R/x86_64-pc-linux-gnu-library/3.5/starsdata/sentinel5p/S5P_NRTI_L2__NO2____20180717T120113_20180717T120613_03932_01_010002_20180717T125231.nc"
    66a67,86
    > //PRODUCT/longitude,
    > //PRODUCT/latitude,
    > //PRODUCT/SUPPORT_DATA/DETAILED_RESULTS/nitrogendioxide_summed_total_column,
    > stars object with 2 dimensions and 1 attribute
    > attribute(s):
    > area [m^2]
    > Min. : 25990150
    > 1st Qu.: 28050933
    > Median : 35705689
    > Mean : 42968454
    > 3rd Qu.: 54640139
    > Max. :101184840
    > dimension(s):
    > from to offset delta refsys point
    > x 1 450 NA NA +proj=longlat +datum=WGS8... NA
    > y 1 278 NA NA +proj=longlat +datum=WGS8... NA
    > values
    > x [450x278] -5.81066,...,30.9468 [x]
    > y [450x278] 28.3605,...,51.4686 [y]
    > curvilinear grid
     Running ‘crop.R’ [4s/6s]
     Comparing ‘crop.Rout’ to ‘crop.Rout.save’ ... OK
     Running ‘curvilinear.R’ [1s/1s]
     Comparing ‘curvilinear.Rout’ to ‘curvilinear.Rout.save’ ...4c4
    < Linking to GEOS 3.7.1, GDAL 2.4.0, PROJ 5.2.0
    ---
    > Linking to GEOS 3.7.0, GDAL 2.3.2, PROJ 5.2.0
    53a54,94
    > //PRODUCT/longitude,
    > //PRODUCT/latitude,
    > //PRODUCT/SUPPORT_DATA/DETAILED_RESULTS/nitrogendioxide_summed_total_column,
    > stars object with 2 dimensions and 1 attribute
    > attribute(s):
    > nitrogendioxide_summed_total_column
    > Min. :0e+00
    > 1st Qu.:1e-04
    > Median :1e-04
    > Mean :1e-04
    > 3rd Qu.:1e-04
    > Max. :5e-04
    > NA's :330
    > dimension(s):
    > from to offset delta refsys point
    > x 1 450 NA NA +proj=longlat +datum=WGS8... NA
    > y 1 278 NA NA +proj=longlat +datum=WGS8... NA
    > values
    > x [450x278] -5.81066,...,30.9468 [x]
    > y [450x278] 28.3605,...,51.4686 [y]
    > curvilinear grid
    > stars object with 2 dimensions and 1 attribute
    > attribute(s):
    > nitrogendioxide_summed_total_column
    > Min. :0.00005
    > 1st Qu.:0.00007
    > Median :0.00008
    > Mean :0.00009
    > 3rd Qu.:0.00009
    > Max. :0.00023
    > NA's :36
    > dimension(s):
    > from to offset delta refsys point
    > x 1 57 NA NA +proj=longlat +datum=WGS8... NA
    > y 1 35 NA NA +proj=longlat +datum=WGS8... NA
    > values
    > x [57x35] -5.59621,...,30.8488 [x]
    > y [57x35] 28.3605,...,51.1544 [y]
    > curvilinear grid
    > null device
    > 1
     Running ‘gridtypes.R’ [1s/2s]
     Comparing ‘gridtypes.Rout’ to ‘gridtypes.Rout.save’ ...4c4
    < Linking to GEOS 3.7.1, GDAL 2.4.0, PROJ 5.2.0
    ---
    > Linking to GEOS 3.7.0, GDAL 2.3.2, PROJ 5.2.0
     Running ‘nc.R’ [2s/3s]
     Comparing ‘nc.Rout’ to ‘nc.Rout.save’ ...6c6
    < Reading layer `nc.gpkg' from data source `/home/hornik/tmp/R.check/r-devel-gcc/Work/build/Packages/sf/gpkg/nc.gpkg' using driver `GPKG'
    ---
    > Reading layer `nc.gpkg' from data source `/home/edzer/R/x86_64-pc-linux-gnu-library/3.5/sf/gpkg/nc.gpkg' using driver `GPKG'
     Running ‘netcdf.R’ [1s/2s]
     Running ‘plot.R’ [2s/3s]
     Comparing ‘plot.Rout’ to ‘plot.Rout.save’ ...5c5
    < Linking to GEOS 3.7.1, GDAL 2.4.0, PROJ 5.2.0
    ---
    > Linking to GEOS 3.7.0, GDAL 2.3.2, PROJ 5.2.0
     Running ‘proxy.R’ [3s/5s]
     Comparing ‘proxy.Rout’ to ‘proxy.Rout.save’ ...9c9
    < [1] "/home/hornik/tmp/R.check/r-devel-gcc/Work/build/Packages/stars/tif/L7_ETMs.tif"
    ---
    > [1] "/home/edzer/git/stars.Rcheck/stars/tif/L7_ETMs.tif"
    23c23
    < [1] "/home/hornik/tmp/R.check/r-devel-gcc/Work/build/Packages/stars/tif/L7_ETMs.tif"
    ---
    > [1] "/home/edzer/git/stars.Rcheck/stars/tif/L7_ETMs.tif"
    37c37
    < [1] "/home/hornik/tmp/R.check/r-devel-gcc/Work/build/Packages/stars/tif/L7_ETMs.tif"
    ---
    > [1] "/home/edzer/git/stars.Rcheck/stars/tif/L7_ETMs.tif"
    66c66
    < [1] "/home/hornik/tmp/R.check/r-devel-gcc/Work/build/Packages/stars/tif/L7_ETMs.tif"
    ---
    > [1] "/home/edzer/git/stars.Rcheck/stars/tif/L7_ETMs.tif"
    81c81
    < [1] "/home/hornik/tmp/R.check/r-devel-gcc/Work/build/Packages/stars/tif/L7_ETMs.tif"
    ---
    > [1] "/home/edzer/git/stars.Rcheck/stars/tif/L7_ETMs.tif"
    84c84
    < [1] "/home/hornik/tmp/R.check/r-devel-gcc/Work/build/Packages/stars/tif/L7_ETMs.tif"
    ---
    > [1] "/home/edzer/git/stars.Rcheck/stars/tif/L7_ETMs.tif"
    95c95
    < "/home/hornik/tmp/R.check/r-devel-gcc/Work/build/Packages/stars/tif/L7_ETMs.tif"
    ---
    > "/home/edzer/git/stars.Rcheck/stars/tif/L7_ETMs.tif"
    97c97
    < "/home/hornik/tmp/R.check/r-devel-gcc/Work/build/Packages/stars/tif/L7_ETMs.tif"
    ---
    > "/home/edzer/git/stars.Rcheck/stars/tif/L7_ETMs.tif"
    128c128
    < [1] "/home/hornik/tmp/R.check/r-devel-gcc/Work/build/Packages/stars/tif/L7_ETMs.tif"
    ---
    > [1] "/home/edzer/git/stars.Rcheck/stars/tif/L7_ETMs.tif"
    156c156
    < [1] "/home/hornik/tmp/R.check/r-devel-gcc/Work/build/Packages/stars/tif/L7_ETMs.tif"
    ---
    > [1] "/home/edzer/git/stars.Rcheck/stars/tif/L7_ETMs.tif"
    188c188
    < [1] "/home/hornik/tmp/R.check/r-devel-gcc/Work/build/Packages/stars/tif/L7_ETMs.tif"
    ---
    > [1] "/home/edzer/git/stars.Rcheck/stars/tif/L7_ETMs.tif"
    224c224
    < [1] "/home/hornik/tmp/R.check/r-devel-gcc/Work/build/Packages/stars/tif/L7_ETMs.tif"
    ---
    > [1] "/home/edzer/git/stars.Rcheck/stars/tif/L7_ETMs.tif"
    227c227
    < [1] "/home/hornik/tmp/R.check/r-devel-gcc/Work/build/Packages/stars/tif/L7_ETMs.tif"
    ---
    > [1] "/home/edzer/git/stars.Rcheck/stars/tif/L7_ETMs.tif"
    238c238
    < [1] "/home/hornik/tmp/R.check/r-devel-gcc/Work/build/Packages/stars/tif/L7_ETMs.tif"
    ---
    > [1] "/home/edzer/git/stars.Rcheck/stars/tif/L7_ETMs.tif"
    282a283,421
    > sst, anom,
    > sst, anom,
    > sst, anom,
    > sst, anom,
    > sst, anom,
    > sst, anom,
    > sst, anom,
    > sst, anom,
    > sst, anom,
    > stars_proxy object with 2 attributes in files:
    > $sst
    > avhrr-only-v2.19810901.nc
    > "NETCDF:\"/home/edzer/R/x86_64-pc-linux-gnu-library/3.5/starsdata/netcdf/avhrr-only-v2.19810901.nc\":sst"
    > avhrr-only-v2.19810902.nc
    > "NETCDF:\"/home/edzer/R/x86_64-pc-linux-gnu-library/3.5/starsdata/netcdf/avhrr-only-v2.19810902.nc\":sst"
    > avhrr-only-v2.19810903.nc
    > "NETCDF:\"/home/edzer/R/x86_64-pc-linux-gnu-library/3.5/starsdata/netcdf/avhrr-only-v2.19810903.nc\":sst"
    > avhrr-only-v2.19810904.nc
    > "NETCDF:\"/home/edzer/R/x86_64-pc-linux-gnu-library/3.5/starsdata/netcdf/avhrr-only-v2.19810904.nc\":sst"
    > avhrr-only-v2.19810905.nc
    > "NETCDF:\"/home/edzer/R/x86_64-pc-linux-gnu-library/3.5/starsdata/netcdf/avhrr-only-v2.19810905.nc\":sst"
    > avhrr-only-v2.19810906.nc
    > "NETCDF:\"/home/edzer/R/x86_64-pc-linux-gnu-library/3.5/starsdata/netcdf/avhrr-only-v2.19810906.nc\":sst"
    > avhrr-only-v2.19810907.nc
    > "NETCDF:\"/home/edzer/R/x86_64-pc-linux-gnu-library/3.5/starsdata/netcdf/avhrr-only-v2.19810907.nc\":sst"
    > avhrr-only-v2.19810908.nc
    > "NETCDF:\"/home/edzer/R/x86_64-pc-linux-gnu-library/3.5/starsdata/netcdf/avhrr-only-v2.19810908.nc\":sst"
    > avhrr-only-v2.19810909.nc
    > "NETCDF:\"/home/edzer/R/x86_64-pc-linux-gnu-library/3.5/starsdata/netcdf/avhrr-only-v2.19810909.nc\":sst"
    >
    > $anom
    > avhrr-only-v2.19810901.nc
    > "NETCDF:\"/home/edzer/R/x86_64-pc-linux-gnu-library/3.5/starsdata/netcdf/avhrr-only-v2.19810901.nc\":anom"
    > avhrr-only-v2.19810902.nc
    > "NETCDF:\"/home/edzer/R/x86_64-pc-linux-gnu-library/3.5/starsdata/netcdf/avhrr-only-v2.19810902.nc\":anom"
    > avhrr-only-v2.19810903.nc
    > "NETCDF:\"/home/edzer/R/x86_64-pc-linux-gnu-library/3.5/starsdata/netcdf/avhrr-only-v2.19810903.nc\":anom"
    > avhrr-only-v2.19810904.nc
    > "NETCDF:\"/home/edzer/R/x86_64-pc-linux-gnu-library/3.5/starsdata/netcdf/avhrr-only-v2.19810904.nc\":anom"
    > avhrr-only-v2.19810905.nc
    > "NETCDF:\"/home/edzer/R/x86_64-pc-linux-gnu-library/3.5/starsdata/netcdf/avhrr-only-v2.19810905.nc\":anom"
    > avhrr-only-v2.19810906.nc
    > "NETCDF:\"/home/edzer/R/x86_64-pc-linux-gnu-library/3.5/starsdata/netcdf/avhrr-only-v2.19810906.nc\":anom"
    > avhrr-only-v2.19810907.nc
    > "NETCDF:\"/home/edzer/R/x86_64-pc-linux-gnu-library/3.5/starsdata/netcdf/avhrr-only-v2.19810907.nc\":anom"
    > avhrr-only-v2.19810908.nc
    > "NETCDF:\"/home/edzer/R/x86_64-pc-linux-gnu-library/3.5/starsdata/netcdf/avhrr-only-v2.19810908.nc\":anom"
    > avhrr-only-v2.19810909.nc
    > "NETCDF:\"/home/edzer/R/x86_64-pc-linux-gnu-library/3.5/starsdata/netcdf/avhrr-only-v2.19810909.nc\":anom"
    >
    > dimension(s):
    > from to offset delta refsys point values
    > x 1 1440 0 0.25 NA NA NULL [x]
    > y 1 720 90 -0.25 NA NA NULL [y]
    > zlev 1 1 0 [m] NA NA NA NULL
    > time 1 9 1981-09-01 1 days POSIXct NA NULL
    > sst, anom,
    > sst, anom,
    > sst, anom,
    > sst, anom,
    > sst, anom,
    > sst, anom,
    > sst, anom,
    > sst, anom,
    > sst, anom,
    > stars object with 4 dimensions and 2 attributes
    > attribute(s), summary of first 1e+05 cells:
    > sst [C*°] anom [C*°]
    > Min. :-1.80 Min. :-4.69
    > 1st Qu.:-1.19 1st Qu.:-0.06
    > Median :-1.05 Median : 0.52
    > Mean :-0.32 Mean : 0.23
    > 3rd Qu.:-0.20 3rd Qu.: 0.71
    > Max. : 9.36 Max. : 3.70
    > NA's :13360 NA's :13360
    > dimension(s):
    > from to offset delta refsys point values
    > x 1 1440 0 0.25 NA NA NULL [x]
    > y 1 720 90 -0.25 NA NA NULL [y]
    > zlev 1 1 0 [m] NA NA NA NULL
    > time 1 9 1981-09-01 1 days POSIXct NA NULL
    > stars object with 5 dimensions and 1 attribute
    > attribute(s), summary of first 1e+05 cells:
    > sst.anom
    > Min. :-1.80
    > 1st Qu.:-1.19
    > Median :-1.05
    > Mean :-0.32
    > 3rd Qu.:-0.20
    > Max. : 9.36
    > NA's :13360
    > dimension(s):
    > from to offset delta refsys point values
    > x 1 1440 0 0.25 NA NA NULL [x]
    > y 1 720 90 -0.25 NA NA NULL [y]
    > zlev 1 1 0 [m] NA NA NA NULL
    > time 1 9 1981-09-01 1 days POSIXct NA NULL
    > new_dim 1 2 NA NA NA NA sst , anom
    > Error in c.stars_proxy(l[[1]], l[[2]], l[[3]], along = list(times = as.Date("1981-09-01") + :
    > for proxy objects, along argument is not implemented
    > stars_proxy object with 2 attributes in files:
    > $sst
    > [1] "NETCDF:\"/home/edzer/R/x86_64-pc-linux-gnu-library/3.5/starsdata/netcdf/avhrr-only-v2.19810901.nc\":sst"
    > [2] "NETCDF:\"/home/edzer/R/x86_64-pc-linux-gnu-library/3.5/starsdata/netcdf/avhrr-only-v2.19810902.nc\":sst"
    > [3] "NETCDF:\"/home/edzer/R/x86_64-pc-linux-gnu-library/3.5/starsdata/netcdf/avhrr-only-v2.19810903.nc\":sst"
    >
    > $anom
    > [1] "NETCDF:\"/home/edzer/R/x86_64-pc-linux-gnu-library/3.5/starsdata/netcdf/avhrr-only-v2.19810901.nc\":anom"
    > [2] "NETCDF:\"/home/edzer/R/x86_64-pc-linux-gnu-library/3.5/starsdata/netcdf/avhrr-only-v2.19810902.nc\":anom"
    > [3] "NETCDF:\"/home/edzer/R/x86_64-pc-linux-gnu-library/3.5/starsdata/netcdf/avhrr-only-v2.19810903.nc\":anom"
    >
    > dimension(s):
    > from to offset delta refsys point values
    > x 1 1440 0 0.25 NA NA NULL [x]
    > y 1 720 90 -0.25 NA NA NULL [y]
    > zlev 1 1 0 [m] NA NA NA NULL
    > time 1 1 1981-09-01 NA POSIXct NA NULL
    > times 1 3 NA NA NA NA NULL
    > call list:
    > [[1]]
    > adrop(x = x)
    >
    > [[2]]
    > adrop(x = x)
    >
    > stars_proxy object with 1 attribute in files:
    > $sst.anom
    > sst
    > "NETCDF:\"/home/edzer/R/x86_64-pc-linux-gnu-library/3.5/starsdata/netcdf/avhrr-only-v2.19810901.nc\":sst"
    > anom
    > "NETCDF:\"/home/edzer/R/x86_64-pc-linux-gnu-library/3.5/starsdata/netcdf/avhrr-only-v2.19810901.nc\":anom"
    >
    > dimension(s):
    > from to offset delta refsys point values
    > x 1 1440 0 0.25 NA NA NULL [x]
    > y 1 720 90 -0.25 NA NA NULL [y]
    > zlev 1 1 0 [m] NA NA NA NULL
    > time 1 1 1981-09-01 NA POSIXct NA NULL
    > times 1 2 1981-09-01 1 days Date NA NULL
     Running ‘raster.R’ [3s/4s]
     Comparing ‘raster.Rout’ to ‘raster.Rout.save’ ... OK
     Running ‘rasterize.R’ [1s/2s]
     Comparing ‘rasterize.Rout’ to ‘rasterize.Rout.save’ ...4c4
    < Linking to GEOS 3.7.1, GDAL 2.4.0, PROJ 5.2.0
    ---
    > Linking to GEOS 3.7.0, GDAL 2.3.2, PROJ 5.2.0
    6c6
    < Reading layer `nc.gpkg' from data source `/home/hornik/tmp/R.check/r-devel-gcc/Work/build/Packages/sf/gpkg/nc.gpkg' using driver `GPKG'
    ---
    > Reading layer `nc.gpkg' from data source `/home/edzer/R/x86_64-pc-linux-gnu-library/3.5/sf/gpkg/nc.gpkg' using driver `GPKG'
    78c78
    < "2.4.0"
    ---
    > "2.3.2"
     Running ‘rectilinear.R’ [2s/3s]
     Comparing ‘rectilinear.Rout’ to ‘rectilinear.Rout.save’ ... OK
     Running ‘redimension.R’ [2s/3s]
     Comparing ‘redimension.Rout’ to ‘redimension.Rout.save’ ...4c4
    < Linking to GEOS 3.7.1, GDAL 2.4.0, PROJ 5.2.0
    ---
    > Linking to GEOS 3.7.0, GDAL 2.3.2, PROJ 5.2.0
    11c11
    < "/home/hornik/tmp/R.check/r-devel-gcc/Work/build/Packages/stars/tif/L7_ETMs.tif"
    ---
    > "/home/edzer/git/stars.Rcheck/stars/tif/L7_ETMs.tif"
    13c13
    < "/home/hornik/tmp/R.check/r-devel-gcc/Work/build/Packages/stars/tif/L7_ETMs.tif"
    ---
    > "/home/edzer/git/stars.Rcheck/stars/tif/L7_ETMs.tif"
    15c15
    < "/home/hornik/tmp/R.check/r-devel-gcc/Work/build/Packages/stars/tif/L7_ETMs.tif"
    ---
    > "/home/edzer/git/stars.Rcheck/stars/tif/L7_ETMs.tif"
    17c17
    < "/home/hornik/tmp/R.check/r-devel-gcc/Work/build/Packages/stars/tif/L7_ETMs.tif"
    ---
    > "/home/edzer/git/stars.Rcheck/stars/tif/L7_ETMs.tif"
    29c29
    < "/home/hornik/tmp/R.check/r-devel-gcc/Work/build/Packages/stars/tif/L7_ETMs.tif"
    ---
    > "/home/edzer/git/stars.Rcheck/stars/tif/L7_ETMs.tif"
    31c31
    < "/home/hornik/tmp/R.check/r-devel-gcc/Work/build/Packages/stars/tif/L7_ETMs.tif"
    ---
    > "/home/edzer/git/stars.Rcheck/stars/tif/L7_ETMs.tif"
    33c33
    < "/home/hornik/tmp/R.check/r-devel-gcc/Work/build/Packages/stars/tif/L7_ETMs.tif"
    ---
    > "/home/edzer/git/stars.Rcheck/stars/tif/L7_ETMs.tif"
    35c35
    < "/home/hornik/tmp/R.check/r-devel-gcc/Work/build/Packages/stars/tif/L7_ETMs.tif"
    ---
    > "/home/edzer/git/stars.Rcheck/stars/tif/L7_ETMs.tif"
    39c39
    < "/home/hornik/tmp/R.check/r-devel-gcc/Work/build/Packages/stars/tif/L7_ETMs.tif"
    ---
    > "/home/edzer/git/stars.Rcheck/stars/tif/L7_ETMs.tif"
    41c41
    < "/home/hornik/tmp/R.check/r-devel-gcc/Work/build/Packages/stars/tif/L7_ETMs.tif"
    ---
    > "/home/edzer/git/stars.Rcheck/stars/tif/L7_ETMs.tif"
    43c43
    < "/home/hornik/tmp/R.check/r-devel-gcc/Work/build/Packages/stars/tif/L7_ETMs.tif"
    ---
    > "/home/edzer/git/stars.Rcheck/stars/tif/L7_ETMs.tif"
    45c45
    < "/home/hornik/tmp/R.check/r-devel-gcc/Work/build/Packages/stars/tif/L7_ETMs.tif"
    ---
    > "/home/edzer/git/stars.Rcheck/stars/tif/L7_ETMs.tif"
    85c85
    < "/home/hornik/tmp/R.check/r-devel-gcc/Work/build/Packages/stars/tif/L7_ETMs.tif"
    ---
    > "/home/edzer/git/stars.Rcheck/stars/tif/L7_ETMs.tif"
    87c87
    < "/home/hornik/tmp/R.check/r-devel-gcc/Work/build/Packages/stars/tif/L7_ETMs.tif"
    ---
    > "/home/edzer/git/stars.Rcheck/stars/tif/L7_ETMs.tif"
    89c89
    < "/home/hornik/tmp/R.check/r-devel-gcc/Work/build/Packages/stars/tif/L7_ETMs.tif"
    ---
    > "/home/edzer/git/stars.Rcheck/stars/tif/L7_ETMs.tif"
    91c91
    < "/home/hornik/tmp/R.check/r-devel-gcc/Work/build/Packages/stars/tif/L7_ETMs.tif"
    ---
    > "/home/edzer/git/stars.Rcheck/stars/tif/L7_ETMs.tif"
    93c93
    < "/home/hornik/tmp/R.check/r-devel-gcc/Work/build/Packages/stars/tif/L7_ETMs.tif"
    ---
    > "/home/edzer/git/stars.Rcheck/stars/tif/L7_ETMs.tif"
    95c95
    < "/home/hornik/tmp/R.check/r-devel-gcc/Work/build/Packages/stars/tif/L7_ETMs.tif"
    ---
    > "/home/edzer/git/stars.Rcheck/stars/tif/L7_ETMs.tif"
    97c97
    < "/home/hornik/tmp/R.check/r-devel-gcc/Work/build/Packages/stars/tif/L7_ETMs.tif"
    ---
    > "/home/edzer/git/stars.Rcheck/stars/tif/L7_ETMs.tif"
    99c99
    < "/home/hornik/tmp/R.check/r-devel-gcc/Work/build/Packages/stars/tif/L7_ETMs.tif"
    ---
    > "/home/edzer/git/stars.Rcheck/stars/tif/L7_ETMs.tif"
     Running ‘sf.R’ [2s/3s]
     Comparing ‘sf.Rout’ to ‘sf.Rout.save’ ... OK
     Running ‘sp.R’ [2s/3s]
     Comparing ‘sp.Rout’ to ‘sp.Rout.save’ ...41c41
    < Linking to GEOS 3.7.1, GDAL 2.4.0, PROJ 5.2.0
    ---
    > Linking to GEOS 3.7.0, GDAL 2.3.2, PROJ 5.2.0
     Running ‘spacetime.R’ [2s/3s]
     Comparing ‘spacetime.Rout’ to ‘spacetime.Rout.save’ ... OK
     Running ‘stars.R’ [11s/17s]
     Comparing ‘stars.Rout’ to ‘stars.Rout.save’ ...521a522,576
    > sst, anom,
    > sst, anom,
    > sst, anom,
    > sst, anom,
    > sst, anom,
    > sst, anom,
    > sst, anom,
    > sst, anom,
    > sst, anom,
    > stars object with 4 dimensions and 2 attributes
    > attribute(s), summary of first 1e+05 cells:
    > sst [C*°] anom [C*°]
    > Min. :-1.80 Min. :-4.69
    > 1st Qu.:-1.19 1st Qu.:-0.06
    > Median :-1.05 Median : 0.52
    > Mean :-0.32 Mean : 0.23
    > 3rd Qu.:-0.20 3rd Qu.: 0.71
    > Max. : 9.36 Max. : 3.70
    > NA's :13360 NA's :13360
    > dimension(s):
    > from to offset delta refsys point values
    > x 1 1440 0 0.25 NA NA NULL [x]
    > y 1 720 90 -0.25 NA NA NULL [y]
    > zlev 1 1 0 [m] NA NA NA NULL
    > time 1 9 1981-09-01 1 days POSIXct NA NULL
    > stars object with 3 dimensions and 2 attributes
    > attribute(s), summary of first 1e+05 cells:
    > sst [C*°] anom [C*°]
    > Min. :-1.80 Min. :-4.69
    > 1st Qu.:-1.19 1st Qu.:-0.06
    > Median :-1.05 Median : 0.52
    > Mean :-0.32 Mean : 0.23
    > 3rd Qu.:-0.20 3rd Qu.: 0.71
    > Max. : 9.36 Max. : 3.70
    > NA's :13360 NA's :13360
    > dimension(s):
    > from to offset delta refsys point values
    > x 1 1440 0 0.25 NA NA NULL [x]
    > y 1 720 90 -0.25 NA NA NULL [y]
    > times 1 3 1981-09-01 1 days Date NA NULL
    > stars object with 3 dimensions and 2 attributes
    > attribute(s), summary of first 1e+05 cells:
    > sst [C*°] anom [C*°]
    > Min. :-1.80 Min. :-4.69
    > 1st Qu.:-1.19 1st Qu.:-0.06
    > Median :-1.05 Median : 0.52
    > Mean :-0.32 Mean : 0.23
    > 3rd Qu.:-0.20 3rd Qu.: 0.71
    > Max. : 9.36 Max. : 3.70
    > NA's :13360 NA's :13360
    > dimension(s):
    > from to offset delta refsys point values
    > x 1 1440 0 0.25 NA NA NULL [x]
    > y 1 720 90 -0.25 NA NA NULL [y]
    > times 1 3 NA NA NA NA NULL
     Running ‘subset.R’ [1s/2s]
     Comparing ‘subset.Rout’ to ‘subset.Rout.save’ ... OK
     Running ‘testthat.R’ [2s/4s]
     Running ‘tidy.R’ [7s/11s]
     Comparing ‘tidy.Rout’ to ‘tidy.Rout.save’ ... OK
     Running ‘transform.R’ [1s/2s]
     Comparing ‘transform.Rout’ to ‘transform.Rout.save’ ...32c32
    < Linking to liblwgeom 2.5.0dev r16016, GEOS 3.7.1, PROJ 5.2.0
    ---
    > Linking to liblwgeom 2.5.0dev r16016, GEOS 3.7.0, PROJ 5.2.0
     Running ‘warp.R’ [1s/2s]
     Comparing ‘warp.Rout’ to ‘warp.Rout.save’ ...4c4
    < Linking to GEOS 3.7.1, GDAL 2.4.0, PROJ 5.2.0
    ---
    > Linking to GEOS 3.7.0, GDAL 2.3.2, PROJ 5.2.0
    16,17c16
    < > #if (Sys.getenv("USER") != "travis") {
    < > if (FALSE) {
    ---
    > > if (Sys.getenv("USER") != "travis") {
     Running ‘write.R’ [1s/3s]
     Comparing ‘write.Rout’ to ‘write.Rout.save’ ...29c29
    < [1] "/home/hornik/tmp/R.check/r-devel-gcc/Work/build/Packages/stars/tif/L7_ETMs.tif"
    ---
    > [1] "/home/edzer/git/stars.Rcheck/stars/tif/L7_ETMs.tif"
    Running the tests in ‘tests/netcdf.R’ failed.
    Complete output:
     > suppressPackageStartupMessages(library(stars))
     > # read_ncdf:
     > f <- system.file("nc/reduced.nc", package = "stars")
     > read_ncdf(f)
     Error in out[[1]] : subscript out of bounds
     Calls: read_ncdf -> create_dimensions -> setNames
     In addition: Warning message:
     Unknown or uninitialised column: 'variable'.
     Execution halted
    Running the tests in ‘tests/testthat.R’ failed.
    Complete output:
     > ## load dependencies
     > library(testthat)
     > library(stars)
     Loading required package: abind
     Loading required package: sf
     Linking to GEOS 3.7.1, GDAL 2.4.0, PROJ 5.2.0
     >
     > ## test package
     > test_check("stars")
     ── 1. Error: basic reduced comes back as expected (@test_ncdf.R#5) ────────────
     subscript out of bounds
     1: read_ncdf(f) at testthat/test_ncdf.R:5
     2: create_dimensions(setNames(dim(out[[1]]), dims$name), raster)
     3: setNames(dim(out[[1]]), dims$name)
    
     ── 2. Error: domain subsetting (@test_ncdf.R#21) ──────────────────────────────
     input ncsub doesn't match available dims
     1: read_ncdf(f, ncsub = cbind(start = c(1, 1, 1, 1), count = c(10, 12, 1, 1))) at testthat/test_ncdf.R:21
     2: stop("input ncsub doesn't match available dims")
    
     ── 3. Error: normal bcsd (@test_ncdf.R#36) ────────────────────────────────────
     subscript out of bounds
     1: read_ncdf(system.file("nc/bcsd_obs_1999.nc", package = "stars")) at testthat/test_ncdf.R:36
     2: create_dimensions(setNames(dim(out[[1]]), dims$name), raster)
     3: setNames(dim(out[[1]]), dims$name)
    
     ── 4. Error: curvilinear (@test_ncdf.R#63) ────────────────────────────────────
     subscript out of bounds
     1: read_ncdf(f, curvilinear = c("lon", "lat")) at testthat/test_ncdf.R:63
     2: create_dimensions(setNames(dim(out[[1]]), dims$name), raster)
     3: setNames(dim(out[[1]]), dims$name)
    
     ══ testthat results ═══════════════════════════════════════════════════════════
     OK: 44 SKIPPED: 0 FAILED: 4
     1. Error: basic reduced comes back as expected (@test_ncdf.R#5)
     2. Error: domain subsetting (@test_ncdf.R#21)
     3. Error: normal bcsd (@test_ncdf.R#36)
     4. Error: curvilinear (@test_ncdf.R#63)
    
     Error: testthat unit tests failed
     Execution halted
Flavor: r-devel-linux-x86_64-debian-gcc

Version: 0.3-0
Check: installed package size
Result: NOTE
     installed size is 15.0Mb
     sub-directories of 1Mb or more:
     doc 10.3Mb
     nc 3.5Mb
Flavors: r-devel-linux-x86_64-fedora-clang, r-devel-windows-ix86+x86_64, r-patched-solaris-x86, r-release-windows-ix86+x86_64, r-release-osx-x86_64, r-oldrel-windows-ix86+x86_64, r-oldrel-osx-x86_64

Version: 0.3-0
Check: examples
Result: ERROR
    Running examples in ‘stars-Ex.R’ failed
    The error most likely occurred in:
    
    > ### Name: read_ncdf
    > ### Title: Read NetCDF into stars object
    > ### Aliases: read_ncdf
    >
    > ### ** Examples
    >
    > f <- system.file("nc/reduced.nc", package = "stars")
    > read_ncdf(f)
    Warning: Unknown or uninitialised column: 'variable'.
    Error in out[[1]] : subscript out of bounds
    Calls: read_ncdf -> create_dimensions -> setNames
    Execution halted
Flavors: r-devel-linux-x86_64-fedora-clang, r-devel-linux-x86_64-fedora-gcc, r-devel-windows-ix86+x86_64, r-patched-solaris-x86

Version: 0.3-0
Check: tests
Result: ERROR
     Running ‘aggregate.R’
     Comparing ‘aggregate.Rout’ to ‘aggregate.Rout.save’ ...68c68
    < file4cef4cbd28a6.tif
    ---
    > filec4c75271aee.tif
     Running ‘area.R’
     Comparing ‘area.Rout’ to ‘area.Rout.save’ ...4c4
    < Linking to GEOS 3.6.1, GDAL 2.2.4, PROJ 4.9.3
    ---
    > Linking to GEOS 3.7.0, GDAL 2.3.2, PROJ 5.2.0
    58c58
    < [1] ""
    ---
    > [1] "/home/edzer/R/x86_64-pc-linux-gnu-library/3.5/starsdata/sentinel5p/S5P_NRTI_L2__NO2____20180717T120113_20180717T120613_03932_01_010002_20180717T125231.nc"
    66a67,86
    > //PRODUCT/longitude,
    > //PRODUCT/latitude,
    > //PRODUCT/SUPPORT_DATA/DETAILED_RESULTS/nitrogendioxide_summed_total_column,
    > stars object with 2 dimensions and 1 attribute
    > attribute(s):
    > area [m^2]
    > Min. : 25990150
    > 1st Qu.: 28050933
    > Median : 35705689
    > Mean : 42968454
    > 3rd Qu.: 54640139
    > Max. :101184840
    > dimension(s):
    > from to offset delta refsys point
    > x 1 450 NA NA +proj=longlat +datum=WGS8... NA
    > y 1 278 NA NA +proj=longlat +datum=WGS8... NA
    > values
    > x [450x278] -5.81066,...,30.9468 [x]
    > y [450x278] 28.3605,...,51.4686 [y]
    > curvilinear grid
     Running ‘crop.R’
     Comparing ‘crop.Rout’ to ‘crop.Rout.save’ ... OK
     Running ‘curvilinear.R’
     Comparing ‘curvilinear.Rout’ to ‘curvilinear.Rout.save’ ...4c4
    < Linking to GEOS 3.6.1, GDAL 2.2.4, PROJ 4.9.3
    ---
    > Linking to GEOS 3.7.0, GDAL 2.3.2, PROJ 5.2.0
    53a54,94
    > //PRODUCT/longitude,
    > //PRODUCT/latitude,
    > //PRODUCT/SUPPORT_DATA/DETAILED_RESULTS/nitrogendioxide_summed_total_column,
    > stars object with 2 dimensions and 1 attribute
    > attribute(s):
    > nitrogendioxide_summed_total_column
    > Min. :0e+00
    > 1st Qu.:1e-04
    > Median :1e-04
    > Mean :1e-04
    > 3rd Qu.:1e-04
    > Max. :5e-04
    > NA's :330
    > dimension(s):
    > from to offset delta refsys point
    > x 1 450 NA NA +proj=longlat +datum=WGS8... NA
    > y 1 278 NA NA +proj=longlat +datum=WGS8... NA
    > values
    > x [450x278] -5.81066,...,30.9468 [x]
    > y [450x278] 28.3605,...,51.4686 [y]
    > curvilinear grid
    > stars object with 2 dimensions and 1 attribute
    > attribute(s):
    > nitrogendioxide_summed_total_column
    > Min. :0.00005
    > 1st Qu.:0.00007
    > Median :0.00008
    > Mean :0.00009
    > 3rd Qu.:0.00009
    > Max. :0.00023
    > NA's :36
    > dimension(s):
    > from to offset delta refsys point
    > x 1 57 NA NA +proj=longlat +datum=WGS8... NA
    > y 1 35 NA NA +proj=longlat +datum=WGS8... NA
    > values
    > x [57x35] -5.59621,...,30.8488 [x]
    > y [57x35] 28.3605,...,51.1544 [y]
    > curvilinear grid
    > null device
    > 1
     Running ‘gridtypes.R’
     Comparing ‘gridtypes.Rout’ to ‘gridtypes.Rout.save’ ...4c4
    < Linking to GEOS 3.6.1, GDAL 2.2.4, PROJ 4.9.3
    ---
    > Linking to GEOS 3.7.0, GDAL 2.3.2, PROJ 5.2.0
     Running ‘nc.R’
     Comparing ‘nc.Rout’ to ‘nc.Rout.save’ ...6c6
    < Reading layer `nc.gpkg' from data source `/data/gannet/ripley/R/test-clang/sf/gpkg/nc.gpkg' using driver `GPKG'
    ---
    > Reading layer `nc.gpkg' from data source `/home/edzer/R/x86_64-pc-linux-gnu-library/3.5/sf/gpkg/nc.gpkg' using driver `GPKG'
     Running ‘netcdf.R’
     Running ‘plot.R’
     Comparing ‘plot.Rout’ to ‘plot.Rout.save’ ...5c5
    < Linking to GEOS 3.6.1, GDAL 2.2.4, PROJ 4.9.3
    ---
    > Linking to GEOS 3.7.0, GDAL 2.3.2, PROJ 5.2.0
     Running ‘proxy.R’
     Comparing ‘proxy.Rout’ to ‘proxy.Rout.save’ ...9c9
    < [1] "/data/gannet/ripley/R/packages/tests-clang/stars.Rcheck/stars/tif/L7_ETMs.tif"
    ---
    > [1] "/home/edzer/git/stars.Rcheck/stars/tif/L7_ETMs.tif"
    23c23
    < [1] "/data/gannet/ripley/R/packages/tests-clang/stars.Rcheck/stars/tif/L7_ETMs.tif"
    ---
    > [1] "/home/edzer/git/stars.Rcheck/stars/tif/L7_ETMs.tif"
    37c37
    < [1] "/data/gannet/ripley/R/packages/tests-clang/stars.Rcheck/stars/tif/L7_ETMs.tif"
    ---
    > [1] "/home/edzer/git/stars.Rcheck/stars/tif/L7_ETMs.tif"
    66c66
    < [1] "/data/gannet/ripley/R/packages/tests-clang/stars.Rcheck/stars/tif/L7_ETMs.tif"
    ---
    > [1] "/home/edzer/git/stars.Rcheck/stars/tif/L7_ETMs.tif"
    81c81
    < [1] "/data/gannet/ripley/R/packages/tests-clang/stars.Rcheck/stars/tif/L7_ETMs.tif"
    ---
    > [1] "/home/edzer/git/stars.Rcheck/stars/tif/L7_ETMs.tif"
    84c84
    < [1] "/data/gannet/ripley/R/packages/tests-clang/stars.Rcheck/stars/tif/L7_ETMs.tif"
    ---
    > [1] "/home/edzer/git/stars.Rcheck/stars/tif/L7_ETMs.tif"
    95c95
    < "/data/gannet/ripley/R/packages/tests-clang/stars.Rcheck/stars/tif/L7_ETMs.tif"
    ---
    > "/home/edzer/git/stars.Rcheck/stars/tif/L7_ETMs.tif"
    97c97
    < "/data/gannet/ripley/R/packages/tests-clang/stars.Rcheck/stars/tif/L7_ETMs.tif"
    ---
    > "/home/edzer/git/stars.Rcheck/stars/tif/L7_ETMs.tif"
    128c128
    < [1] "/data/gannet/ripley/R/packages/tests-clang/stars.Rcheck/stars/tif/L7_ETMs.tif"
    ---
    > [1] "/home/edzer/git/stars.Rcheck/stars/tif/L7_ETMs.tif"
    156c156
    < [1] "/data/gannet/ripley/R/packages/tests-clang/stars.Rcheck/stars/tif/L7_ETMs.tif"
    ---
    > [1] "/home/edzer/git/stars.Rcheck/stars/tif/L7_ETMs.tif"
    188c188
    < [1] "/data/gannet/ripley/R/packages/tests-clang/stars.Rcheck/stars/tif/L7_ETMs.tif"
    ---
    > [1] "/home/edzer/git/stars.Rcheck/stars/tif/L7_ETMs.tif"
    224c224
    < [1] "/data/gannet/ripley/R/packages/tests-clang/stars.Rcheck/stars/tif/L7_ETMs.tif"
    ---
    > [1] "/home/edzer/git/stars.Rcheck/stars/tif/L7_ETMs.tif"
    227c227
    < [1] "/data/gannet/ripley/R/packages/tests-clang/stars.Rcheck/stars/tif/L7_ETMs.tif"
    ---
    > [1] "/home/edzer/git/stars.Rcheck/stars/tif/L7_ETMs.tif"
    238c238
    < [1] "/data/gannet/ripley/R/packages/tests-clang/stars.Rcheck/stars/tif/L7_ETMs.tif"
    ---
    > [1] "/home/edzer/git/stars.Rcheck/stars/tif/L7_ETMs.tif"
    282a283,421
    > sst, anom,
    > sst, anom,
    > sst, anom,
    > sst, anom,
    > sst, anom,
    > sst, anom,
    > sst, anom,
    > sst, anom,
    > sst, anom,
    > stars_proxy object with 2 attributes in files:
    > $sst
    > avhrr-only-v2.19810901.nc
    > "NETCDF:\"/home/edzer/R/x86_64-pc-linux-gnu-library/3.5/starsdata/netcdf/avhrr-only-v2.19810901.nc\":sst"
    > avhrr-only-v2.19810902.nc
    > "NETCDF:\"/home/edzer/R/x86_64-pc-linux-gnu-library/3.5/starsdata/netcdf/avhrr-only-v2.19810902.nc\":sst"
    > avhrr-only-v2.19810903.nc
    > "NETCDF:\"/home/edzer/R/x86_64-pc-linux-gnu-library/3.5/starsdata/netcdf/avhrr-only-v2.19810903.nc\":sst"
    > avhrr-only-v2.19810904.nc
    > "NETCDF:\"/home/edzer/R/x86_64-pc-linux-gnu-library/3.5/starsdata/netcdf/avhrr-only-v2.19810904.nc\":sst"
    > avhrr-only-v2.19810905.nc
    > "NETCDF:\"/home/edzer/R/x86_64-pc-linux-gnu-library/3.5/starsdata/netcdf/avhrr-only-v2.19810905.nc\":sst"
    > avhrr-only-v2.19810906.nc
    > "NETCDF:\"/home/edzer/R/x86_64-pc-linux-gnu-library/3.5/starsdata/netcdf/avhrr-only-v2.19810906.nc\":sst"
    > avhrr-only-v2.19810907.nc
    > "NETCDF:\"/home/edzer/R/x86_64-pc-linux-gnu-library/3.5/starsdata/netcdf/avhrr-only-v2.19810907.nc\":sst"
    > avhrr-only-v2.19810908.nc
    > "NETCDF:\"/home/edzer/R/x86_64-pc-linux-gnu-library/3.5/starsdata/netcdf/avhrr-only-v2.19810908.nc\":sst"
    > avhrr-only-v2.19810909.nc
    > "NETCDF:\"/home/edzer/R/x86_64-pc-linux-gnu-library/3.5/starsdata/netcdf/avhrr-only-v2.19810909.nc\":sst"
    >
    > $anom
    > avhrr-only-v2.19810901.nc
    > "NETCDF:\"/home/edzer/R/x86_64-pc-linux-gnu-library/3.5/starsdata/netcdf/avhrr-only-v2.19810901.nc\":anom"
    > avhrr-only-v2.19810902.nc
    > "NETCDF:\"/home/edzer/R/x86_64-pc-linux-gnu-library/3.5/starsdata/netcdf/avhrr-only-v2.19810902.nc\":anom"
    > avhrr-only-v2.19810903.nc
    > "NETCDF:\"/home/edzer/R/x86_64-pc-linux-gnu-library/3.5/starsdata/netcdf/avhrr-only-v2.19810903.nc\":anom"
    > avhrr-only-v2.19810904.nc
    > "NETCDF:\"/home/edzer/R/x86_64-pc-linux-gnu-library/3.5/starsdata/netcdf/avhrr-only-v2.19810904.nc\":anom"
    > avhrr-only-v2.19810905.nc
    > "NETCDF:\"/home/edzer/R/x86_64-pc-linux-gnu-library/3.5/starsdata/netcdf/avhrr-only-v2.19810905.nc\":anom"
    > avhrr-only-v2.19810906.nc
    > "NETCDF:\"/home/edzer/R/x86_64-pc-linux-gnu-library/3.5/starsdata/netcdf/avhrr-only-v2.19810906.nc\":anom"
    > avhrr-only-v2.19810907.nc
    > "NETCDF:\"/home/edzer/R/x86_64-pc-linux-gnu-library/3.5/starsdata/netcdf/avhrr-only-v2.19810907.nc\":anom"
    > avhrr-only-v2.19810908.nc
    > "NETCDF:\"/home/edzer/R/x86_64-pc-linux-gnu-library/3.5/starsdata/netcdf/avhrr-only-v2.19810908.nc\":anom"
    > avhrr-only-v2.19810909.nc
    > "NETCDF:\"/home/edzer/R/x86_64-pc-linux-gnu-library/3.5/starsdata/netcdf/avhrr-only-v2.19810909.nc\":anom"
    >
    > dimension(s):
    > from to offset delta refsys point values
    > x 1 1440 0 0.25 NA NA NULL [x]
    > y 1 720 90 -0.25 NA NA NULL [y]
    > zlev 1 1 0 [m] NA NA NA NULL
    > time 1 9 1981-09-01 1 days POSIXct NA NULL
    > sst, anom,
    > sst, anom,
    > sst, anom,
    > sst, anom,
    > sst, anom,
    > sst, anom,
    > sst, anom,
    > sst, anom,
    > sst, anom,
    > stars object with 4 dimensions and 2 attributes
    > attribute(s), summary of first 1e+05 cells:
    > sst [C*°] anom [C*°]
    > Min. :-1.80 Min. :-4.69
    > 1st Qu.:-1.19 1st Qu.:-0.06
    > Median :-1.05 Median : 0.52
    > Mean :-0.32 Mean : 0.23
    > 3rd Qu.:-0.20 3rd Qu.: 0.71
    > Max. : 9.36 Max. : 3.70
    > NA's :13360 NA's :13360
    > dimension(s):
    > from to offset delta refsys point values
    > x 1 1440 0 0.25 NA NA NULL [x]
    > y 1 720 90 -0.25 NA NA NULL [y]
    > zlev 1 1 0 [m] NA NA NA NULL
    > time 1 9 1981-09-01 1 days POSIXct NA NULL
    > stars object with 5 dimensions and 1 attribute
    > attribute(s), summary of first 1e+05 cells:
    > sst.anom
    > Min. :-1.80
    > 1st Qu.:-1.19
    > Median :-1.05
    > Mean :-0.32
    > 3rd Qu.:-0.20
    > Max. : 9.36
    > NA's :13360
    > dimension(s):
    > from to offset delta refsys point values
    > x 1 1440 0 0.25 NA NA NULL [x]
    > y 1 720 90 -0.25 NA NA NULL [y]
    > zlev 1 1 0 [m] NA NA NA NULL
    > time 1 9 1981-09-01 1 days POSIXct NA NULL
    > new_dim 1 2 NA NA NA NA sst , anom
    > Error in c.stars_proxy(l[[1]], l[[2]], l[[3]], along = list(times = as.Date("1981-09-01") + :
    > for proxy objects, along argument is not implemented
    > stars_proxy object with 2 attributes in files:
    > $sst
    > [1] "NETCDF:\"/home/edzer/R/x86_64-pc-linux-gnu-library/3.5/starsdata/netcdf/avhrr-only-v2.19810901.nc\":sst"
    > [2] "NETCDF:\"/home/edzer/R/x86_64-pc-linux-gnu-library/3.5/starsdata/netcdf/avhrr-only-v2.19810902.nc\":sst"
    > [3] "NETCDF:\"/home/edzer/R/x86_64-pc-linux-gnu-library/3.5/starsdata/netcdf/avhrr-only-v2.19810903.nc\":sst"
    >
    > $anom
    > [1] "NETCDF:\"/home/edzer/R/x86_64-pc-linux-gnu-library/3.5/starsdata/netcdf/avhrr-only-v2.19810901.nc\":anom"
    > [2] "NETCDF:\"/home/edzer/R/x86_64-pc-linux-gnu-library/3.5/starsdata/netcdf/avhrr-only-v2.19810902.nc\":anom"
    > [3] "NETCDF:\"/home/edzer/R/x86_64-pc-linux-gnu-library/3.5/starsdata/netcdf/avhrr-only-v2.19810903.nc\":anom"
    >
    > dimension(s):
    > from to offset delta refsys point values
    > x 1 1440 0 0.25 NA NA NULL [x]
    > y 1 720 90 -0.25 NA NA NULL [y]
    > zlev 1 1 0 [m] NA NA NA NULL
    > time 1 1 1981-09-01 NA POSIXct NA NULL
    > times 1 3 NA NA NA NA NULL
    > call list:
    > [[1]]
    > adrop(x = x)
    >
    > [[2]]
    > adrop(x = x)
    >
    > stars_proxy object with 1 attribute in files:
    > $sst.anom
    > sst
    > "NETCDF:\"/home/edzer/R/x86_64-pc-linux-gnu-library/3.5/starsdata/netcdf/avhrr-only-v2.19810901.nc\":sst"
    > anom
    > "NETCDF:\"/home/edzer/R/x86_64-pc-linux-gnu-library/3.5/starsdata/netcdf/avhrr-only-v2.19810901.nc\":anom"
    >
    > dimension(s):
    > from to offset delta refsys point values
    > x 1 1440 0 0.25 NA NA NULL [x]
    > y 1 720 90 -0.25 NA NA NULL [y]
    > zlev 1 1 0 [m] NA NA NA NULL
    > time 1 1 1981-09-01 NA POSIXct NA NULL
    > times 1 2 1981-09-01 1 days Date NA NULL
     Running ‘raster.R’
     Comparing ‘raster.Rout’ to ‘raster.Rout.save’ ... OK
     Running ‘rasterize.R’
     Comparing ‘rasterize.Rout’ to ‘rasterize.Rout.save’ ...4c4
    < Linking to GEOS 3.6.1, GDAL 2.2.4, PROJ 4.9.3
    ---
    > Linking to GEOS 3.7.0, GDAL 2.3.2, PROJ 5.2.0
    6c6
    < Reading layer `nc.gpkg' from data source `/data/gannet/ripley/R/test-clang/sf/gpkg/nc.gpkg' using driver `GPKG'
    ---
    > Reading layer `nc.gpkg' from data source `/home/edzer/R/x86_64-pc-linux-gnu-library/3.5/sf/gpkg/nc.gpkg' using driver `GPKG'
    78c78
    < "2.2.4"
    ---
    > "2.3.2"
     Running ‘rectilinear.R’
     Comparing ‘rectilinear.Rout’ to ‘rectilinear.Rout.save’ ... OK
     Running ‘redimension.R’
     Comparing ‘redimension.Rout’ to ‘redimension.Rout.save’ ...4c4
    < Linking to GEOS 3.6.1, GDAL 2.2.4, PROJ 4.9.3
    ---
    > Linking to GEOS 3.7.0, GDAL 2.3.2, PROJ 5.2.0
    11c11
    < "/data/gannet/ripley/R/packages/tests-clang/stars.Rcheck/stars/tif/L7_ETMs.tif"
    ---
    > "/home/edzer/git/stars.Rcheck/stars/tif/L7_ETMs.tif"
    13c13
    < "/data/gannet/ripley/R/packages/tests-clang/stars.Rcheck/stars/tif/L7_ETMs.tif"
    ---
    > "/home/edzer/git/stars.Rcheck/stars/tif/L7_ETMs.tif"
    15c15
    < "/data/gannet/ripley/R/packages/tests-clang/stars.Rcheck/stars/tif/L7_ETMs.tif"
    ---
    > "/home/edzer/git/stars.Rcheck/stars/tif/L7_ETMs.tif"
    17c17
    < "/data/gannet/ripley/R/packages/tests-clang/stars.Rcheck/stars/tif/L7_ETMs.tif"
    ---
    > "/home/edzer/git/stars.Rcheck/stars/tif/L7_ETMs.tif"
    29c29
    < "/data/gannet/ripley/R/packages/tests-clang/stars.Rcheck/stars/tif/L7_ETMs.tif"
    ---
    > "/home/edzer/git/stars.Rcheck/stars/tif/L7_ETMs.tif"
    31c31
    < "/data/gannet/ripley/R/packages/tests-clang/stars.Rcheck/stars/tif/L7_ETMs.tif"
    ---
    > "/home/edzer/git/stars.Rcheck/stars/tif/L7_ETMs.tif"
    33c33
    < "/data/gannet/ripley/R/packages/tests-clang/stars.Rcheck/stars/tif/L7_ETMs.tif"
    ---
    > "/home/edzer/git/stars.Rcheck/stars/tif/L7_ETMs.tif"
    35c35
    < "/data/gannet/ripley/R/packages/tests-clang/stars.Rcheck/stars/tif/L7_ETMs.tif"
    ---
    > "/home/edzer/git/stars.Rcheck/stars/tif/L7_ETMs.tif"
    39c39
    < "/data/gannet/ripley/R/packages/tests-clang/stars.Rcheck/stars/tif/L7_ETMs.tif"
    ---
    > "/home/edzer/git/stars.Rcheck/stars/tif/L7_ETMs.tif"
    41c41
    < "/data/gannet/ripley/R/packages/tests-clang/stars.Rcheck/stars/tif/L7_ETMs.tif"
    ---
    > "/home/edzer/git/stars.Rcheck/stars/tif/L7_ETMs.tif"
    43c43
    < "/data/gannet/ripley/R/packages/tests-clang/stars.Rcheck/stars/tif/L7_ETMs.tif"
    ---
    > "/home/edzer/git/stars.Rcheck/stars/tif/L7_ETMs.tif"
    45c45
    < "/data/gannet/ripley/R/packages/tests-clang/stars.Rcheck/stars/tif/L7_ETMs.tif"
    ---
    > "/home/edzer/git/stars.Rcheck/stars/tif/L7_ETMs.tif"
    85c85
    < "/data/gannet/ripley/R/packages/tests-clang/stars.Rcheck/stars/tif/L7_ETMs.tif"
    ---
    > "/home/edzer/git/stars.Rcheck/stars/tif/L7_ETMs.tif"
    87c87
    < "/data/gannet/ripley/R/packages/tests-clang/stars.Rcheck/stars/tif/L7_ETMs.tif"
    ---
    > "/home/edzer/git/stars.Rcheck/stars/tif/L7_ETMs.tif"
    89c89
    < "/data/gannet/ripley/R/packages/tests-clang/stars.Rcheck/stars/tif/L7_ETMs.tif"
    ---
    > "/home/edzer/git/stars.Rcheck/stars/tif/L7_ETMs.tif"
    91c91
    < "/data/gannet/ripley/R/packages/tests-clang/stars.Rcheck/stars/tif/L7_ETMs.tif"
    ---
    > "/home/edzer/git/stars.Rcheck/stars/tif/L7_ETMs.tif"
    93c93
    < "/data/gannet/ripley/R/packages/tests-clang/stars.Rcheck/stars/tif/L7_ETMs.tif"
    ---
    > "/home/edzer/git/stars.Rcheck/stars/tif/L7_ETMs.tif"
    95c95
    < "/data/gannet/ripley/R/packages/tests-clang/stars.Rcheck/stars/tif/L7_ETMs.tif"
    ---
    > "/home/edzer/git/stars.Rcheck/stars/tif/L7_ETMs.tif"
    97c97
    < "/data/gannet/ripley/R/packages/tests-clang/stars.Rcheck/stars/tif/L7_ETMs.tif"
    ---
    > "/home/edzer/git/stars.Rcheck/stars/tif/L7_ETMs.tif"
    99c99
    < "/data/gannet/ripley/R/packages/tests-clang/stars.Rcheck/stars/tif/L7_ETMs.tif"
    ---
    > "/home/edzer/git/stars.Rcheck/stars/tif/L7_ETMs.tif"
     Running ‘sf.R’
     Comparing ‘sf.Rout’ to ‘sf.Rout.save’ ... OK
     Running ‘sp.R’
     Comparing ‘sp.Rout’ to ‘sp.Rout.save’ ...41c41
    < Linking to GEOS 3.6.1, GDAL 2.2.4, PROJ 4.9.3
    ---
    > Linking to GEOS 3.7.0, GDAL 2.3.2, PROJ 5.2.0
    101c101
    < +towgs84=565.4171,50.3319,465.5524,-0.398957,0.343988,-1.8774,4.0725
    ---
    > +towgs84=565.2369,50.0087,465.658,-0.406857,0.350733,-1.87035,4.0812
    140c140
    < +towgs84=565.4171,50.3319,465.5524,-0.398957,0.343988,-1.8774,4.0725
    ---
    > +towgs84=565.2369,50.0087,465.658,-0.406857,0.350733,-1.87035,4.0812
     Running ‘spacetime.R’
     Comparing ‘spacetime.Rout’ to ‘spacetime.Rout.save’ ... OK
     Running ‘stars.R’ [17s/20s]
     Comparing ‘stars.Rout’ to ‘stars.Rout.save’ ...521a522,576
    > sst, anom,
    > sst, anom,
    > sst, anom,
    > sst, anom,
    > sst, anom,
    > sst, anom,
    > sst, anom,
    > sst, anom,
    > sst, anom,
    > stars object with 4 dimensions and 2 attributes
    > attribute(s), summary of first 1e+05 cells:
    > sst [C*°] anom [C*°]
    > Min. :-1.80 Min. :-4.69
    > 1st Qu.:-1.19 1st Qu.:-0.06
    > Median :-1.05 Median : 0.52
    > Mean :-0.32 Mean : 0.23
    > 3rd Qu.:-0.20 3rd Qu.: 0.71
    > Max. : 9.36 Max. : 3.70
    > NA's :13360 NA's :13360
    > dimension(s):
    > from to offset delta refsys point values
    > x 1 1440 0 0.25 NA NA NULL [x]
    > y 1 720 90 -0.25 NA NA NULL [y]
    > zlev 1 1 0 [m] NA NA NA NULL
    > time 1 9 1981-09-01 1 days POSIXct NA NULL
    > stars object with 3 dimensions and 2 attributes
    > attribute(s), summary of first 1e+05 cells:
    > sst [C*°] anom [C*°]
    > Min. :-1.80 Min. :-4.69
    > 1st Qu.:-1.19 1st Qu.:-0.06
    > Median :-1.05 Median : 0.52
    > Mean :-0.32 Mean : 0.23
    > 3rd Qu.:-0.20 3rd Qu.: 0.71
    > Max. : 9.36 Max. : 3.70
    > NA's :13360 NA's :13360
    > dimension(s):
    > from to offset delta refsys point values
    > x 1 1440 0 0.25 NA NA NULL [x]
    > y 1 720 90 -0.25 NA NA NULL [y]
    > times 1 3 1981-09-01 1 days Date NA NULL
    > stars object with 3 dimensions and 2 attributes
    > attribute(s), summary of first 1e+05 cells:
    > sst [C*°] anom [C*°]
    > Min. :-1.80 Min. :-4.69
    > 1st Qu.:-1.19 1st Qu.:-0.06
    > Median :-1.05 Median : 0.52
    > Mean :-0.32 Mean : 0.23
    > 3rd Qu.:-0.20 3rd Qu.: 0.71
    > Max. : 9.36 Max. : 3.70
    > NA's :13360 NA's :13360
    > dimension(s):
    > from to offset delta refsys point values
    > x 1 1440 0 0.25 NA NA NULL [x]
    > y 1 720 90 -0.25 NA NA NULL [y]
    > times 1 3 NA NA NA NA NULL
     Running ‘subset.R’
     Comparing ‘subset.Rout’ to ‘subset.Rout.save’ ... OK
     Running ‘testthat.R’
     Running ‘tidy.R’ [12s/13s]
     Comparing ‘tidy.Rout’ to ‘tidy.Rout.save’ ... OK
     Running ‘transform.R’
     Comparing ‘transform.Rout’ to ‘transform.Rout.save’ ...32c32
    < Linking to liblwgeom 2.5.0dev r16016, GEOS 3.6.1, PROJ 4.9.3
    ---
    > Linking to liblwgeom 2.5.0dev r16016, GEOS 3.7.0, PROJ 5.2.0
     Running ‘warp.R’
     Comparing ‘warp.Rout’ to ‘warp.Rout.save’ ...4c4
    < Linking to GEOS 3.6.1, GDAL 2.2.4, PROJ 4.9.3
    ---
    > Linking to GEOS 3.7.0, GDAL 2.3.2, PROJ 5.2.0
    16,17c16
    < > #if (Sys.getenv("USER") != "travis") {
    < > if (FALSE) {
    ---
    > > if (Sys.getenv("USER") != "travis") {
     Running ‘write.R’
     Comparing ‘write.Rout’ to ‘write.Rout.save’ ...29c29
    < [1] "/data/gannet/ripley/R/packages/tests-clang/stars.Rcheck/stars/tif/L7_ETMs.tif"
    ---
    > [1] "/home/edzer/git/stars.Rcheck/stars/tif/L7_ETMs.tif"
    Running the tests in ‘tests/netcdf.R’ failed.
    Complete output:
     > suppressPackageStartupMessages(library(stars))
     > # read_ncdf:
     > f <- system.file("nc/reduced.nc", package = "stars")
     > read_ncdf(f)
     Error in out[[1]] : subscript out of bounds
     Calls: read_ncdf -> create_dimensions -> setNames
     In addition: Warning message:
     Unknown or uninitialised column: 'variable'.
     Execution halted
    Running the tests in ‘tests/testthat.R’ failed.
    Complete output:
     > ## load dependencies
     > library(testthat)
     > library(stars)
     Loading required package: abind
     Loading required package: sf
     Linking to GEOS 3.6.1, GDAL 2.2.4, PROJ 4.9.3
     >
     > ## test package
     > test_check("stars")
     ── 1. Error: basic reduced comes back as expected (@test_ncdf.R#5) ────────────
     subscript out of bounds
     1: read_ncdf(f) at testthat/test_ncdf.R:5
     2: create_dimensions(setNames(dim(out[[1]]), dims$name), raster)
     3: setNames(dim(out[[1]]), dims$name)
    
     ── 2. Error: domain subsetting (@test_ncdf.R#21) ──────────────────────────────
     input ncsub doesn't match available dims
     1: read_ncdf(f, ncsub = cbind(start = c(1, 1, 1, 1), count = c(10, 12, 1, 1))) at testthat/test_ncdf.R:21
     2: stop("input ncsub doesn't match available dims")
    
     ── 3. Error: normal bcsd (@test_ncdf.R#36) ────────────────────────────────────
     subscript out of bounds
     1: read_ncdf(system.file("nc/bcsd_obs_1999.nc", package = "stars")) at testthat/test_ncdf.R:36
     2: create_dimensions(setNames(dim(out[[1]]), dims$name), raster)
     3: setNames(dim(out[[1]]), dims$name)
    
     ── 4. Error: curvilinear (@test_ncdf.R#63) ────────────────────────────────────
     subscript out of bounds
     1: read_ncdf(f, curvilinear = c("lon", "lat")) at testthat/test_ncdf.R:63
     2: create_dimensions(setNames(dim(out[[1]]), dims$name), raster)
     3: setNames(dim(out[[1]]), dims$name)
    
     ══ testthat results ═══════════════════════════════════════════════════════════
     OK: 44 SKIPPED: 0 FAILED: 4
     1. Error: basic reduced comes back as expected (@test_ncdf.R#5)
     2. Error: domain subsetting (@test_ncdf.R#21)
     3. Error: normal bcsd (@test_ncdf.R#36)
     4. Error: curvilinear (@test_ncdf.R#63)
    
     Error: testthat unit tests failed
     Execution halted
Flavor: r-devel-linux-x86_64-fedora-clang

Version: 0.3-0
Check: re-building of vignette outputs
Result: WARN
    Error(s) in re-building vignettes:
    --- re-building ‘stars1.Rmd’ using rmarkdown
    Quitting from lines 185-187 (stars1.Rmd)
    Error: processing vignette 'stars1.Rmd' failed with diagnostics:
    subscript out of bounds
    --- failed re-building ‘stars1.Rmd’
    
    --- re-building ‘stars2.Rmd’ using rmarkdown
    --- finished re-building ‘stars2.Rmd’
    
    --- re-building ‘stars3.Rmd’ using rmarkdown
    --- finished re-building ‘stars3.Rmd’
    
    --- re-building ‘stars4.Rmd’ using rmarkdown
    --- finished re-building ‘stars4.Rmd’
    
    --- re-building ‘stars5.Rmd’ using rmarkdown
    --- finished re-building ‘stars5.Rmd’
    
    SUMMARY: processing the following file failed:
     ‘stars1.Rmd’
    
    Error: Vignette re-building failed.
    Execution halted
Flavors: r-devel-linux-x86_64-fedora-clang, r-devel-linux-x86_64-fedora-gcc, r-devel-windows-ix86+x86_64

Version: 0.3-0
Check: tests
Result: ERROR
     Running ‘aggregate.R’
     Comparing ‘aggregate.Rout’ to ‘aggregate.Rout.save’ ...68c68
    < file74605dcc8108.tif
    ---
    > filec4c75271aee.tif
     Running ‘area.R’
     Comparing ‘area.Rout’ to ‘area.Rout.save’ ...4c4
    < Linking to GEOS 3.6.1, GDAL 2.2.4, PROJ 4.9.3
    ---
    > Linking to GEOS 3.7.0, GDAL 2.3.2, PROJ 5.2.0
    58c58
    < [1] ""
    ---
    > [1] "/home/edzer/R/x86_64-pc-linux-gnu-library/3.5/starsdata/sentinel5p/S5P_NRTI_L2__NO2____20180717T120113_20180717T120613_03932_01_010002_20180717T125231.nc"
    66a67,86
    > //PRODUCT/longitude,
    > //PRODUCT/latitude,
    > //PRODUCT/SUPPORT_DATA/DETAILED_RESULTS/nitrogendioxide_summed_total_column,
    > stars object with 2 dimensions and 1 attribute
    > attribute(s):
    > area [m^2]
    > Min. : 25990150
    > 1st Qu.: 28050933
    > Median : 35705689
    > Mean : 42968454
    > 3rd Qu.: 54640139
    > Max. :101184840
    > dimension(s):
    > from to offset delta refsys point
    > x 1 450 NA NA +proj=longlat +datum=WGS8... NA
    > y 1 278 NA NA +proj=longlat +datum=WGS8... NA
    > values
    > x [450x278] -5.81066,...,30.9468 [x]
    > y [450x278] 28.3605,...,51.4686 [y]
    > curvilinear grid
     Running ‘crop.R’ [6s/16s]
     Comparing ‘crop.Rout’ to ‘crop.Rout.save’ ... OK
     Running ‘curvilinear.R’
     Comparing ‘curvilinear.Rout’ to ‘curvilinear.Rout.save’ ...4c4
    < Linking to GEOS 3.6.1, GDAL 2.2.4, PROJ 4.9.3
    ---
    > Linking to GEOS 3.7.0, GDAL 2.3.2, PROJ 5.2.0
    53a54,94
    > //PRODUCT/longitude,
    > //PRODUCT/latitude,
    > //PRODUCT/SUPPORT_DATA/DETAILED_RESULTS/nitrogendioxide_summed_total_column,
    > stars object with 2 dimensions and 1 attribute
    > attribute(s):
    > nitrogendioxide_summed_total_column
    > Min. :0e+00
    > 1st Qu.:1e-04
    > Median :1e-04
    > Mean :1e-04
    > 3rd Qu.:1e-04
    > Max. :5e-04
    > NA's :330
    > dimension(s):
    > from to offset delta refsys point
    > x 1 450 NA NA +proj=longlat +datum=WGS8... NA
    > y 1 278 NA NA +proj=longlat +datum=WGS8... NA
    > values
    > x [450x278] -5.81066,...,30.9468 [x]
    > y [450x278] 28.3605,...,51.4686 [y]
    > curvilinear grid
    > stars object with 2 dimensions and 1 attribute
    > attribute(s):
    > nitrogendioxide_summed_total_column
    > Min. :0.00005
    > 1st Qu.:0.00007
    > Median :0.00008
    > Mean :0.00009
    > 3rd Qu.:0.00009
    > Max. :0.00023
    > NA's :36
    > dimension(s):
    > from to offset delta refsys point
    > x 1 57 NA NA +proj=longlat +datum=WGS8... NA
    > y 1 35 NA NA +proj=longlat +datum=WGS8... NA
    > values
    > x [57x35] -5.59621,...,30.8488 [x]
    > y [57x35] 28.3605,...,51.1544 [y]
    > curvilinear grid
    > null device
    > 1
     Running ‘gridtypes.R’
     Comparing ‘gridtypes.Rout’ to ‘gridtypes.Rout.save’ ...4c4
    < Linking to GEOS 3.6.1, GDAL 2.2.4, PROJ 4.9.3
    ---
    > Linking to GEOS 3.7.0, GDAL 2.3.2, PROJ 5.2.0
     Running ‘nc.R’
     Comparing ‘nc.Rout’ to ‘nc.Rout.save’ ...6c6
    < Reading layer `nc.gpkg' from data source `/data/gannet/ripley/R/test-3.7/sf/gpkg/nc.gpkg' using driver `GPKG'
    ---
    > Reading layer `nc.gpkg' from data source `/home/edzer/R/x86_64-pc-linux-gnu-library/3.5/sf/gpkg/nc.gpkg' using driver `GPKG'
     Running ‘netcdf.R’
     Running ‘plot.R’ [4s/11s]
     Comparing ‘plot.Rout’ to ‘plot.Rout.save’ ...5c5
    < Linking to GEOS 3.6.1, GDAL 2.2.4, PROJ 4.9.3
    ---
    > Linking to GEOS 3.7.0, GDAL 2.3.2, PROJ 5.2.0
     Running ‘proxy.R’ [5s/14s]
     Comparing ‘proxy.Rout’ to ‘proxy.Rout.save’ ...9c9
    < [1] "/data/gannet/ripley/R/packages/tests-devel/stars.Rcheck/stars/tif/L7_ETMs.tif"
    ---
    > [1] "/home/edzer/git/stars.Rcheck/stars/tif/L7_ETMs.tif"
    23c23
    < [1] "/data/gannet/ripley/R/packages/tests-devel/stars.Rcheck/stars/tif/L7_ETMs.tif"
    ---
    > [1] "/home/edzer/git/stars.Rcheck/stars/tif/L7_ETMs.tif"
    37c37
    < [1] "/data/gannet/ripley/R/packages/tests-devel/stars.Rcheck/stars/tif/L7_ETMs.tif"
    ---
    > [1] "/home/edzer/git/stars.Rcheck/stars/tif/L7_ETMs.tif"
    66c66
    < [1] "/data/gannet/ripley/R/packages/tests-devel/stars.Rcheck/stars/tif/L7_ETMs.tif"
    ---
    > [1] "/home/edzer/git/stars.Rcheck/stars/tif/L7_ETMs.tif"
    81c81
    < [1] "/data/gannet/ripley/R/packages/tests-devel/stars.Rcheck/stars/tif/L7_ETMs.tif"
    ---
    > [1] "/home/edzer/git/stars.Rcheck/stars/tif/L7_ETMs.tif"
    84c84
    < [1] "/data/gannet/ripley/R/packages/tests-devel/stars.Rcheck/stars/tif/L7_ETMs.tif"
    ---
    > [1] "/home/edzer/git/stars.Rcheck/stars/tif/L7_ETMs.tif"
    95c95
    < "/data/gannet/ripley/R/packages/tests-devel/stars.Rcheck/stars/tif/L7_ETMs.tif"
    ---
    > "/home/edzer/git/stars.Rcheck/stars/tif/L7_ETMs.tif"
    97c97
    < "/data/gannet/ripley/R/packages/tests-devel/stars.Rcheck/stars/tif/L7_ETMs.tif"
    ---
    > "/home/edzer/git/stars.Rcheck/stars/tif/L7_ETMs.tif"
    128c128
    < [1] "/data/gannet/ripley/R/packages/tests-devel/stars.Rcheck/stars/tif/L7_ETMs.tif"
    ---
    > [1] "/home/edzer/git/stars.Rcheck/stars/tif/L7_ETMs.tif"
    156c156
    < [1] "/data/gannet/ripley/R/packages/tests-devel/stars.Rcheck/stars/tif/L7_ETMs.tif"
    ---
    > [1] "/home/edzer/git/stars.Rcheck/stars/tif/L7_ETMs.tif"
    188c188
    < [1] "/data/gannet/ripley/R/packages/tests-devel/stars.Rcheck/stars/tif/L7_ETMs.tif"
    ---
    > [1] "/home/edzer/git/stars.Rcheck/stars/tif/L7_ETMs.tif"
    224c224
    < [1] "/data/gannet/ripley/R/packages/tests-devel/stars.Rcheck/stars/tif/L7_ETMs.tif"
    ---
    > [1] "/home/edzer/git/stars.Rcheck/stars/tif/L7_ETMs.tif"
    227c227
    < [1] "/data/gannet/ripley/R/packages/tests-devel/stars.Rcheck/stars/tif/L7_ETMs.tif"
    ---
    > [1] "/home/edzer/git/stars.Rcheck/stars/tif/L7_ETMs.tif"
    238c238
    < [1] "/data/gannet/ripley/R/packages/tests-devel/stars.Rcheck/stars/tif/L7_ETMs.tif"
    ---
    > [1] "/home/edzer/git/stars.Rcheck/stars/tif/L7_ETMs.tif"
    282a283,421
    > sst, anom,
    > sst, anom,
    > sst, anom,
    > sst, anom,
    > sst, anom,
    > sst, anom,
    > sst, anom,
    > sst, anom,
    > sst, anom,
    > stars_proxy object with 2 attributes in files:
    > $sst
    > avhrr-only-v2.19810901.nc
    > "NETCDF:\"/home/edzer/R/x86_64-pc-linux-gnu-library/3.5/starsdata/netcdf/avhrr-only-v2.19810901.nc\":sst"
    > avhrr-only-v2.19810902.nc
    > "NETCDF:\"/home/edzer/R/x86_64-pc-linux-gnu-library/3.5/starsdata/netcdf/avhrr-only-v2.19810902.nc\":sst"
    > avhrr-only-v2.19810903.nc
    > "NETCDF:\"/home/edzer/R/x86_64-pc-linux-gnu-library/3.5/starsdata/netcdf/avhrr-only-v2.19810903.nc\":sst"
    > avhrr-only-v2.19810904.nc
    > "NETCDF:\"/home/edzer/R/x86_64-pc-linux-gnu-library/3.5/starsdata/netcdf/avhrr-only-v2.19810904.nc\":sst"
    > avhrr-only-v2.19810905.nc
    > "NETCDF:\"/home/edzer/R/x86_64-pc-linux-gnu-library/3.5/starsdata/netcdf/avhrr-only-v2.19810905.nc\":sst"
    > avhrr-only-v2.19810906.nc
    > "NETCDF:\"/home/edzer/R/x86_64-pc-linux-gnu-library/3.5/starsdata/netcdf/avhrr-only-v2.19810906.nc\":sst"
    > avhrr-only-v2.19810907.nc
    > "NETCDF:\"/home/edzer/R/x86_64-pc-linux-gnu-library/3.5/starsdata/netcdf/avhrr-only-v2.19810907.nc\":sst"
    > avhrr-only-v2.19810908.nc
    > "NETCDF:\"/home/edzer/R/x86_64-pc-linux-gnu-library/3.5/starsdata/netcdf/avhrr-only-v2.19810908.nc\":sst"
    > avhrr-only-v2.19810909.nc
    > "NETCDF:\"/home/edzer/R/x86_64-pc-linux-gnu-library/3.5/starsdata/netcdf/avhrr-only-v2.19810909.nc\":sst"
    >
    > $anom
    > avhrr-only-v2.19810901.nc
    > "NETCDF:\"/home/edzer/R/x86_64-pc-linux-gnu-library/3.5/starsdata/netcdf/avhrr-only-v2.19810901.nc\":anom"
    > avhrr-only-v2.19810902.nc
    > "NETCDF:\"/home/edzer/R/x86_64-pc-linux-gnu-library/3.5/starsdata/netcdf/avhrr-only-v2.19810902.nc\":anom"
    > avhrr-only-v2.19810903.nc
    > "NETCDF:\"/home/edzer/R/x86_64-pc-linux-gnu-library/3.5/starsdata/netcdf/avhrr-only-v2.19810903.nc\":anom"
    > avhrr-only-v2.19810904.nc
    > "NETCDF:\"/home/edzer/R/x86_64-pc-linux-gnu-library/3.5/starsdata/netcdf/avhrr-only-v2.19810904.nc\":anom"
    > avhrr-only-v2.19810905.nc
    > "NETCDF:\"/home/edzer/R/x86_64-pc-linux-gnu-library/3.5/starsdata/netcdf/avhrr-only-v2.19810905.nc\":anom"
    > avhrr-only-v2.19810906.nc
    > "NETCDF:\"/home/edzer/R/x86_64-pc-linux-gnu-library/3.5/starsdata/netcdf/avhrr-only-v2.19810906.nc\":anom"
    > avhrr-only-v2.19810907.nc
    > "NETCDF:\"/home/edzer/R/x86_64-pc-linux-gnu-library/3.5/starsdata/netcdf/avhrr-only-v2.19810907.nc\":anom"
    > avhrr-only-v2.19810908.nc
    > "NETCDF:\"/home/edzer/R/x86_64-pc-linux-gnu-library/3.5/starsdata/netcdf/avhrr-only-v2.19810908.nc\":anom"
    > avhrr-only-v2.19810909.nc
    > "NETCDF:\"/home/edzer/R/x86_64-pc-linux-gnu-library/3.5/starsdata/netcdf/avhrr-only-v2.19810909.nc\":anom"
    >
    > dimension(s):
    > from to offset delta refsys point values
    > x 1 1440 0 0.25 NA NA NULL [x]
    > y 1 720 90 -0.25 NA NA NULL [y]
    > zlev 1 1 0 [m] NA NA NA NULL
    > time 1 9 1981-09-01 1 days POSIXct NA NULL
    > sst, anom,
    > sst, anom,
    > sst, anom,
    > sst, anom,
    > sst, anom,
    > sst, anom,
    > sst, anom,
    > sst, anom,
    > sst, anom,
    > stars object with 4 dimensions and 2 attributes
    > attribute(s), summary of first 1e+05 cells:
    > sst [C*°] anom [C*°]
    > Min. :-1.80 Min. :-4.69
    > 1st Qu.:-1.19 1st Qu.:-0.06
    > Median :-1.05 Median : 0.52
    > Mean :-0.32 Mean : 0.23
    > 3rd Qu.:-0.20 3rd Qu.: 0.71
    > Max. : 9.36 Max. : 3.70
    > NA's :13360 NA's :13360
    > dimension(s):
    > from to offset delta refsys point values
    > x 1 1440 0 0.25 NA NA NULL [x]
    > y 1 720 90 -0.25 NA NA NULL [y]
    > zlev 1 1 0 [m] NA NA NA NULL
    > time 1 9 1981-09-01 1 days POSIXct NA NULL
    > stars object with 5 dimensions and 1 attribute
    > attribute(s), summary of first 1e+05 cells:
    > sst.anom
    > Min. :-1.80
    > 1st Qu.:-1.19
    > Median :-1.05
    > Mean :-0.32
    > 3rd Qu.:-0.20
    > Max. : 9.36
    > NA's :13360
    > dimension(s):
    > from to offset delta refsys point values
    > x 1 1440 0 0.25 NA NA NULL [x]
    > y 1 720 90 -0.25 NA NA NULL [y]
    > zlev 1 1 0 [m] NA NA NA NULL
    > time 1 9 1981-09-01 1 days POSIXct NA NULL
    > new_dim 1 2 NA NA NA NA sst , anom
    > Error in c.stars_proxy(l[[1]], l[[2]], l[[3]], along = list(times = as.Date("1981-09-01") + :
    > for proxy objects, along argument is not implemented
    > stars_proxy object with 2 attributes in files:
    > $sst
    > [1] "NETCDF:\"/home/edzer/R/x86_64-pc-linux-gnu-library/3.5/starsdata/netcdf/avhrr-only-v2.19810901.nc\":sst"
    > [2] "NETCDF:\"/home/edzer/R/x86_64-pc-linux-gnu-library/3.5/starsdata/netcdf/avhrr-only-v2.19810902.nc\":sst"
    > [3] "NETCDF:\"/home/edzer/R/x86_64-pc-linux-gnu-library/3.5/starsdata/netcdf/avhrr-only-v2.19810903.nc\":sst"
    >
    > $anom
    > [1] "NETCDF:\"/home/edzer/R/x86_64-pc-linux-gnu-library/3.5/starsdata/netcdf/avhrr-only-v2.19810901.nc\":anom"
    > [2] "NETCDF:\"/home/edzer/R/x86_64-pc-linux-gnu-library/3.5/starsdata/netcdf/avhrr-only-v2.19810902.nc\":anom"
    > [3] "NETCDF:\"/home/edzer/R/x86_64-pc-linux-gnu-library/3.5/starsdata/netcdf/avhrr-only-v2.19810903.nc\":anom"
    >
    > dimension(s):
    > from to offset delta refsys point values
    > x 1 1440 0 0.25 NA NA NULL [x]
    > y 1 720 90 -0.25 NA NA NULL [y]
    > zlev 1 1 0 [m] NA NA NA NULL
    > time 1 1 1981-09-01 NA POSIXct NA NULL
    > times 1 3 NA NA NA NA NULL
    > call list:
    > [[1]]
    > adrop(x = x)
    >
    > [[2]]
    > adrop(x = x)
    >
    > stars_proxy object with 1 attribute in files:
    > $sst.anom
    > sst
    > "NETCDF:\"/home/edzer/R/x86_64-pc-linux-gnu-library/3.5/starsdata/netcdf/avhrr-only-v2.19810901.nc\":sst"
    > anom
    > "NETCDF:\"/home/edzer/R/x86_64-pc-linux-gnu-library/3.5/starsdata/netcdf/avhrr-only-v2.19810901.nc\":anom"
    >
    > dimension(s):
    > from to offset delta refsys point values
    > x 1 1440 0 0.25 NA NA NULL [x]
    > y 1 720 90 -0.25 NA NA NULL [y]
    > zlev 1 1 0 [m] NA NA NA NULL
    > time 1 1 1981-09-01 NA POSIXct NA NULL
    > times 1 2 1981-09-01 1 days Date NA NULL
     Running ‘raster.R’
     Comparing ‘raster.Rout’ to ‘raster.Rout.save’ ... OK
     Running ‘rasterize.R’
     Comparing ‘rasterize.Rout’ to ‘rasterize.Rout.save’ ...4c4
    < Linking to GEOS 3.6.1, GDAL 2.2.4, PROJ 4.9.3
    ---
    > Linking to GEOS 3.7.0, GDAL 2.3.2, PROJ 5.2.0
    6c6
    < Reading layer `nc.gpkg' from data source `/data/gannet/ripley/R/test-3.7/sf/gpkg/nc.gpkg' using driver `GPKG'
    ---
    > Reading layer `nc.gpkg' from data source `/home/edzer/R/x86_64-pc-linux-gnu-library/3.5/sf/gpkg/nc.gpkg' using driver `GPKG'
    78c78
    < "2.2.4"
    ---
    > "2.3.2"
     Running ‘rectilinear.R’
     Comparing ‘rectilinear.Rout’ to ‘rectilinear.Rout.save’ ... OK
     Running ‘redimension.R’
     Comparing ‘redimension.Rout’ to ‘redimension.Rout.save’ ...4c4
    < Linking to GEOS 3.6.1, GDAL 2.2.4, PROJ 4.9.3
    ---
    > Linking to GEOS 3.7.0, GDAL 2.3.2, PROJ 5.2.0
    11c11
    < "/data/gannet/ripley/R/packages/tests-devel/stars.Rcheck/stars/tif/L7_ETMs.tif"
    ---
    > "/home/edzer/git/stars.Rcheck/stars/tif/L7_ETMs.tif"
    13c13
    < "/data/gannet/ripley/R/packages/tests-devel/stars.Rcheck/stars/tif/L7_ETMs.tif"
    ---
    > "/home/edzer/git/stars.Rcheck/stars/tif/L7_ETMs.tif"
    15c15
    < "/data/gannet/ripley/R/packages/tests-devel/stars.Rcheck/stars/tif/L7_ETMs.tif"
    ---
    > "/home/edzer/git/stars.Rcheck/stars/tif/L7_ETMs.tif"
    17c17
    < "/data/gannet/ripley/R/packages/tests-devel/stars.Rcheck/stars/tif/L7_ETMs.tif"
    ---
    > "/home/edzer/git/stars.Rcheck/stars/tif/L7_ETMs.tif"
    29c29
    < "/data/gannet/ripley/R/packages/tests-devel/stars.Rcheck/stars/tif/L7_ETMs.tif"
    ---
    > "/home/edzer/git/stars.Rcheck/stars/tif/L7_ETMs.tif"
    31c31
    < "/data/gannet/ripley/R/packages/tests-devel/stars.Rcheck/stars/tif/L7_ETMs.tif"
    ---
    > "/home/edzer/git/stars.Rcheck/stars/tif/L7_ETMs.tif"
    33c33
    < "/data/gannet/ripley/R/packages/tests-devel/stars.Rcheck/stars/tif/L7_ETMs.tif"
    ---
    > "/home/edzer/git/stars.Rcheck/stars/tif/L7_ETMs.tif"
    35c35
    < "/data/gannet/ripley/R/packages/tests-devel/stars.Rcheck/stars/tif/L7_ETMs.tif"
    ---
    > "/home/edzer/git/stars.Rcheck/stars/tif/L7_ETMs.tif"
    39c39
    < "/data/gannet/ripley/R/packages/tests-devel/stars.Rcheck/stars/tif/L7_ETMs.tif"
    ---
    > "/home/edzer/git/stars.Rcheck/stars/tif/L7_ETMs.tif"
    41c41
    < "/data/gannet/ripley/R/packages/tests-devel/stars.Rcheck/stars/tif/L7_ETMs.tif"
    ---
    > "/home/edzer/git/stars.Rcheck/stars/tif/L7_ETMs.tif"
    43c43
    < "/data/gannet/ripley/R/packages/tests-devel/stars.Rcheck/stars/tif/L7_ETMs.tif"
    ---
    > "/home/edzer/git/stars.Rcheck/stars/tif/L7_ETMs.tif"
    45c45
    < "/data/gannet/ripley/R/packages/tests-devel/stars.Rcheck/stars/tif/L7_ETMs.tif"
    ---
    > "/home/edzer/git/stars.Rcheck/stars/tif/L7_ETMs.tif"
    85c85
    < "/data/gannet/ripley/R/packages/tests-devel/stars.Rcheck/stars/tif/L7_ETMs.tif"
    ---
    > "/home/edzer/git/stars.Rcheck/stars/tif/L7_ETMs.tif"
    87c87
    < "/data/gannet/ripley/R/packages/tests-devel/stars.Rcheck/stars/tif/L7_ETMs.tif"
    ---
    > "/home/edzer/git/stars.Rcheck/stars/tif/L7_ETMs.tif"
    89c89
    < "/data/gannet/ripley/R/packages/tests-devel/stars.Rcheck/stars/tif/L7_ETMs.tif"
    ---
    > "/home/edzer/git/stars.Rcheck/stars/tif/L7_ETMs.tif"
    91c91
    < "/data/gannet/ripley/R/packages/tests-devel/stars.Rcheck/stars/tif/L7_ETMs.tif"
    ---
    > "/home/edzer/git/stars.Rcheck/stars/tif/L7_ETMs.tif"
    93c93
    < "/data/gannet/ripley/R/packages/tests-devel/stars.Rcheck/stars/tif/L7_ETMs.tif"
    ---
    > "/home/edzer/git/stars.Rcheck/stars/tif/L7_ETMs.tif"
    95c95
    < "/data/gannet/ripley/R/packages/tests-devel/stars.Rcheck/stars/tif/L7_ETMs.tif"
    ---
    > "/home/edzer/git/stars.Rcheck/stars/tif/L7_ETMs.tif"
    97c97
    < "/data/gannet/ripley/R/packages/tests-devel/stars.Rcheck/stars/tif/L7_ETMs.tif"
    ---
    > "/home/edzer/git/stars.Rcheck/stars/tif/L7_ETMs.tif"
    99c99
    < "/data/gannet/ripley/R/packages/tests-devel/stars.Rcheck/stars/tif/L7_ETMs.tif"
    ---
    > "/home/edzer/git/stars.Rcheck/stars/tif/L7_ETMs.tif"
     Running ‘sf.R’
     Comparing ‘sf.Rout’ to ‘sf.Rout.save’ ... OK
     Running ‘sp.R’
     Comparing ‘sp.Rout’ to ‘sp.Rout.save’ ...41c41
    < Linking to GEOS 3.6.1, GDAL 2.2.4, PROJ 4.9.3
    ---
    > Linking to GEOS 3.7.0, GDAL 2.3.2, PROJ 5.2.0
    101c101
    < +towgs84=565.4171,50.3319,465.5524,-0.398957,0.343988,-1.8774,4.0725
    ---
    > +towgs84=565.2369,50.0087,465.658,-0.406857,0.350733,-1.87035,4.0812
    140c140
    < +towgs84=565.4171,50.3319,465.5524,-0.398957,0.343988,-1.8774,4.0725
    ---
    > +towgs84=565.2369,50.0087,465.658,-0.406857,0.350733,-1.87035,4.0812
     Running ‘spacetime.R’
     Comparing ‘spacetime.Rout’ to ‘spacetime.Rout.save’ ... OK
     Running ‘stars.R’ [17s/41s]
     Comparing ‘stars.Rout’ to ‘stars.Rout.save’ ...521a522,576
    > sst, anom,
    > sst, anom,
    > sst, anom,
    > sst, anom,
    > sst, anom,
    > sst, anom,
    > sst, anom,
    > sst, anom,
    > sst, anom,
    > stars object with 4 dimensions and 2 attributes
    > attribute(s), summary of first 1e+05 cells:
    > sst [C*°] anom [C*°]
    > Min. :-1.80 Min. :-4.69
    > 1st Qu.:-1.19 1st Qu.:-0.06
    > Median :-1.05 Median : 0.52
    > Mean :-0.32 Mean : 0.23
    > 3rd Qu.:-0.20 3rd Qu.: 0.71
    > Max. : 9.36 Max. : 3.70
    > NA's :13360 NA's :13360
    > dimension(s):
    > from to offset delta refsys point values
    > x 1 1440 0 0.25 NA NA NULL [x]
    > y 1 720 90 -0.25 NA NA NULL [y]
    > zlev 1 1 0 [m] NA NA NA NULL
    > time 1 9 1981-09-01 1 days POSIXct NA NULL
    > stars object with 3 dimensions and 2 attributes
    > attribute(s), summary of first 1e+05 cells:
    > sst [C*°] anom [C*°]
    > Min. :-1.80 Min. :-4.69
    > 1st Qu.:-1.19 1st Qu.:-0.06
    > Median :-1.05 Median : 0.52
    > Mean :-0.32 Mean : 0.23
    > 3rd Qu.:-0.20 3rd Qu.: 0.71
    > Max. : 9.36 Max. : 3.70
    > NA's :13360 NA's :13360
    > dimension(s):
    > from to offset delta refsys point values
    > x 1 1440 0 0.25 NA NA NULL [x]
    > y 1 720 90 -0.25 NA NA NULL [y]
    > times 1 3 1981-09-01 1 days Date NA NULL
    > stars object with 3 dimensions and 2 attributes
    > attribute(s), summary of first 1e+05 cells:
    > sst [C*°] anom [C*°]
    > Min. :-1.80 Min. :-4.69
    > 1st Qu.:-1.19 1st Qu.:-0.06
    > Median :-1.05 Median : 0.52
    > Mean :-0.32 Mean : 0.23
    > 3rd Qu.:-0.20 3rd Qu.: 0.71
    > Max. : 9.36 Max. : 3.70
    > NA's :13360 NA's :13360
    > dimension(s):
    > from to offset delta refsys point values
    > x 1 1440 0 0.25 NA NA NULL [x]
    > y 1 720 90 -0.25 NA NA NULL [y]
    > times 1 3 NA NA NA NA NULL
     Running ‘subset.R’
     Comparing ‘subset.Rout’ to ‘subset.Rout.save’ ... OK
     Running ‘testthat.R’
     Running ‘tidy.R’ [11s/17s]
     Comparing ‘tidy.Rout’ to ‘tidy.Rout.save’ ... OK
     Running ‘transform.R’
     Comparing ‘transform.Rout’ to ‘transform.Rout.save’ ...32c32
    < Linking to liblwgeom 2.5.0dev r16016, GEOS 3.6.1, PROJ 4.9.3
    ---
    > Linking to liblwgeom 2.5.0dev r16016, GEOS 3.7.0, PROJ 5.2.0
     Running ‘warp.R’
     Comparing ‘warp.Rout’ to ‘warp.Rout.save’ ...4c4
    < Linking to GEOS 3.6.1, GDAL 2.2.4, PROJ 4.9.3
    ---
    > Linking to GEOS 3.7.0, GDAL 2.3.2, PROJ 5.2.0
    16,17c16
    < > #if (Sys.getenv("USER") != "travis") {
    < > if (FALSE) {
    ---
    > > if (Sys.getenv("USER") != "travis") {
     Running ‘write.R’
     Comparing ‘write.Rout’ to ‘write.Rout.save’ ...29c29
    < [1] "/data/gannet/ripley/R/packages/tests-devel/stars.Rcheck/stars/tif/L7_ETMs.tif"
    ---
    > [1] "/home/edzer/git/stars.Rcheck/stars/tif/L7_ETMs.tif"
    Running the tests in ‘tests/netcdf.R’ failed.
    Complete output:
     > suppressPackageStartupMessages(library(stars))
     > # read_ncdf:
     > f <- system.file("nc/reduced.nc", package = "stars")
     > read_ncdf(f)
     Error in out[[1]] : subscript out of bounds
     Calls: read_ncdf -> create_dimensions -> setNames
     In addition: Warning message:
     Unknown or uninitialised column: 'variable'.
     Execution halted
    Running the tests in ‘tests/testthat.R’ failed.
    Complete output:
     > ## load dependencies
     > library(testthat)
     > library(stars)
     Loading required package: abind
     Loading required package: sf
     Linking to GEOS 3.6.1, GDAL 2.2.4, PROJ 4.9.3
     >
     > ## test package
     > test_check("stars")
     ── 1. Error: basic reduced comes back as expected (@test_ncdf.R#5) ────────────
     subscript out of bounds
     1: read_ncdf(f) at testthat/test_ncdf.R:5
     2: create_dimensions(setNames(dim(out[[1]]), dims$name), raster)
     3: setNames(dim(out[[1]]), dims$name)
    
     ── 2. Error: domain subsetting (@test_ncdf.R#21) ──────────────────────────────
     input ncsub doesn't match available dims
     1: read_ncdf(f, ncsub = cbind(start = c(1, 1, 1, 1), count = c(10, 12, 1, 1))) at testthat/test_ncdf.R:21
     2: stop("input ncsub doesn't match available dims")
    
     ── 3. Error: normal bcsd (@test_ncdf.R#36) ────────────────────────────────────
     subscript out of bounds
     1: read_ncdf(system.file("nc/bcsd_obs_1999.nc", package = "stars")) at testthat/test_ncdf.R:36
     2: create_dimensions(setNames(dim(out[[1]]), dims$name), raster)
     3: setNames(dim(out[[1]]), dims$name)
    
     ── 4. Error: curvilinear (@test_ncdf.R#63) ────────────────────────────────────
     subscript out of bounds
     1: read_ncdf(f, curvilinear = c("lon", "lat")) at testthat/test_ncdf.R:63
     2: create_dimensions(setNames(dim(out[[1]]), dims$name), raster)
     3: setNames(dim(out[[1]]), dims$name)
    
     ══ testthat results ═══════════════════════════════════════════════════════════
     OK: 44 SKIPPED: 0 FAILED: 4
     1. Error: basic reduced comes back as expected (@test_ncdf.R#5)
     2. Error: domain subsetting (@test_ncdf.R#21)
     3. Error: normal bcsd (@test_ncdf.R#36)
     4. Error: curvilinear (@test_ncdf.R#63)
    
     Error: testthat unit tests failed
     Execution halted
Flavor: r-devel-linux-x86_64-fedora-gcc

Version: 0.3-0
Check: tests
Result: ERROR
     Running 'aggregate.R' [3s]
     Comparing 'aggregate.Rout' to 'aggregate.Rout.save' ...68c68
    < file29a3863ae7f4a.tif
    ---
    > filec4c75271aee.tif
     Running 'area.R' [1s]
     Comparing 'area.Rout' to 'area.Rout.save' ...4c4
    < Linking to GEOS 3.6.1, GDAL 2.2.3, PROJ 4.9.3
    ---
    > Linking to GEOS 3.7.0, GDAL 2.3.2, PROJ 5.2.0
    58c58
    < [1] ""
    ---
    > [1] "/home/edzer/R/x86_64-pc-linux-gnu-library/3.5/starsdata/sentinel5p/S5P_NRTI_L2__NO2____20180717T120113_20180717T120613_03932_01_010002_20180717T125231.nc"
    66a67,86
    > //PRODUCT/longitude,
    > //PRODUCT/latitude,
    > //PRODUCT/SUPPORT_DATA/DETAILED_RESULTS/nitrogendioxide_summed_total_column,
    > stars object with 2 dimensions and 1 attribute
    > attribute(s):
    > area [m^2]
    > Min. : 25990150
    > 1st Qu.: 28050933
    > Median : 35705689
    > Mean : 42968454
    > 3rd Qu.: 54640139
    > Max. :101184840
    > dimension(s):
    > from to offset delta refsys point
    > x 1 450 NA NA +proj=longlat +datum=WGS8... NA
    > y 1 278 NA NA +proj=longlat +datum=WGS8... NA
    > values
    > x [450x278] -5.81066,...,30.9468 [x]
    > y [450x278] 28.3605,...,51.4686 [y]
    > curvilinear grid
     Running 'crop.R' [5s]
     Comparing 'crop.Rout' to 'crop.Rout.save' ... OK
     Running 'curvilinear.R' [1s]
     Comparing 'curvilinear.Rout' to 'curvilinear.Rout.save' ...4c4
    < Linking to GEOS 3.6.1, GDAL 2.2.3, PROJ 4.9.3
    ---
    > Linking to GEOS 3.7.0, GDAL 2.3.2, PROJ 5.2.0
    53a54,94
    > //PRODUCT/longitude,
    > //PRODUCT/latitude,
    > //PRODUCT/SUPPORT_DATA/DETAILED_RESULTS/nitrogendioxide_summed_total_column,
    > stars object with 2 dimensions and 1 attribute
    > attribute(s):
    > nitrogendioxide_summed_total_column
    > Min. :0e+00
    > 1st Qu.:1e-04
    > Median :1e-04
    > Mean :1e-04
    > 3rd Qu.:1e-04
    > Max. :5e-04
    > NA's :330
    > dimension(s):
    > from to offset delta refsys point
    > x 1 450 NA NA +proj=longlat +datum=WGS8... NA
    > y 1 278 NA NA +proj=longlat +datum=WGS8... NA
    > values
    > x [450x278] -5.81066,...,30.9468 [x]
    > y [450x278] 28.3605,...,51.4686 [y]
    > curvilinear grid
    > stars object with 2 dimensions and 1 attribute
    > attribute(s):
    > nitrogendioxide_summed_total_column
    > Min. :0.00005
    > 1st Qu.:0.00007
    > Median :0.00008
    > Mean :0.00009
    > 3rd Qu.:0.00009
    > Max. :0.00023
    > NA's :36
    > dimension(s):
    > from to offset delta refsys point
    > x 1 57 NA NA +proj=longlat +datum=WGS8... NA
    > y 1 35 NA NA +proj=longlat +datum=WGS8... NA
    > values
    > x [57x35] -5.59621,...,30.8488 [x]
    > y [57x35] 28.3605,...,51.1544 [y]
    > curvilinear grid
    > null device
    > 1
     Running 'gridtypes.R' [2s]
     Comparing 'gridtypes.Rout' to 'gridtypes.Rout.save' ...4c4
    < Linking to GEOS 3.6.1, GDAL 2.2.3, PROJ 4.9.3
    ---
    > Linking to GEOS 3.7.0, GDAL 2.3.2, PROJ 5.2.0
     Running 'nc.R' [2s]
     Comparing 'nc.Rout' to 'nc.Rout.save' ...6c6
    < Reading layer `nc.gpkg' from data source `D:\temp\Rtmpct2wV5\RLIBS_1031448ed732a\sf\gpkg\nc.gpkg' using driver `GPKG'
    ---
    > Reading layer `nc.gpkg' from data source `/home/edzer/R/x86_64-pc-linux-gnu-library/3.5/sf/gpkg/nc.gpkg' using driver `GPKG'
     Running 'netcdf.R' [2s]
     Running 'plot.R' [3s]
     Comparing 'plot.Rout' to 'plot.Rout.save' ...5c5
    < Linking to GEOS 3.6.1, GDAL 2.2.3, PROJ 4.9.3
    ---
    > Linking to GEOS 3.7.0, GDAL 2.3.2, PROJ 5.2.0
     Running 'proxy.R' [5s]
     Comparing 'proxy.Rout' to 'proxy.Rout.save' ...9c9
    < [1] "D:/temp/Rtmpct2wV5/RLIBS_1031448ed732a/stars/tif/L7_ETMs.tif"
    ---
    > [1] "/home/edzer/git/stars.Rcheck/stars/tif/L7_ETMs.tif"
    23c23
    < [1] "D:/temp/Rtmpct2wV5/RLIBS_1031448ed732a/stars/tif/L7_ETMs.tif"
    ---
    > [1] "/home/edzer/git/stars.Rcheck/stars/tif/L7_ETMs.tif"
    37c37
    < [1] "D:/temp/Rtmpct2wV5/RLIBS_1031448ed732a/stars/tif/L7_ETMs.tif"
    ---
    > [1] "/home/edzer/git/stars.Rcheck/stars/tif/L7_ETMs.tif"
    66c66
    < [1] "D:/temp/Rtmpct2wV5/RLIBS_1031448ed732a/stars/tif/L7_ETMs.tif"
    ---
    > [1] "/home/edzer/git/stars.Rcheck/stars/tif/L7_ETMs.tif"
    81c81
    < [1] "D:/temp/Rtmpct2wV5/RLIBS_1031448ed732a/stars/tif/L7_ETMs.tif"
    ---
    > [1] "/home/edzer/git/stars.Rcheck/stars/tif/L7_ETMs.tif"
    84c84
    < [1] "D:/temp/Rtmpct2wV5/RLIBS_1031448ed732a/stars/tif/L7_ETMs.tif"
    ---
    > [1] "/home/edzer/git/stars.Rcheck/stars/tif/L7_ETMs.tif"
    95c95
    < "D:/temp/Rtmpct2wV5/RLIBS_1031448ed732a/stars/tif/L7_ETMs.tif"
    ---
    > "/home/edzer/git/stars.Rcheck/stars/tif/L7_ETMs.tif"
    97c97
    < "D:/temp/Rtmpct2wV5/RLIBS_1031448ed732a/stars/tif/L7_ETMs.tif"
    ---
    > "/home/edzer/git/stars.Rcheck/stars/tif/L7_ETMs.tif"
    128c128
    < [1] "D:/temp/Rtmpct2wV5/RLIBS_1031448ed732a/stars/tif/L7_ETMs.tif"
    ---
    > [1] "/home/edzer/git/stars.Rcheck/stars/tif/L7_ETMs.tif"
    156c156
    < [1] "D:/temp/Rtmpct2wV5/RLIBS_1031448ed732a/stars/tif/L7_ETMs.tif"
    ---
    > [1] "/home/edzer/git/stars.Rcheck/stars/tif/L7_ETMs.tif"
    188c188
    < [1] "D:/temp/Rtmpct2wV5/RLIBS_1031448ed732a/stars/tif/L7_ETMs.tif"
    ---
    > [1] "/home/edzer/git/stars.Rcheck/stars/tif/L7_ETMs.tif"
    224c224
    < [1] "D:/temp/Rtmpct2wV5/RLIBS_1031448ed732a/stars/tif/L7_ETMs.tif"
    ---
    > [1] "/home/edzer/git/stars.Rcheck/stars/tif/L7_ETMs.tif"
    227c227
    < [1] "D:/temp/Rtmpct2wV5/RLIBS_1031448ed732a/stars/tif/L7_ETMs.tif"
    ---
    > [1] "/home/edzer/git/stars.Rcheck/stars/tif/L7_ETMs.tif"
    238c238
    < [1] "D:/temp/Rtmpct2wV5/RLIBS_1031448ed732a/stars/tif/L7_ETMs.tif"
    ---
    > [1] "/home/edzer/git/stars.Rcheck/stars/tif/L7_ETMs.tif"
    282a283,421
    > sst, anom,
    > sst, anom,
    > sst, anom,
    > sst, anom,
    > sst, anom,
    > sst, anom,
    > sst, anom,
    > sst, anom,
    > sst, anom,
    > stars_proxy object with 2 attributes in files:
    > $sst
    > avhrr-only-v2.19810901.nc
    > "NETCDF:\"/home/edzer/R/x86_64-pc-linux-gnu-library/3.5/starsdata/netcdf/avhrr-only-v2.19810901.nc\":sst"
    > avhrr-only-v2.19810902.nc
    > "NETCDF:\"/home/edzer/R/x86_64-pc-linux-gnu-library/3.5/starsdata/netcdf/avhrr-only-v2.19810902.nc\":sst"
    > avhrr-only-v2.19810903.nc
    > "NETCDF:\"/home/edzer/R/x86_64-pc-linux-gnu-library/3.5/starsdata/netcdf/avhrr-only-v2.19810903.nc\":sst"
    > avhrr-only-v2.19810904.nc
    > "NETCDF:\"/home/edzer/R/x86_64-pc-linux-gnu-library/3.5/starsdata/netcdf/avhrr-only-v2.19810904.nc\":sst"
    > avhrr-only-v2.19810905.nc
    > "NETCDF:\"/home/edzer/R/x86_64-pc-linux-gnu-library/3.5/starsdata/netcdf/avhrr-only-v2.19810905.nc\":sst"
    > avhrr-only-v2.19810906.nc
    > "NETCDF:\"/home/edzer/R/x86_64-pc-linux-gnu-library/3.5/starsdata/netcdf/avhrr-only-v2.19810906.nc\":sst"
    > avhrr-only-v2.19810907.nc
    > "NETCDF:\"/home/edzer/R/x86_64-pc-linux-gnu-library/3.5/starsdata/netcdf/avhrr-only-v2.19810907.nc\":sst"
    > avhrr-only-v2.19810908.nc
    > "NETCDF:\"/home/edzer/R/x86_64-pc-linux-gnu-library/3.5/starsdata/netcdf/avhrr-only-v2.19810908.nc\":sst"
    > avhrr-only-v2.19810909.nc
    > "NETCDF:\"/home/edzer/R/x86_64-pc-linux-gnu-library/3.5/starsdata/netcdf/avhrr-only-v2.19810909.nc\":sst"
    >
    > $anom
    > avhrr-only-v2.19810901.nc
    > "NETCDF:\"/home/edzer/R/x86_64-pc-linux-gnu-library/3.5/starsdata/netcdf/avhrr-only-v2.19810901.nc\":anom"
    > avhrr-only-v2.19810902.nc
    > "NETCDF:\"/home/edzer/R/x86_64-pc-linux-gnu-library/3.5/starsdata/netcdf/avhrr-only-v2.19810902.nc\":anom"
    > avhrr-only-v2.19810903.nc
    > "NETCDF:\"/home/edzer/R/x86_64-pc-linux-gnu-library/3.5/starsdata/netcdf/avhrr-only-v2.19810903.nc\":anom"
    > avhrr-only-v2.19810904.nc
    > "NETCDF:\"/home/edzer/R/x86_64-pc-linux-gnu-library/3.5/starsdata/netcdf/avhrr-only-v2.19810904.nc\":anom"
    > avhrr-only-v2.19810905.nc
    > "NETCDF:\"/home/edzer/R/x86_64-pc-linux-gnu-library/3.5/starsdata/netcdf/avhrr-only-v2.19810905.nc\":anom"
    > avhrr-only-v2.19810906.nc
    > "NETCDF:\"/home/edzer/R/x86_64-pc-linux-gnu-library/3.5/starsdata/netcdf/avhrr-only-v2.19810906.nc\":anom"
    > avhrr-only-v2.19810907.nc
    > "NETCDF:\"/home/edzer/R/x86_64-pc-linux-gnu-library/3.5/starsdata/netcdf/avhrr-only-v2.19810907.nc\":anom"
    > avhrr-only-v2.19810908.nc
    > "NETCDF:\"/home/edzer/R/x86_64-pc-linux-gnu-library/3.5/starsdata/netcdf/avhrr-only-v2.19810908.nc\":anom"
    > avhrr-only-v2.19810909.nc
    > "NETCDF:\"/home/edzer/R/x86_64-pc-linux-gnu-library/3.5/starsdata/netcdf/avhrr-only-v2.19810909.nc\":anom"
    >
    > dimension(s):
    > from to offset delta refsys point values
    > x 1 1440 0 0.25 NA NA NULL [x]
    > y 1 720 90 -0.25 NA NA NULL [y]
    > zlev 1 1 0 [m] NA NA NA NULL
    > time 1 9 1981-09-01 1 days POSIXct NA NULL
    > sst, anom,
    > sst, anom,
    > sst, anom,
    > sst, anom,
    > sst, anom,
    > sst, anom,
    > sst, anom,
    > sst, anom,
    > sst, anom,
    > stars object with 4 dimensions and 2 attributes
    > attribute(s), summary of first 1e+05 cells:
    > sst [C*°] anom [C*°]
    > Min. :-1.80 Min. :-4.69
    > 1st Qu.:-1.19 1st Qu.:-0.06
    > Median :-1.05 Median : 0.52
    > Mean :-0.32 Mean : 0.23
    > 3rd Qu.:-0.20 3rd Qu.: 0.71
    > Max. : 9.36 Max. : 3.70
    > NA's :13360 NA's :13360
    > dimension(s):
    > from to offset delta refsys point values
    > x 1 1440 0 0.25 NA NA NULL [x]
    > y 1 720 90 -0.25 NA NA NULL [y]
    > zlev 1 1 0 [m] NA NA NA NULL
    > time 1 9 1981-09-01 1 days POSIXct NA NULL
    > stars object with 5 dimensions and 1 attribute
    > attribute(s), summary of first 1e+05 cells:
    > sst.anom
    > Min. :-1.80
    > 1st Qu.:-1.19
    > Median :-1.05
    > Mean :-0.32
    > 3rd Qu.:-0.20
    > Max. : 9.36
    > NA's :13360
    > dimension(s):
    > from to offset delta refsys point values
    > x 1 1440 0 0.25 NA NA NULL [x]
    > y 1 720 90 -0.25 NA NA NULL [y]
    > zlev 1 1 0 [m] NA NA NA NULL
    > time 1 9 1981-09-01 1 days POSIXct NA NULL
    > new_dim 1 2 NA NA NA NA sst , anom
    > Error in c.stars_proxy(l[[1]], l[[2]], l[[3]], along = list(times = as.Date("1981-09-01") + :
    > for proxy objects, along argument is not implemented
    > stars_proxy object with 2 attributes in files:
    > $sst
    > [1] "NETCDF:\"/home/edzer/R/x86_64-pc-linux-gnu-library/3.5/starsdata/netcdf/avhrr-only-v2.19810901.nc\":sst"
    > [2] "NETCDF:\"/home/edzer/R/x86_64-pc-linux-gnu-library/3.5/starsdata/netcdf/avhrr-only-v2.19810902.nc\":sst"
    > [3] "NETCDF:\"/home/edzer/R/x86_64-pc-linux-gnu-library/3.5/starsdata/netcdf/avhrr-only-v2.19810903.nc\":sst"
    >
    > $anom
    > [1] "NETCDF:\"/home/edzer/R/x86_64-pc-linux-gnu-library/3.5/starsdata/netcdf/avhrr-only-v2.19810901.nc\":anom"
    > [2] "NETCDF:\"/home/edzer/R/x86_64-pc-linux-gnu-library/3.5/starsdata/netcdf/avhrr-only-v2.19810902.nc\":anom"
    > [3] "NETCDF:\"/home/edzer/R/x86_64-pc-linux-gnu-library/3.5/starsdata/netcdf/avhrr-only-v2.19810903.nc\":anom"
    >
    > dimension(s):
    > from to offset delta refsys point values
    > x 1 1440 0 0.25 NA NA NULL [x]
    > y 1 720 90 -0.25 NA NA NULL [y]
    > zlev 1 1 0 [m] NA NA NA NULL
    > time 1 1 1981-09-01 NA POSIXct NA NULL
    > times 1 3 NA NA NA NA NULL
    > call list:
    > [[1]]
    > adrop(x = x)
    >
    > [[2]]
    > adrop(x = x)
    >
    > stars_proxy object with 1 attribute in files:
    > $sst.anom
    > sst
    > "NETCDF:\"/home/edzer/R/x86_64-pc-linux-gnu-library/3.5/starsdata/netcdf/avhrr-only-v2.19810901.nc\":sst"
    > anom
    > "NETCDF:\"/home/edzer/R/x86_64-pc-linux-gnu-library/3.5/starsdata/netcdf/avhrr-only-v2.19810901.nc\":anom"
    >
    > dimension(s):
    > from to offset delta refsys point values
    > x 1 1440 0 0.25 NA NA NULL [x]
    > y 1 720 90 -0.25 NA NA NULL [y]
    > zlev 1 1 0 [m] NA NA NA NULL
    > time 1 1 1981-09-01 NA POSIXct NA NULL
    > times 1 2 1981-09-01 1 days Date NA NULL
     Running 'raster.R' [3s]
     Comparing 'raster.Rout' to 'raster.Rout.save' ... OK
     Running 'rasterize.R' [2s]
     Comparing 'rasterize.Rout' to 'rasterize.Rout.save' ...4c4
    < Linking to GEOS 3.6.1, GDAL 2.2.3, PROJ 4.9.3
    ---
    > Linking to GEOS 3.7.0, GDAL 2.3.2, PROJ 5.2.0
    6c6
    < Reading layer `nc.gpkg' from data source `D:\temp\Rtmpct2wV5\RLIBS_1031448ed732a\sf\gpkg\nc.gpkg' using driver `GPKG'
    ---
    > Reading layer `nc.gpkg' from data source `/home/edzer/R/x86_64-pc-linux-gnu-library/3.5/sf/gpkg/nc.gpkg' using driver `GPKG'
    78c78
    < "2.2.3"
    ---
    > "2.3.2"
     Running 'rectilinear.R' [2s]
     Comparing 'rectilinear.Rout' to 'rectilinear.Rout.save' ... OK
     Running 'redimension.R' [3s]
     Comparing 'redimension.Rout' to 'redimension.Rout.save' ...4c4
    < Linking to GEOS 3.6.1, GDAL 2.2.3, PROJ 4.9.3
    ---
    > Linking to GEOS 3.7.0, GDAL 2.3.2, PROJ 5.2.0
    11c11
    < "D:\\temp\\Rtmpct2wV5\\RLIBS_1031448ed732a\\stars\\tif\\L7_ETMs.tif"
    ---
    > "/home/edzer/git/stars.Rcheck/stars/tif/L7_ETMs.tif"
    13c13
    < "D:\\temp\\Rtmpct2wV5\\RLIBS_1031448ed732a\\stars\\tif\\L7_ETMs.tif"
    ---
    > "/home/edzer/git/stars.Rcheck/stars/tif/L7_ETMs.tif"
    15c15
    < "D:\\temp\\Rtmpct2wV5\\RLIBS_1031448ed732a\\stars\\tif\\L7_ETMs.tif"
    ---
    > "/home/edzer/git/stars.Rcheck/stars/tif/L7_ETMs.tif"
    17c17
    < "D:\\temp\\Rtmpct2wV5\\RLIBS_1031448ed732a\\stars\\tif\\L7_ETMs.tif"
    ---
    > "/home/edzer/git/stars.Rcheck/stars/tif/L7_ETMs.tif"
    29c29
    < "D:\\temp\\Rtmpct2wV5\\RLIBS_1031448ed732a\\stars\\tif\\L7_ETMs.tif"
    ---
    > "/home/edzer/git/stars.Rcheck/stars/tif/L7_ETMs.tif"
    31c31
    < "D:\\temp\\Rtmpct2wV5\\RLIBS_1031448ed732a\\stars\\tif\\L7_ETMs.tif"
    ---
    > "/home/edzer/git/stars.Rcheck/stars/tif/L7_ETMs.tif"
    33c33
    < "D:\\temp\\Rtmpct2wV5\\RLIBS_1031448ed732a\\stars\\tif\\L7_ETMs.tif"
    ---
    > "/home/edzer/git/stars.Rcheck/stars/tif/L7_ETMs.tif"
    35c35
    < "D:\\temp\\Rtmpct2wV5\\RLIBS_1031448ed732a\\stars\\tif\\L7_ETMs.tif"
    ---
    > "/home/edzer/git/stars.Rcheck/stars/tif/L7_ETMs.tif"
    39c39
    < "D:\\temp\\Rtmpct2wV5\\RLIBS_1031448ed732a\\stars\\tif\\L7_ETMs.tif"
    ---
    > "/home/edzer/git/stars.Rcheck/stars/tif/L7_ETMs.tif"
    41c41
    < "D:\\temp\\Rtmpct2wV5\\RLIBS_1031448ed732a\\stars\\tif\\L7_ETMs.tif"
    ---
    > "/home/edzer/git/stars.Rcheck/stars/tif/L7_ETMs.tif"
    43c43
    < "D:\\temp\\Rtmpct2wV5\\RLIBS_1031448ed732a\\stars\\tif\\L7_ETMs.tif"
    ---
    > "/home/edzer/git/stars.Rcheck/stars/tif/L7_ETMs.tif"
    45c45
    < "D:\\temp\\Rtmpct2wV5\\RLIBS_1031448ed732a\\stars\\tif\\L7_ETMs.tif"
    ---
    > "/home/edzer/git/stars.Rcheck/stars/tif/L7_ETMs.tif"
    85c85
    < "D:\\temp\\Rtmpct2wV5\\RLIBS_1031448ed732a\\stars\\tif\\L7_ETMs.tif"
    ---
    > "/home/edzer/git/stars.Rcheck/stars/tif/L7_ETMs.tif"
    87c87
    < "D:\\temp\\Rtmpct2wV5\\RLIBS_1031448ed732a\\stars\\tif\\L7_ETMs.tif"
    ---
    > "/home/edzer/git/stars.Rcheck/stars/tif/L7_ETMs.tif"
    89c89
    < "D:\\temp\\Rtmpct2wV5\\RLIBS_1031448ed732a\\stars\\tif\\L7_ETMs.tif"
    ---
    > "/home/edzer/git/stars.Rcheck/stars/tif/L7_ETMs.tif"
    91c91
    < "D:\\temp\\Rtmpct2wV5\\RLIBS_1031448ed732a\\stars\\tif\\L7_ETMs.tif"
    ---
    > "/home/edzer/git/stars.Rcheck/stars/tif/L7_ETMs.tif"
    93c93
    < "D:\\temp\\Rtmpct2wV5\\RLIBS_1031448ed732a\\stars\\tif\\L7_ETMs.tif"
    ---
    > "/home/edzer/git/stars.Rcheck/stars/tif/L7_ETMs.tif"
    95c95
    < "D:\\temp\\Rtmpct2wV5\\RLIBS_1031448ed732a\\stars\\tif\\L7_ETMs.tif"
    ---
    > "/home/edzer/git/stars.Rcheck/stars/tif/L7_ETMs.tif"
    97c97
    < "D:\\temp\\Rtmpct2wV5\\RLIBS_1031448ed732a\\stars\\tif\\L7_ETMs.tif"
    ---
    > "/home/edzer/git/stars.Rcheck/stars/tif/L7_ETMs.tif"
    99c99
    < "D:\\temp\\Rtmpct2wV5\\RLIBS_1031448ed732a\\stars\\tif\\L7_ETMs.tif"
    ---
    > "/home/edzer/git/stars.Rcheck/stars/tif/L7_ETMs.tif"
     Running 'sf.R' [2s]
     Comparing 'sf.Rout' to 'sf.Rout.save' ... OK
     Running 'sp.R' [2s]
     Comparing 'sp.Rout' to 'sp.Rout.save' ...41c41
    < Linking to GEOS 3.6.1, GDAL 2.2.3, PROJ 4.9.3
    ---
    > Linking to GEOS 3.7.0, GDAL 2.3.2, PROJ 5.2.0
    101c101
    < +towgs84=565.4171,50.3319,465.5524,-0.398957,0.343988,-1.8774,4.0725
    ---
    > +towgs84=565.2369,50.0087,465.658,-0.406857,0.350733,-1.87035,4.0812
    140c140
    < +towgs84=565.4171,50.3319,465.5524,-0.398957,0.343988,-1.8774,4.0725
    ---
    > +towgs84=565.2369,50.0087,465.658,-0.406857,0.350733,-1.87035,4.0812
     Running 'spacetime.R' [2s]
     Comparing 'spacetime.Rout' to 'spacetime.Rout.save' ... OK
     Running 'stars.R' [17s]
     Comparing 'stars.Rout' to 'stars.Rout.save' ...262c262
    < 4 1841005 1143985
    ---
    > 4 1841004 1143985
    266c266
    < 8 1841011 1143965
    ---
    > 8 1841010 1143965
    521a522,576
    > sst, anom,
    > sst, anom,
    > sst, anom,
    > sst, anom,
    > sst, anom,
    > sst, anom,
    > sst, anom,
    > sst, anom,
    > sst, anom,
    > stars object with 4 dimensions and 2 attributes
    > attribute(s), summary of first 1e+05 cells:
    > sst [C*°] anom [C*°]
    > Min. :-1.80 Min. :-4.69
    > 1st Qu.:-1.19 1st Qu.:-0.06
    > Median :-1.05 Median : 0.52
    > Mean :-0.32 Mean : 0.23
    > 3rd Qu.:-0.20 3rd Qu.: 0.71
    > Max. : 9.36 Max. : 3.70
    > NA's :13360 NA's :13360
    > dimension(s):
    > from to offset delta refsys point values
    > x 1 1440 0 0.25 NA NA NULL [x]
    > y 1 720 90 -0.25 NA NA NULL [y]
    > zlev 1 1 0 [m] NA NA NA NULL
    > time 1 9 1981-09-01 1 days POSIXct NA NULL
    > stars object with 3 dimensions and 2 attributes
    > attribute(s), summary of first 1e+05 cells:
    > sst [C*°] anom [C*°]
    > Min. :-1.80 Min. :-4.69
    > 1st Qu.:-1.19 1st Qu.:-0.06
    > Median :-1.05 Median : 0.52
    > Mean :-0.32 Mean : 0.23
    > 3rd Qu.:-0.20 3rd Qu.: 0.71
    > Max. : 9.36 Max. : 3.70
    > NA's :13360 NA's :13360
    > dimension(s):
    > from to offset delta refsys point values
    > x 1 1440 0 0.25 NA NA NULL [x]
    > y 1 720 90 -0.25 NA NA NULL [y]
    > times 1 3 1981-09-01 1 days Date NA NULL
    > stars object with 3 dimensions and 2 attributes
    > attribute(s), summary of first 1e+05 cells:
    > sst [C*°] anom [C*°]
    > Min. :-1.80 Min. :-4.69
    > 1st Qu.:-1.19 1st Qu.:-0.06
    > Median :-1.05 Median : 0.52
    > Mean :-0.32 Mean : 0.23
    > 3rd Qu.:-0.20 3rd Qu.: 0.71
    > Max. : 9.36 Max. : 3.70
    > NA's :13360 NA's :13360
    > dimension(s):
    > from to offset delta refsys point values
    > x 1 1440 0 0.25 NA NA NULL [x]
    > y 1 720 90 -0.25 NA NA NULL [y]
    > times 1 3 NA NA NA NA NULL
     Running 'subset.R' [1s]
     Comparing 'subset.Rout' to 'subset.Rout.save' ... OK
     Running 'testthat.R' [3s]
     Running 'tidy.R' [12s]
     Comparing 'tidy.Rout' to 'tidy.Rout.save' ... OK
     Running 'transform.R' [2s]
     Comparing 'transform.Rout' to 'transform.Rout.save' ...32c32
    < Linking to liblwgeom 2.5.0dev r16016, GEOS 3.6.1, PROJ 4.9.3
    ---
    > Linking to liblwgeom 2.5.0dev r16016, GEOS 3.7.0, PROJ 5.2.0
     Running 'warp.R' [1s]
     Comparing 'warp.Rout' to 'warp.Rout.save' ...4c4
    < Linking to GEOS 3.6.1, GDAL 2.2.3, PROJ 4.9.3
    ---
    > Linking to GEOS 3.7.0, GDAL 2.3.2, PROJ 5.2.0
    16,17c16
    < > #if (Sys.getenv("USER") != "travis") {
    < > if (FALSE) {
    ---
    > > if (Sys.getenv("USER") != "travis") {
     Running 'write.R' [1s]
     Comparing 'write.Rout' to 'write.Rout.save' ...29c29
    < [1] "D:/temp/Rtmpct2wV5/RLIBS_1031448ed732a/stars/tif/L7_ETMs.tif"
    ---
    > [1] "/home/edzer/git/stars.Rcheck/stars/tif/L7_ETMs.tif"
    Running the tests in 'tests/netcdf.R' failed.
    Complete output:
     > suppressPackageStartupMessages(library(stars))
     > # read_ncdf:
     > f <- system.file("nc/reduced.nc", package = "stars")
     > read_ncdf(f)
     Error in out[[1]] : subscript out of bounds
     Calls: read_ncdf -> create_dimensions -> setNames
     In addition: Warning message:
     Unknown or uninitialised column: 'variable'.
     Execution halted
    Running the tests in 'tests/testthat.R' failed.
    Complete output:
     > ## load dependencies
     > library(testthat)
     > library(stars)
     Loading required package: abind
     Loading required package: sf
     Linking to GEOS 3.6.1, GDAL 2.2.3, PROJ 4.9.3
     >
     > ## test package
     > test_check("stars")
     -- 1. Error: basic reduced comes back as expected (@test_ncdf.R#5) ------------
     subscript out of bounds
     1: read_ncdf(f) at testthat/test_ncdf.R:5
     2: create_dimensions(setNames(dim(out[[1]]), dims$name), raster)
     3: setNames(dim(out[[1]]), dims$name)
    
     -- 2. Error: domain subsetting (@test_ncdf.R#21) ------------------------------
     input ncsub doesn't match available dims
     1: read_ncdf(f, ncsub = cbind(start = c(1, 1, 1, 1), count = c(10, 12, 1, 1))) at testthat/test_ncdf.R:21
     2: stop("input ncsub doesn't match available dims")
    
     -- 3. Error: normal bcsd (@test_ncdf.R#36) ------------------------------------
     subscript out of bounds
     1: read_ncdf(system.file("nc/bcsd_obs_1999.nc", package = "stars")) at testthat/test_ncdf.R:36
     2: create_dimensions(setNames(dim(out[[1]]), dims$name), raster)
     3: setNames(dim(out[[1]]), dims$name)
    
     -- 4. Error: curvilinear (@test_ncdf.R#63) ------------------------------------
     subscript out of bounds
     1: read_ncdf(f, curvilinear = c("lon", "lat")) at testthat/test_ncdf.R:63
     2: create_dimensions(setNames(dim(out[[1]]), dims$name), raster)
     3: setNames(dim(out[[1]]), dims$name)
    
     == testthat results ===========================================================
     OK: 44 SKIPPED: 0 FAILED: 4
     1. Error: basic reduced comes back as expected (@test_ncdf.R#5)
     2. Error: domain subsetting (@test_ncdf.R#21)
     3. Error: normal bcsd (@test_ncdf.R#36)
     4. Error: curvilinear (@test_ncdf.R#63)
    
     Error: testthat unit tests failed
     Execution halted
Flavor: r-devel-windows-ix86+x86_64

Version: 0.3-0
Check: tests
Result: ERROR
     Running ‘aggregate.R’
     Comparing ‘aggregate.Rout’ to ‘aggregate.Rout.save’ ...68c68
    < file2dee52ad50bc.tif
    ---
    > filec4c75271aee.tif
     Running ‘area.R’
     Comparing ‘area.Rout’ to ‘area.Rout.save’ ...4c4
    < Linking to GEOS 3.6.3, GDAL 2.2.4, PROJ 5.1.0
    ---
    > Linking to GEOS 3.7.0, GDAL 2.3.2, PROJ 5.2.0
    58c58
    < [1] ""
    ---
    > [1] "/home/edzer/R/x86_64-pc-linux-gnu-library/3.5/starsdata/sentinel5p/S5P_NRTI_L2__NO2____20180717T120113_20180717T120613_03932_01_010002_20180717T125231.nc"
    66a67,86
    > //PRODUCT/longitude,
    > //PRODUCT/latitude,
    > //PRODUCT/SUPPORT_DATA/DETAILED_RESULTS/nitrogendioxide_summed_total_column,
    > stars object with 2 dimensions and 1 attribute
    > attribute(s):
    > area [m^2]
    > Min. : 25990150
    > 1st Qu.: 28050933
    > Median : 35705689
    > Mean : 42968454
    > 3rd Qu.: 54640139
    > Max. :101184840
    > dimension(s):
    > from to offset delta refsys point
    > x 1 450 NA NA +proj=longlat +datum=WGS8... NA
    > y 1 278 NA NA +proj=longlat +datum=WGS8... NA
    > values
    > x [450x278] -5.81066,...,30.9468 [x]
    > y [450x278] 28.3605,...,51.4686 [y]
    > curvilinear grid
     Running ‘crop.R’
     Comparing ‘crop.Rout’ to ‘crop.Rout.save’ ... OK
     Running ‘curvilinear.R’
     Comparing ‘curvilinear.Rout’ to ‘curvilinear.Rout.save’ ...4c4
    < Linking to GEOS 3.6.3, GDAL 2.2.4, PROJ 5.1.0
    ---
    > Linking to GEOS 3.7.0, GDAL 2.3.2, PROJ 5.2.0
    53a54,94
    > //PRODUCT/longitude,
    > //PRODUCT/latitude,
    > //PRODUCT/SUPPORT_DATA/DETAILED_RESULTS/nitrogendioxide_summed_total_column,
    > stars object with 2 dimensions and 1 attribute
    > attribute(s):
    > nitrogendioxide_summed_total_column
    > Min. :0e+00
    > 1st Qu.:1e-04
    > Median :1e-04
    > Mean :1e-04
    > 3rd Qu.:1e-04
    > Max. :5e-04
    > NA's :330
    > dimension(s):
    > from to offset delta refsys point
    > x 1 450 NA NA +proj=longlat +datum=WGS8... NA
    > y 1 278 NA NA +proj=longlat +datum=WGS8... NA
    > values
    > x [450x278] -5.81066,...,30.9468 [x]
    > y [450x278] 28.3605,...,51.4686 [y]
    > curvilinear grid
    > stars object with 2 dimensions and 1 attribute
    > attribute(s):
    > nitrogendioxide_summed_total_column
    > Min. :0.00005
    > 1st Qu.:0.00007
    > Median :0.00008
    > Mean :0.00009
    > 3rd Qu.:0.00009
    > Max. :0.00023
    > NA's :36
    > dimension(s):
    > from to offset delta refsys point
    > x 1 57 NA NA +proj=longlat +datum=WGS8... NA
    > y 1 35 NA NA +proj=longlat +datum=WGS8... NA
    > values
    > x [57x35] -5.59621,...,30.8488 [x]
    > y [57x35] 28.3605,...,51.1544 [y]
    > curvilinear grid
    > null device
    > 1
     Running ‘gridtypes.R’
     Comparing ‘gridtypes.Rout’ to ‘gridtypes.Rout.save’ ...4c4
    < Linking to GEOS 3.6.3, GDAL 2.2.4, PROJ 5.1.0
    ---
    > Linking to GEOS 3.7.0, GDAL 2.3.2, PROJ 5.2.0
     Running ‘nc.R’
     Comparing ‘nc.Rout’ to ‘nc.Rout.save’ ...6c6
    < Reading layer `nc.gpkg' from data source `/home/ripley/R/Lib32/sf/gpkg/nc.gpkg' using driver `GPKG'
    ---
    > Reading layer `nc.gpkg' from data source `/home/edzer/R/x86_64-pc-linux-gnu-library/3.5/sf/gpkg/nc.gpkg' using driver `GPKG'
     Running ‘netcdf.R’
     Running ‘plot.R’
     Comparing ‘plot.Rout’ to ‘plot.Rout.save’ ...5c5
    < Linking to GEOS 3.6.3, GDAL 2.2.4, PROJ 5.1.0
    ---
    > Linking to GEOS 3.7.0, GDAL 2.3.2, PROJ 5.2.0
     Running ‘proxy.R’
     Comparing ‘proxy.Rout’ to ‘proxy.Rout.save’ ...9c9
    < [1] "/home/ripley/R/Lib32/stars/tif/L7_ETMs.tif"
    ---
    > [1] "/home/edzer/git/stars.Rcheck/stars/tif/L7_ETMs.tif"
    23c23
    < [1] "/home/ripley/R/Lib32/stars/tif/L7_ETMs.tif"
    ---
    > [1] "/home/edzer/git/stars.Rcheck/stars/tif/L7_ETMs.tif"
    37c37
    < [1] "/home/ripley/R/Lib32/stars/tif/L7_ETMs.tif"
    ---
    > [1] "/home/edzer/git/stars.Rcheck/stars/tif/L7_ETMs.tif"
    66c66
    < [1] "/home/ripley/R/Lib32/stars/tif/L7_ETMs.tif"
    ---
    > [1] "/home/edzer/git/stars.Rcheck/stars/tif/L7_ETMs.tif"
    81c81
    < [1] "/home/ripley/R/Lib32/stars/tif/L7_ETMs.tif"
    ---
    > [1] "/home/edzer/git/stars.Rcheck/stars/tif/L7_ETMs.tif"
    84c84
    < [1] "/home/ripley/R/Lib32/stars/tif/L7_ETMs.tif"
    ---
    > [1] "/home/edzer/git/stars.Rcheck/stars/tif/L7_ETMs.tif"
    95c95
    < "/home/ripley/R/Lib32/stars/tif/L7_ETMs.tif"
    ---
    > "/home/edzer/git/stars.Rcheck/stars/tif/L7_ETMs.tif"
    97c97
    < "/home/ripley/R/Lib32/stars/tif/L7_ETMs.tif"
    ---
    > "/home/edzer/git/stars.Rcheck/stars/tif/L7_ETMs.tif"
    128c128
    < [1] "/home/ripley/R/Lib32/stars/tif/L7_ETMs.tif"
    ---
    > [1] "/home/edzer/git/stars.Rcheck/stars/tif/L7_ETMs.tif"
    156c156
    < [1] "/home/ripley/R/Lib32/stars/tif/L7_ETMs.tif"
    ---
    > [1] "/home/edzer/git/stars.Rcheck/stars/tif/L7_ETMs.tif"
    188c188
    < [1] "/home/ripley/R/Lib32/stars/tif/L7_ETMs.tif"
    ---
    > [1] "/home/edzer/git/stars.Rcheck/stars/tif/L7_ETMs.tif"
    224c224
    < [1] "/home/ripley/R/Lib32/stars/tif/L7_ETMs.tif"
    ---
    > [1] "/home/edzer/git/stars.Rcheck/stars/tif/L7_ETMs.tif"
    227c227
    < [1] "/home/ripley/R/Lib32/stars/tif/L7_ETMs.tif"
    ---
    > [1] "/home/edzer/git/stars.Rcheck/stars/tif/L7_ETMs.tif"
    238c238
    < [1] "/home/ripley/R/Lib32/stars/tif/L7_ETMs.tif"
    ---
    > [1] "/home/edzer/git/stars.Rcheck/stars/tif/L7_ETMs.tif"
    282a283,421
    > sst, anom,
    > sst, anom,
    > sst, anom,
    > sst, anom,
    > sst, anom,
    > sst, anom,
    > sst, anom,
    > sst, anom,
    > sst, anom,
    > stars_proxy object with 2 attributes in files:
    > $sst
    > avhrr-only-v2.19810901.nc
    > "NETCDF:\"/home/edzer/R/x86_64-pc-linux-gnu-library/3.5/starsdata/netcdf/avhrr-only-v2.19810901.nc\":sst"
    > avhrr-only-v2.19810902.nc
    > "NETCDF:\"/home/edzer/R/x86_64-pc-linux-gnu-library/3.5/starsdata/netcdf/avhrr-only-v2.19810902.nc\":sst"
    > avhrr-only-v2.19810903.nc
    > "NETCDF:\"/home/edzer/R/x86_64-pc-linux-gnu-library/3.5/starsdata/netcdf/avhrr-only-v2.19810903.nc\":sst"
    > avhrr-only-v2.19810904.nc
    > "NETCDF:\"/home/edzer/R/x86_64-pc-linux-gnu-library/3.5/starsdata/netcdf/avhrr-only-v2.19810904.nc\":sst"
    > avhrr-only-v2.19810905.nc
    > "NETCDF:\"/home/edzer/R/x86_64-pc-linux-gnu-library/3.5/starsdata/netcdf/avhrr-only-v2.19810905.nc\":sst"
    > avhrr-only-v2.19810906.nc
    > "NETCDF:\"/home/edzer/R/x86_64-pc-linux-gnu-library/3.5/starsdata/netcdf/avhrr-only-v2.19810906.nc\":sst"
    > avhrr-only-v2.19810907.nc
    > "NETCDF:\"/home/edzer/R/x86_64-pc-linux-gnu-library/3.5/starsdata/netcdf/avhrr-only-v2.19810907.nc\":sst"
    > avhrr-only-v2.19810908.nc
    > "NETCDF:\"/home/edzer/R/x86_64-pc-linux-gnu-library/3.5/starsdata/netcdf/avhrr-only-v2.19810908.nc\":sst"
    > avhrr-only-v2.19810909.nc
    > "NETCDF:\"/home/edzer/R/x86_64-pc-linux-gnu-library/3.5/starsdata/netcdf/avhrr-only-v2.19810909.nc\":sst"
    >
    > $anom
    > avhrr-only-v2.19810901.nc
    > "NETCDF:\"/home/edzer/R/x86_64-pc-linux-gnu-library/3.5/starsdata/netcdf/avhrr-only-v2.19810901.nc\":anom"
    > avhrr-only-v2.19810902.nc
    > "NETCDF:\"/home/edzer/R/x86_64-pc-linux-gnu-library/3.5/starsdata/netcdf/avhrr-only-v2.19810902.nc\":anom"
    > avhrr-only-v2.19810903.nc
    > "NETCDF:\"/home/edzer/R/x86_64-pc-linux-gnu-library/3.5/starsdata/netcdf/avhrr-only-v2.19810903.nc\":anom"
    > avhrr-only-v2.19810904.nc
    > "NETCDF:\"/home/edzer/R/x86_64-pc-linux-gnu-library/3.5/starsdata/netcdf/avhrr-only-v2.19810904.nc\":anom"
    > avhrr-only-v2.19810905.nc
    > "NETCDF:\"/home/edzer/R/x86_64-pc-linux-gnu-library/3.5/starsdata/netcdf/avhrr-only-v2.19810905.nc\":anom"
    > avhrr-only-v2.19810906.nc
    > "NETCDF:\"/home/edzer/R/x86_64-pc-linux-gnu-library/3.5/starsdata/netcdf/avhrr-only-v2.19810906.nc\":anom"
    > avhrr-only-v2.19810907.nc
    > "NETCDF:\"/home/edzer/R/x86_64-pc-linux-gnu-library/3.5/starsdata/netcdf/avhrr-only-v2.19810907.nc\":anom"
    > avhrr-only-v2.19810908.nc
    > "NETCDF:\"/home/edzer/R/x86_64-pc-linux-gnu-library/3.5/starsdata/netcdf/avhrr-only-v2.19810908.nc\":anom"
    > avhrr-only-v2.19810909.nc
    > "NETCDF:\"/home/edzer/R/x86_64-pc-linux-gnu-library/3.5/starsdata/netcdf/avhrr-only-v2.19810909.nc\":anom"
    >
    > dimension(s):
    > from to offset delta refsys point values
    > x 1 1440 0 0.25 NA NA NULL [x]
    > y 1 720 90 -0.25 NA NA NULL [y]
    > zlev 1 1 0 [m] NA NA NA NULL
    > time 1 9 1981-09-01 1 days POSIXct NA NULL
    > sst, anom,
    > sst, anom,
    > sst, anom,
    > sst, anom,
    > sst, anom,
    > sst, anom,
    > sst, anom,
    > sst, anom,
    > sst, anom,
    > stars object with 4 dimensions and 2 attributes
    > attribute(s), summary of first 1e+05 cells:
    > sst [C*°] anom [C*°]
    > Min. :-1.80 Min. :-4.69
    > 1st Qu.:-1.19 1st Qu.:-0.06
    > Median :-1.05 Median : 0.52
    > Mean :-0.32 Mean : 0.23
    > 3rd Qu.:-0.20 3rd Qu.: 0.71
    > Max. : 9.36 Max. : 3.70
    > NA's :13360 NA's :13360
    > dimension(s):
    > from to offset delta refsys point values
    > x 1 1440 0 0.25 NA NA NULL [x]
    > y 1 720 90 -0.25 NA NA NULL [y]
    > zlev 1 1 0 [m] NA NA NA NULL
    > time 1 9 1981-09-01 1 days POSIXct NA NULL
    > stars object with 5 dimensions and 1 attribute
    > attribute(s), summary of first 1e+05 cells:
    > sst.anom
    > Min. :-1.80
    > 1st Qu.:-1.19
    > Median :-1.05
    > Mean :-0.32
    > 3rd Qu.:-0.20
    > Max. : 9.36
    > NA's :13360
    > dimension(s):
    > from to offset delta refsys point values
    > x 1 1440 0 0.25 NA NA NULL [x]
    > y 1 720 90 -0.25 NA NA NULL [y]
    > zlev 1 1 0 [m] NA NA NA NULL
    > time 1 9 1981-09-01 1 days POSIXct NA NULL
    > new_dim 1 2 NA NA NA NA sst , anom
    > Error in c.stars_proxy(l[[1]], l[[2]], l[[3]], along = list(times = as.Date("1981-09-01") + :
    > for proxy objects, along argument is not implemented
    > stars_proxy object with 2 attributes in files:
    > $sst
    > [1] "NETCDF:\"/home/edzer/R/x86_64-pc-linux-gnu-library/3.5/starsdata/netcdf/avhrr-only-v2.19810901.nc\":sst"
    > [2] "NETCDF:\"/home/edzer/R/x86_64-pc-linux-gnu-library/3.5/starsdata/netcdf/avhrr-only-v2.19810902.nc\":sst"
    > [3] "NETCDF:\"/home/edzer/R/x86_64-pc-linux-gnu-library/3.5/starsdata/netcdf/avhrr-only-v2.19810903.nc\":sst"
    >
    > $anom
    > [1] "NETCDF:\"/home/edzer/R/x86_64-pc-linux-gnu-library/3.5/starsdata/netcdf/avhrr-only-v2.19810901.nc\":anom"
    > [2] "NETCDF:\"/home/edzer/R/x86_64-pc-linux-gnu-library/3.5/starsdata/netcdf/avhrr-only-v2.19810902.nc\":anom"
    > [3] "NETCDF:\"/home/edzer/R/x86_64-pc-linux-gnu-library/3.5/starsdata/netcdf/avhrr-only-v2.19810903.nc\":anom"
    >
    > dimension(s):
    > from to offset delta refsys point values
    > x 1 1440 0 0.25 NA NA NULL [x]
    > y 1 720 90 -0.25 NA NA NULL [y]
    > zlev 1 1 0 [m] NA NA NA NULL
    > time 1 1 1981-09-01 NA POSIXct NA NULL
    > times 1 3 NA NA NA NA NULL
    > call list:
    > [[1]]
    > adrop(x = x)
    >
    > [[2]]
    > adrop(x = x)
    >
    > stars_proxy object with 1 attribute in files:
    > $sst.anom
    > sst
    > "NETCDF:\"/home/edzer/R/x86_64-pc-linux-gnu-library/3.5/starsdata/netcdf/avhrr-only-v2.19810901.nc\":sst"
    > anom
    > "NETCDF:\"/home/edzer/R/x86_64-pc-linux-gnu-library/3.5/starsdata/netcdf/avhrr-only-v2.19810901.nc\":anom"
    >
    > dimension(s):
    > from to offset delta refsys point values
    > x 1 1440 0 0.25 NA NA NULL [x]
    > y 1 720 90 -0.25 NA NA NULL [y]
    > zlev 1 1 0 [m] NA NA NA NULL
    > time 1 1 1981-09-01 NA POSIXct NA NULL
    > times 1 2 1981-09-01 1 days Date NA NULL
     Running ‘raster.R’
     Comparing ‘raster.Rout’ to ‘raster.Rout.save’ ... OK
     Running ‘rasterize.R’
     Comparing ‘rasterize.Rout’ to ‘rasterize.Rout.save’ ...4c4
    < Linking to GEOS 3.6.3, GDAL 2.2.4, PROJ 5.1.0
    ---
    > Linking to GEOS 3.7.0, GDAL 2.3.2, PROJ 5.2.0
    6c6
    < Reading layer `nc.gpkg' from data source `/home/ripley/R/Lib32/sf/gpkg/nc.gpkg' using driver `GPKG'
    ---
    > Reading layer `nc.gpkg' from data source `/home/edzer/R/x86_64-pc-linux-gnu-library/3.5/sf/gpkg/nc.gpkg' using driver `GPKG'
    78c78
    < "2.2.4"
    ---
    > "2.3.2"
     Running ‘rectilinear.R’
     Comparing ‘rectilinear.Rout’ to ‘rectilinear.Rout.save’ ... OK
     Running ‘redimension.R’
     Comparing ‘redimension.Rout’ to ‘redimension.Rout.save’ ...4c4
    < Linking to GEOS 3.6.3, GDAL 2.2.4, PROJ 5.1.0
    ---
    > Linking to GEOS 3.7.0, GDAL 2.3.2, PROJ 5.2.0
    11c11
    < "/home/ripley/R/Lib32/stars/tif/L7_ETMs.tif"
    ---
    > "/home/edzer/git/stars.Rcheck/stars/tif/L7_ETMs.tif"
    13c13
    < "/home/ripley/R/Lib32/stars/tif/L7_ETMs.tif"
    ---
    > "/home/edzer/git/stars.Rcheck/stars/tif/L7_ETMs.tif"
    15c15
    < "/home/ripley/R/Lib32/stars/tif/L7_ETMs.tif"
    ---
    > "/home/edzer/git/stars.Rcheck/stars/tif/L7_ETMs.tif"
    17c17
    < "/home/ripley/R/Lib32/stars/tif/L7_ETMs.tif"
    ---
    > "/home/edzer/git/stars.Rcheck/stars/tif/L7_ETMs.tif"
    29c29
    < "/home/ripley/R/Lib32/stars/tif/L7_ETMs.tif"
    ---
    > "/home/edzer/git/stars.Rcheck/stars/tif/L7_ETMs.tif"
    31c31
    < "/home/ripley/R/Lib32/stars/tif/L7_ETMs.tif"
    ---
    > "/home/edzer/git/stars.Rcheck/stars/tif/L7_ETMs.tif"
    33c33
    < "/home/ripley/R/Lib32/stars/tif/L7_ETMs.tif"
    ---
    > "/home/edzer/git/stars.Rcheck/stars/tif/L7_ETMs.tif"
    35c35
    < "/home/ripley/R/Lib32/stars/tif/L7_ETMs.tif"
    ---
    > "/home/edzer/git/stars.Rcheck/stars/tif/L7_ETMs.tif"
    39c39
    < "/home/ripley/R/Lib32/stars/tif/L7_ETMs.tif"
    ---
    > "/home/edzer/git/stars.Rcheck/stars/tif/L7_ETMs.tif"
    41c41
    < "/home/ripley/R/Lib32/stars/tif/L7_ETMs.tif"
    ---
    > "/home/edzer/git/stars.Rcheck/stars/tif/L7_ETMs.tif"
    43c43
    < "/home/ripley/R/Lib32/stars/tif/L7_ETMs.tif"
    ---
    > "/home/edzer/git/stars.Rcheck/stars/tif/L7_ETMs.tif"
    45c45
    < "/home/ripley/R/Lib32/stars/tif/L7_ETMs.tif"
    ---
    > "/home/edzer/git/stars.Rcheck/stars/tif/L7_ETMs.tif"
    85c85
    < "/home/ripley/R/Lib32/stars/tif/L7_ETMs.tif"
    ---
    > "/home/edzer/git/stars.Rcheck/stars/tif/L7_ETMs.tif"
    87c87
    < "/home/ripley/R/Lib32/stars/tif/L7_ETMs.tif"
    ---
    > "/home/edzer/git/stars.Rcheck/stars/tif/L7_ETMs.tif"
    89c89
    < "/home/ripley/R/Lib32/stars/tif/L7_ETMs.tif"
    ---
    > "/home/edzer/git/stars.Rcheck/stars/tif/L7_ETMs.tif"
    91c91
    < "/home/ripley/R/Lib32/stars/tif/L7_ETMs.tif"
    ---
    > "/home/edzer/git/stars.Rcheck/stars/tif/L7_ETMs.tif"
    93c93
    < "/home/ripley/R/Lib32/stars/tif/L7_ETMs.tif"
    ---
    > "/home/edzer/git/stars.Rcheck/stars/tif/L7_ETMs.tif"
    95c95
    < "/home/ripley/R/Lib32/stars/tif/L7_ETMs.tif"
    ---
    > "/home/edzer/git/stars.Rcheck/stars/tif/L7_ETMs.tif"
    97c97
    < "/home/ripley/R/Lib32/stars/tif/L7_ETMs.tif"
    ---
    > "/home/edzer/git/stars.Rcheck/stars/tif/L7_ETMs.tif"
    99c99
    < "/home/ripley/R/Lib32/stars/tif/L7_ETMs.tif"
    ---
    > "/home/edzer/git/stars.Rcheck/stars/tif/L7_ETMs.tif"
     Running ‘sf.R’
     Comparing ‘sf.Rout’ to ‘sf.Rout.save’ ... OK
     Running ‘sp.R’
     Comparing ‘sp.Rout’ to ‘sp.Rout.save’ ...41c41
    < Linking to GEOS 3.6.3, GDAL 2.2.4, PROJ 5.1.0
    ---
    > Linking to GEOS 3.7.0, GDAL 2.3.2, PROJ 5.2.0
     Running ‘spacetime.R’
     Comparing ‘spacetime.Rout’ to ‘spacetime.Rout.save’ ... OK
     Running ‘stars.R’ [25s/25s]
     Comparing ‘stars.Rout’ to ‘stars.Rout.save’ ...521a522,576
    > sst, anom,
    > sst, anom,
    > sst, anom,
    > sst, anom,
    > sst, anom,
    > sst, anom,
    > sst, anom,
    > sst, anom,
    > sst, anom,
    > stars object with 4 dimensions and 2 attributes
    > attribute(s), summary of first 1e+05 cells:
    > sst [C*°] anom [C*°]
    > Min. :-1.80 Min. :-4.69
    > 1st Qu.:-1.19 1st Qu.:-0.06
    > Median :-1.05 Median : 0.52
    > Mean :-0.32 Mean : 0.23
    > 3rd Qu.:-0.20 3rd Qu.: 0.71
    > Max. : 9.36 Max. : 3.70
    > NA's :13360 NA's :13360
    > dimension(s):
    > from to offset delta refsys point values
    > x 1 1440 0 0.25 NA NA NULL [x]
    > y 1 720 90 -0.25 NA NA NULL [y]
    > zlev 1 1 0 [m] NA NA NA NULL
    > time 1 9 1981-09-01 1 days POSIXct NA NULL
    > stars object with 3 dimensions and 2 attributes
    > attribute(s), summary of first 1e+05 cells:
    > sst [C*°] anom [C*°]
    > Min. :-1.80 Min. :-4.69
    > 1st Qu.:-1.19 1st Qu.:-0.06
    > Median :-1.05 Median : 0.52
    > Mean :-0.32 Mean : 0.23
    > 3rd Qu.:-0.20 3rd Qu.: 0.71
    > Max. : 9.36 Max. : 3.70
    > NA's :13360 NA's :13360
    > dimension(s):
    > from to offset delta refsys point values
    > x 1 1440 0 0.25 NA NA NULL [x]
    > y 1 720 90 -0.25 NA NA NULL [y]
    > times 1 3 1981-09-01 1 days Date NA NULL
    > stars object with 3 dimensions and 2 attributes
    > attribute(s), summary of first 1e+05 cells:
    > sst [C*°] anom [C*°]
    > Min. :-1.80 Min. :-4.69
    > 1st Qu.:-1.19 1st Qu.:-0.06
    > Median :-1.05 Median : 0.52
    > Mean :-0.32 Mean : 0.23
    > 3rd Qu.:-0.20 3rd Qu.: 0.71
    > Max. : 9.36 Max. : 3.70
    > NA's :13360 NA's :13360
    > dimension(s):
    > from to offset delta refsys point values
    > x 1 1440 0 0.25 NA NA NULL [x]
    > y 1 720 90 -0.25 NA NA NULL [y]
    > times 1 3 NA NA NA NA NULL
     Running ‘subset.R’
     Comparing ‘subset.Rout’ to ‘subset.Rout.save’ ... OK
     Running ‘testthat.R’
     Running ‘tidy.R’ [18s/18s]
     Comparing ‘tidy.Rout’ to ‘tidy.Rout.save’ ... OK
     Running ‘transform.R’
     Comparing ‘transform.Rout’ to ‘transform.Rout.save’ ...32c32
    < Linking to liblwgeom 2.5.0dev r16016, GEOS 3.6.3, PROJ 5.1.0
    ---
    > Linking to liblwgeom 2.5.0dev r16016, GEOS 3.7.0, PROJ 5.2.0
     Running ‘warp.R’
     Comparing ‘warp.Rout’ to ‘warp.Rout.save’ ...4c4
    < Linking to GEOS 3.6.3, GDAL 2.2.4, PROJ 5.1.0
    ---
    > Linking to GEOS 3.7.0, GDAL 2.3.2, PROJ 5.2.0
    16,17c16
    < > #if (Sys.getenv("USER") != "travis") {
    < > if (FALSE) {
    ---
    > > if (Sys.getenv("USER") != "travis") {
     Running ‘write.R’
     Comparing ‘write.Rout’ to ‘write.Rout.save’ ...29c29
    < [1] "/home/ripley/R/Lib32/stars/tif/L7_ETMs.tif"
    ---
    > [1] "/home/edzer/git/stars.Rcheck/stars/tif/L7_ETMs.tif"
    Running the tests in ‘tests/netcdf.R’ failed.
    Complete output:
     > suppressPackageStartupMessages(library(stars))
     > # read_ncdf:
     > f <- system.file("nc/reduced.nc", package = "stars")
     > read_ncdf(f)
     Error in out[[1]] : subscript out of bounds
     Calls: read_ncdf -> create_dimensions -> setNames
     In addition: Warning message:
     Unknown or uninitialised column: 'variable'.
     Execution halted
    Running the tests in ‘tests/testthat.R’ failed.
    Complete output:
     > ## load dependencies
     > library(testthat)
     > library(stars)
     Loading required package: abind
     Loading required package: sf
     Linking to GEOS 3.6.3, GDAL 2.2.4, PROJ 5.1.0
     >
     > ## test package
     > test_check("stars")
     ── 1. Error: basic reduced comes back as expected (@test_ncdf.R#5) ────────────
     subscript out of bounds
     1: read_ncdf(f) at testthat/test_ncdf.R:5
     2: create_dimensions(setNames(dim(out[[1]]), dims$name), raster)
     3: setNames(dim(out[[1]]), dims$name)
    
     ── 2. Error: domain subsetting (@test_ncdf.R#21) ──────────────────────────────
     input ncsub doesn't match available dims
     1: read_ncdf(f, ncsub = cbind(start = c(1, 1, 1, 1), count = c(10, 12, 1, 1))) at testthat/test_ncdf.R:21
     2: stop("input ncsub doesn't match available dims")
    
     ── 3. Error: normal bcsd (@test_ncdf.R#36) ────────────────────────────────────
     failed to open 'x', value given was: "/home/ripley/R/Lib32/stars/nc/bcsd_obs_1999.nc"
     1: read_ncdf(system.file("nc/bcsd_obs_1999.nc", package = "stars")) at testthat/test_ncdf.R:36
     2: ncmeta::nc_meta(.x)
     3: nc_meta.character(.x)
     4: stop(sprintf("failed to open 'x', value given was: \"%s\"", x))
    
     ── 4. Error: curvilinear (@test_ncdf.R#63) ────────────────────────────────────
     failed to open 'x', value given was: "/home/ripley/R/Lib32/stars/nc/test_stageiv_xyt.nc"
     1: read_ncdf(f, curvilinear = c("lon", "lat")) at testthat/test_ncdf.R:63
     2: ncmeta::nc_meta(.x)
     3: nc_meta.character(.x)
     4: stop(sprintf("failed to open 'x', value given was: \"%s\"", x))
    
     ══ testthat results ═══════════════════════════════════════════════════════════
     OK: 42 SKIPPED: 0 FAILED: 4
     1. Error: basic reduced comes back as expected (@test_ncdf.R#5)
     2. Error: domain subsetting (@test_ncdf.R#21)
     3. Error: normal bcsd (@test_ncdf.R#36)
     4. Error: curvilinear (@test_ncdf.R#63)
    
     Error: testthat unit tests failed
     Execution halted
Flavor: r-patched-solaris-x86

Version: 0.3-0
Check: re-building of vignette outputs
Result: WARN
    Error(s) in re-building vignettes:
     ...
    --- re-building ‘stars1.Rmd’ using rmarkdown
    Warning in engine$weave(file, quiet = quiet, encoding = enc) :
     Pandoc (>= 1.12.3) and/or pandoc-citeproc not available. Falling back to R Markdown v1.
    Quitting from lines 185-187 (stars1.Rmd)
    Error: processing vignette 'stars1.Rmd' failed with diagnostics:
    failed to open 'x', value given was: "/home/ripley/R/Lib32/stars/nc/bcsd_obs_1999.nc"
    --- failed re-building ‘stars1.Rmd’
    
    --- re-building ‘stars2.Rmd’ using rmarkdown
    Warning in engine$weave(file, quiet = quiet, encoding = enc) :
     Pandoc (>= 1.12.3) and/or pandoc-citeproc not available. Falling back to R Markdown v1.
    --- finished re-building ‘stars2.Rmd’
    
    --- re-building ‘stars3.Rmd’ using rmarkdown
    Warning in engine$weave(file, quiet = quiet, encoding = enc) :
     Pandoc (>= 1.12.3) and/or pandoc-citeproc not available. Falling back to R Markdown v1.
    --- finished re-building ‘stars3.Rmd’
    
    --- re-building ‘stars4.Rmd’ using rmarkdown
    Warning in engine$weave(file, quiet = quiet, encoding = enc) :
     Pandoc (>= 1.12.3) and/or pandoc-citeproc not available. Falling back to R Markdown v1.
    --- finished re-building ‘stars4.Rmd’
    
    --- re-building ‘stars5.Rmd’ using rmarkdown
    Warning in engine$weave(file, quiet = quiet, encoding = enc) :
     Pandoc (>= 1.12.3) and/or pandoc-citeproc not available. Falling back to R Markdown v1.
    --- finished re-building ‘stars5.Rmd’
    
    SUMMARY: processing the following file failed:
     ‘stars1.Rmd’
    
    Error: Vignette re-building failed.
    Execution halted
Flavor: r-patched-solaris-x86

Version: 0.3-0
Check: tests
Result: ERROR
     Running ‘aggregate.R’ [3s/3s]
     Comparing ‘aggregate.Rout’ to ‘aggregate.Rout.save’ ...68c68
    < file572f3b96e086.tif
    ---
    > filec4c75271aee.tif
     Running ‘area.R’ [1s/1s]
     Comparing ‘area.Rout’ to ‘area.Rout.save’ ...4c4
    < Linking to GEOS 3.7.1, GDAL 2.4.0, PROJ 5.2.0
    ---
    > Linking to GEOS 3.7.0, GDAL 2.3.2, PROJ 5.2.0
    58c58
    < [1] ""
    ---
    > [1] "/home/edzer/R/x86_64-pc-linux-gnu-library/3.5/starsdata/sentinel5p/S5P_NRTI_L2__NO2____20180717T120113_20180717T120613_03932_01_010002_20180717T125231.nc"
    66a67,86
    > //PRODUCT/longitude,
    > //PRODUCT/latitude,
    > //PRODUCT/SUPPORT_DATA/DETAILED_RESULTS/nitrogendioxide_summed_total_column,
    > stars object with 2 dimensions and 1 attribute
    > attribute(s):
    > area [m^2]
    > Min. : 25990150
    > 1st Qu.: 28050933
    > Median : 35705689
    > Mean : 42968454
    > 3rd Qu.: 54640139
    > Max. :101184840
    > dimension(s):
    > from to offset delta refsys point
    > x 1 450 NA NA +proj=longlat +datum=WGS8... NA
    > y 1 278 NA NA +proj=longlat +datum=WGS8... NA
    > values
    > x [450x278] -5.81066,...,30.9468 [x]
    > y [450x278] 28.3605,...,51.4686 [y]
    > curvilinear grid
     Running ‘crop.R’ [5s/6s]
     Comparing ‘crop.Rout’ to ‘crop.Rout.save’ ... OK
     Running ‘curvilinear.R’ [1s/1s]
     Comparing ‘curvilinear.Rout’ to ‘curvilinear.Rout.save’ ...4c4
    < Linking to GEOS 3.7.1, GDAL 2.4.0, PROJ 5.2.0
    ---
    > Linking to GEOS 3.7.0, GDAL 2.3.2, PROJ 5.2.0
    53a54,94
    > //PRODUCT/longitude,
    > //PRODUCT/latitude,
    > //PRODUCT/SUPPORT_DATA/DETAILED_RESULTS/nitrogendioxide_summed_total_column,
    > stars object with 2 dimensions and 1 attribute
    > attribute(s):
    > nitrogendioxide_summed_total_column
    > Min. :0e+00
    > 1st Qu.:1e-04
    > Median :1e-04
    > Mean :1e-04
    > 3rd Qu.:1e-04
    > Max. :5e-04
    > NA's :330
    > dimension(s):
    > from to offset delta refsys point
    > x 1 450 NA NA +proj=longlat +datum=WGS8... NA
    > y 1 278 NA NA +proj=longlat +datum=WGS8... NA
    > values
    > x [450x278] -5.81066,...,30.9468 [x]
    > y [450x278] 28.3605,...,51.4686 [y]
    > curvilinear grid
    > stars object with 2 dimensions and 1 attribute
    > attribute(s):
    > nitrogendioxide_summed_total_column
    > Min. :0.00005
    > 1st Qu.:0.00007
    > Median :0.00008
    > Mean :0.00009
    > 3rd Qu.:0.00009
    > Max. :0.00023
    > NA's :36
    > dimension(s):
    > from to offset delta refsys point
    > x 1 57 NA NA +proj=longlat +datum=WGS8... NA
    > y 1 35 NA NA +proj=longlat +datum=WGS8... NA
    > values
    > x [57x35] -5.59621,...,30.8488 [x]
    > y [57x35] 28.3605,...,51.1544 [y]
    > curvilinear grid
    > null device
    > 1
     Running ‘gridtypes.R’ [1s/2s]
     Comparing ‘gridtypes.Rout’ to ‘gridtypes.Rout.save’ ...4c4
    < Linking to GEOS 3.7.1, GDAL 2.4.0, PROJ 5.2.0
    ---
    > Linking to GEOS 3.7.0, GDAL 2.3.2, PROJ 5.2.0
     Running ‘nc.R’ [2s/2s]
     Comparing ‘nc.Rout’ to ‘nc.Rout.save’ ...6c6
    < Reading layer `nc.gpkg' from data source `/home/hornik/tmp/R.check/r-release-gcc/Work/build/Packages/sf/gpkg/nc.gpkg' using driver `GPKG'
    ---
    > Reading layer `nc.gpkg' from data source `/home/edzer/R/x86_64-pc-linux-gnu-library/3.5/sf/gpkg/nc.gpkg' using driver `GPKG'
     Running ‘netcdf.R’ [2s/2s]
     Running ‘plot.R’ [3s/3s]
     Comparing ‘plot.Rout’ to ‘plot.Rout.save’ ...5c5
    < Linking to GEOS 3.7.1, GDAL 2.4.0, PROJ 5.2.0
    ---
    > Linking to GEOS 3.7.0, GDAL 2.3.2, PROJ 5.2.0
     Running ‘proxy.R’ [4s/4s]
     Comparing ‘proxy.Rout’ to ‘proxy.Rout.save’ ...9c9
    < [1] "/home/hornik/tmp/R.check/r-release-gcc/Work/build/Packages/stars/tif/L7_ETMs.tif"
    ---
    > [1] "/home/edzer/git/stars.Rcheck/stars/tif/L7_ETMs.tif"
    23c23
    < [1] "/home/hornik/tmp/R.check/r-release-gcc/Work/build/Packages/stars/tif/L7_ETMs.tif"
    ---
    > [1] "/home/edzer/git/stars.Rcheck/stars/tif/L7_ETMs.tif"
    37c37
    < [1] "/home/hornik/tmp/R.check/r-release-gcc/Work/build/Packages/stars/tif/L7_ETMs.tif"
    ---
    > [1] "/home/edzer/git/stars.Rcheck/stars/tif/L7_ETMs.tif"
    66c66
    < [1] "/home/hornik/tmp/R.check/r-release-gcc/Work/build/Packages/stars/tif/L7_ETMs.tif"
    ---
    > [1] "/home/edzer/git/stars.Rcheck/stars/tif/L7_ETMs.tif"
    81c81
    < [1] "/home/hornik/tmp/R.check/r-release-gcc/Work/build/Packages/stars/tif/L7_ETMs.tif"
    ---
    > [1] "/home/edzer/git/stars.Rcheck/stars/tif/L7_ETMs.tif"
    84c84
    < [1] "/home/hornik/tmp/R.check/r-release-gcc/Work/build/Packages/stars/tif/L7_ETMs.tif"
    ---
    > [1] "/home/edzer/git/stars.Rcheck/stars/tif/L7_ETMs.tif"
    95c95
    < "/home/hornik/tmp/R.check/r-release-gcc/Work/build/Packages/stars/tif/L7_ETMs.tif"
    ---
    > "/home/edzer/git/stars.Rcheck/stars/tif/L7_ETMs.tif"
    97c97
    < "/home/hornik/tmp/R.check/r-release-gcc/Work/build/Packages/stars/tif/L7_ETMs.tif"
    ---
    > "/home/edzer/git/stars.Rcheck/stars/tif/L7_ETMs.tif"
    128c128
    < [1] "/home/hornik/tmp/R.check/r-release-gcc/Work/build/Packages/stars/tif/L7_ETMs.tif"
    ---
    > [1] "/home/edzer/git/stars.Rcheck/stars/tif/L7_ETMs.tif"
    156c156
    < [1] "/home/hornik/tmp/R.check/r-release-gcc/Work/build/Packages/stars/tif/L7_ETMs.tif"
    ---
    > [1] "/home/edzer/git/stars.Rcheck/stars/tif/L7_ETMs.tif"
    188c188
    < [1] "/home/hornik/tmp/R.check/r-release-gcc/Work/build/Packages/stars/tif/L7_ETMs.tif"
    ---
    > [1] "/home/edzer/git/stars.Rcheck/stars/tif/L7_ETMs.tif"
    224c224
    < [1] "/home/hornik/tmp/R.check/r-release-gcc/Work/build/Packages/stars/tif/L7_ETMs.tif"
    ---
    > [1] "/home/edzer/git/stars.Rcheck/stars/tif/L7_ETMs.tif"
    227c227
    < [1] "/home/hornik/tmp/R.check/r-release-gcc/Work/build/Packages/stars/tif/L7_ETMs.tif"
    ---
    > [1] "/home/edzer/git/stars.Rcheck/stars/tif/L7_ETMs.tif"
    238c238
    < [1] "/home/hornik/tmp/R.check/r-release-gcc/Work/build/Packages/stars/tif/L7_ETMs.tif"
    ---
    > [1] "/home/edzer/git/stars.Rcheck/stars/tif/L7_ETMs.tif"
    282a283,421
    > sst, anom,
    > sst, anom,
    > sst, anom,
    > sst, anom,
    > sst, anom,
    > sst, anom,
    > sst, anom,
    > sst, anom,
    > sst, anom,
    > stars_proxy object with 2 attributes in files:
    > $sst
    > avhrr-only-v2.19810901.nc
    > "NETCDF:\"/home/edzer/R/x86_64-pc-linux-gnu-library/3.5/starsdata/netcdf/avhrr-only-v2.19810901.nc\":sst"
    > avhrr-only-v2.19810902.nc
    > "NETCDF:\"/home/edzer/R/x86_64-pc-linux-gnu-library/3.5/starsdata/netcdf/avhrr-only-v2.19810902.nc\":sst"
    > avhrr-only-v2.19810903.nc
    > "NETCDF:\"/home/edzer/R/x86_64-pc-linux-gnu-library/3.5/starsdata/netcdf/avhrr-only-v2.19810903.nc\":sst"
    > avhrr-only-v2.19810904.nc
    > "NETCDF:\"/home/edzer/R/x86_64-pc-linux-gnu-library/3.5/starsdata/netcdf/avhrr-only-v2.19810904.nc\":sst"
    > avhrr-only-v2.19810905.nc
    > "NETCDF:\"/home/edzer/R/x86_64-pc-linux-gnu-library/3.5/starsdata/netcdf/avhrr-only-v2.19810905.nc\":sst"
    > avhrr-only-v2.19810906.nc
    > "NETCDF:\"/home/edzer/R/x86_64-pc-linux-gnu-library/3.5/starsdata/netcdf/avhrr-only-v2.19810906.nc\":sst"
    > avhrr-only-v2.19810907.nc
    > "NETCDF:\"/home/edzer/R/x86_64-pc-linux-gnu-library/3.5/starsdata/netcdf/avhrr-only-v2.19810907.nc\":sst"
    > avhrr-only-v2.19810908.nc
    > "NETCDF:\"/home/edzer/R/x86_64-pc-linux-gnu-library/3.5/starsdata/netcdf/avhrr-only-v2.19810908.nc\":sst"
    > avhrr-only-v2.19810909.nc
    > "NETCDF:\"/home/edzer/R/x86_64-pc-linux-gnu-library/3.5/starsdata/netcdf/avhrr-only-v2.19810909.nc\":sst"
    >
    > $anom
    > avhrr-only-v2.19810901.nc
    > "NETCDF:\"/home/edzer/R/x86_64-pc-linux-gnu-library/3.5/starsdata/netcdf/avhrr-only-v2.19810901.nc\":anom"
    > avhrr-only-v2.19810902.nc
    > "NETCDF:\"/home/edzer/R/x86_64-pc-linux-gnu-library/3.5/starsdata/netcdf/avhrr-only-v2.19810902.nc\":anom"
    > avhrr-only-v2.19810903.nc
    > "NETCDF:\"/home/edzer/R/x86_64-pc-linux-gnu-library/3.5/starsdata/netcdf/avhrr-only-v2.19810903.nc\":anom"
    > avhrr-only-v2.19810904.nc
    > "NETCDF:\"/home/edzer/R/x86_64-pc-linux-gnu-library/3.5/starsdata/netcdf/avhrr-only-v2.19810904.nc\":anom"
    > avhrr-only-v2.19810905.nc
    > "NETCDF:\"/home/edzer/R/x86_64-pc-linux-gnu-library/3.5/starsdata/netcdf/avhrr-only-v2.19810905.nc\":anom"
    > avhrr-only-v2.19810906.nc
    > "NETCDF:\"/home/edzer/R/x86_64-pc-linux-gnu-library/3.5/starsdata/netcdf/avhrr-only-v2.19810906.nc\":anom"
    > avhrr-only-v2.19810907.nc
    > "NETCDF:\"/home/edzer/R/x86_64-pc-linux-gnu-library/3.5/starsdata/netcdf/avhrr-only-v2.19810907.nc\":anom"
    > avhrr-only-v2.19810908.nc
    > "NETCDF:\"/home/edzer/R/x86_64-pc-linux-gnu-library/3.5/starsdata/netcdf/avhrr-only-v2.19810908.nc\":anom"
    > avhrr-only-v2.19810909.nc
    > "NETCDF:\"/home/edzer/R/x86_64-pc-linux-gnu-library/3.5/starsdata/netcdf/avhrr-only-v2.19810909.nc\":anom"
    >
    > dimension(s):
    > from to offset delta refsys point values
    > x 1 1440 0 0.25 NA NA NULL [x]
    > y 1 720 90 -0.25 NA NA NULL [y]
    > zlev 1 1 0 [m] NA NA NA NULL
    > time 1 9 1981-09-01 1 days POSIXct NA NULL
    > sst, anom,
    > sst, anom,
    > sst, anom,
    > sst, anom,
    > sst, anom,
    > sst, anom,
    > sst, anom,
    > sst, anom,
    > sst, anom,
    > stars object with 4 dimensions and 2 attributes
    > attribute(s), summary of first 1e+05 cells:
    > sst [C*°] anom [C*°]
    > Min. :-1.80 Min. :-4.69
    > 1st Qu.:-1.19 1st Qu.:-0.06
    > Median :-1.05 Median : 0.52
    > Mean :-0.32 Mean : 0.23
    > 3rd Qu.:-0.20 3rd Qu.: 0.71
    > Max. : 9.36 Max. : 3.70
    > NA's :13360 NA's :13360
    > dimension(s):
    > from to offset delta refsys point values
    > x 1 1440 0 0.25 NA NA NULL [x]
    > y 1 720 90 -0.25 NA NA NULL [y]
    > zlev 1 1 0 [m] NA NA NA NULL
    > time 1 9 1981-09-01 1 days POSIXct NA NULL
    > stars object with 5 dimensions and 1 attribute
    > attribute(s), summary of first 1e+05 cells:
    > sst.anom
    > Min. :-1.80
    > 1st Qu.:-1.19
    > Median :-1.05
    > Mean :-0.32
    > 3rd Qu.:-0.20
    > Max. : 9.36
    > NA's :13360
    > dimension(s):
    > from to offset delta refsys point values
    > x 1 1440 0 0.25 NA NA NULL [x]
    > y 1 720 90 -0.25 NA NA NULL [y]
    > zlev 1 1 0 [m] NA NA NA NULL
    > time 1 9 1981-09-01 1 days POSIXct NA NULL
    > new_dim 1 2 NA NA NA NA sst , anom
    > Error in c.stars_proxy(l[[1]], l[[2]], l[[3]], along = list(times = as.Date("1981-09-01") + :
    > for proxy objects, along argument is not implemented
    > stars_proxy object with 2 attributes in files:
    > $sst
    > [1] "NETCDF:\"/home/edzer/R/x86_64-pc-linux-gnu-library/3.5/starsdata/netcdf/avhrr-only-v2.19810901.nc\":sst"
    > [2] "NETCDF:\"/home/edzer/R/x86_64-pc-linux-gnu-library/3.5/starsdata/netcdf/avhrr-only-v2.19810902.nc\":sst"
    > [3] "NETCDF:\"/home/edzer/R/x86_64-pc-linux-gnu-library/3.5/starsdata/netcdf/avhrr-only-v2.19810903.nc\":sst"
    >
    > $anom
    > [1] "NETCDF:\"/home/edzer/R/x86_64-pc-linux-gnu-library/3.5/starsdata/netcdf/avhrr-only-v2.19810901.nc\":anom"
    > [2] "NETCDF:\"/home/edzer/R/x86_64-pc-linux-gnu-library/3.5/starsdata/netcdf/avhrr-only-v2.19810902.nc\":anom"
    > [3] "NETCDF:\"/home/edzer/R/x86_64-pc-linux-gnu-library/3.5/starsdata/netcdf/avhrr-only-v2.19810903.nc\":anom"
    >
    > dimension(s):
    > from to offset delta refsys point values
    > x 1 1440 0 0.25 NA NA NULL [x]
    > y 1 720 90 -0.25 NA NA NULL [y]
    > zlev 1 1 0 [m] NA NA NA NULL
    > time 1 1 1981-09-01 NA POSIXct NA NULL
    > times 1 3 NA NA NA NA NULL
    > call list:
    > [[1]]
    > adrop(x = x)
    >
    > [[2]]
    > adrop(x = x)
    >
    > stars_proxy object with 1 attribute in files:
    > $sst.anom
    > sst
    > "NETCDF:\"/home/edzer/R/x86_64-pc-linux-gnu-library/3.5/starsdata/netcdf/avhrr-only-v2.19810901.nc\":sst"
    > anom
    > "NETCDF:\"/home/edzer/R/x86_64-pc-linux-gnu-library/3.5/starsdata/netcdf/avhrr-only-v2.19810901.nc\":anom"
    >
    > dimension(s):
    > from to offset delta refsys point values
    > x 1 1440 0 0.25 NA NA NULL [x]
    > y 1 720 90 -0.25 NA NA NULL [y]
    > zlev 1 1 0 [m] NA NA NA NULL
    > time 1 1 1981-09-01 NA POSIXct NA NULL
    > times 1 2 1981-09-01 1 days Date NA NULL
     Running ‘raster.R’ [3s/4s]
     Comparing ‘raster.Rout’ to ‘raster.Rout.save’ ... OK
     Running ‘rasterize.R’ [1s/2s]
     Comparing ‘rasterize.Rout’ to ‘rasterize.Rout.save’ ...4c4
    < Linking to GEOS 3.7.1, GDAL 2.4.0, PROJ 5.2.0
    ---
    > Linking to GEOS 3.7.0, GDAL 2.3.2, PROJ 5.2.0
    6c6
    < Reading layer `nc.gpkg' from data source `/home/hornik/tmp/R.check/r-release-gcc/Work/build/Packages/sf/gpkg/nc.gpkg' using driver `GPKG'
    ---
    > Reading layer `nc.gpkg' from data source `/home/edzer/R/x86_64-pc-linux-gnu-library/3.5/sf/gpkg/nc.gpkg' using driver `GPKG'
    78c78
    < "2.4.0"
    ---
    > "2.3.2"
     Running ‘rectilinear.R’ [2s/2s]
     Comparing ‘rectilinear.Rout’ to ‘rectilinear.Rout.save’ ... OK
     Running ‘redimension.R’ [3s/3s]
     Comparing ‘redimension.Rout’ to ‘redimension.Rout.save’ ...4c4
    < Linking to GEOS 3.7.1, GDAL 2.4.0, PROJ 5.2.0
    ---
    > Linking to GEOS 3.7.0, GDAL 2.3.2, PROJ 5.2.0
    11c11
    < "/home/hornik/tmp/R.check/r-release-gcc/Work/build/Packages/stars/tif/L7_ETMs.tif"
    ---
    > "/home/edzer/git/stars.Rcheck/stars/tif/L7_ETMs.tif"
    13c13
    < "/home/hornik/tmp/R.check/r-release-gcc/Work/build/Packages/stars/tif/L7_ETMs.tif"
    ---
    > "/home/edzer/git/stars.Rcheck/stars/tif/L7_ETMs.tif"
    15c15
    < "/home/hornik/tmp/R.check/r-release-gcc/Work/build/Packages/stars/tif/L7_ETMs.tif"
    ---
    > "/home/edzer/git/stars.Rcheck/stars/tif/L7_ETMs.tif"
    17c17
    < "/home/hornik/tmp/R.check/r-release-gcc/Work/build/Packages/stars/tif/L7_ETMs.tif"
    ---
    > "/home/edzer/git/stars.Rcheck/stars/tif/L7_ETMs.tif"
    29c29
    < "/home/hornik/tmp/R.check/r-release-gcc/Work/build/Packages/stars/tif/L7_ETMs.tif"
    ---
    > "/home/edzer/git/stars.Rcheck/stars/tif/L7_ETMs.tif"
    31c31
    < "/home/hornik/tmp/R.check/r-release-gcc/Work/build/Packages/stars/tif/L7_ETMs.tif"
    ---
    > "/home/edzer/git/stars.Rcheck/stars/tif/L7_ETMs.tif"
    33c33
    < "/home/hornik/tmp/R.check/r-release-gcc/Work/build/Packages/stars/tif/L7_ETMs.tif"
    ---
    > "/home/edzer/git/stars.Rcheck/stars/tif/L7_ETMs.tif"
    35c35
    < "/home/hornik/tmp/R.check/r-release-gcc/Work/build/Packages/stars/tif/L7_ETMs.tif"
    ---
    > "/home/edzer/git/stars.Rcheck/stars/tif/L7_ETMs.tif"
    39c39
    < "/home/hornik/tmp/R.check/r-release-gcc/Work/build/Packages/stars/tif/L7_ETMs.tif"
    ---
    > "/home/edzer/git/stars.Rcheck/stars/tif/L7_ETMs.tif"
    41c41
    < "/home/hornik/tmp/R.check/r-release-gcc/Work/build/Packages/stars/tif/L7_ETMs.tif"
    ---
    > "/home/edzer/git/stars.Rcheck/stars/tif/L7_ETMs.tif"
    43c43
    < "/home/hornik/tmp/R.check/r-release-gcc/Work/build/Packages/stars/tif/L7_ETMs.tif"
    ---
    > "/home/edzer/git/stars.Rcheck/stars/tif/L7_ETMs.tif"
    45c45
    < "/home/hornik/tmp/R.check/r-release-gcc/Work/build/Packages/stars/tif/L7_ETMs.tif"
    ---
    > "/home/edzer/git/stars.Rcheck/stars/tif/L7_ETMs.tif"
    85c85
    < "/home/hornik/tmp/R.check/r-release-gcc/Work/build/Packages/stars/tif/L7_ETMs.tif"
    ---
    > "/home/edzer/git/stars.Rcheck/stars/tif/L7_ETMs.tif"
    87c87
    < "/home/hornik/tmp/R.check/r-release-gcc/Work/build/Packages/stars/tif/L7_ETMs.tif"
    ---
    > "/home/edzer/git/stars.Rcheck/stars/tif/L7_ETMs.tif"
    89c89
    < "/home/hornik/tmp/R.check/r-release-gcc/Work/build/Packages/stars/tif/L7_ETMs.tif"
    ---
    > "/home/edzer/git/stars.Rcheck/stars/tif/L7_ETMs.tif"
    91c91
    < "/home/hornik/tmp/R.check/r-release-gcc/Work/build/Packages/stars/tif/L7_ETMs.tif"
    ---
    > "/home/edzer/git/stars.Rcheck/stars/tif/L7_ETMs.tif"
    93c93
    < "/home/hornik/tmp/R.check/r-release-gcc/Work/build/Packages/stars/tif/L7_ETMs.tif"
    ---
    > "/home/edzer/git/stars.Rcheck/stars/tif/L7_ETMs.tif"
    95c95
    < "/home/hornik/tmp/R.check/r-release-gcc/Work/build/Packages/stars/tif/L7_ETMs.tif"
    ---
    > "/home/edzer/git/stars.Rcheck/stars/tif/L7_ETMs.tif"
    97c97
    < "/home/hornik/tmp/R.check/r-release-gcc/Work/build/Packages/stars/tif/L7_ETMs.tif"
    ---
    > "/home/edzer/git/stars.Rcheck/stars/tif/L7_ETMs.tif"
    99c99
    < "/home/hornik/tmp/R.check/r-release-gcc/Work/build/Packages/stars/tif/L7_ETMs.tif"
    ---
    > "/home/edzer/git/stars.Rcheck/stars/tif/L7_ETMs.tif"
     Running ‘sf.R’ [2s/2s]
     Comparing ‘sf.Rout’ to ‘sf.Rout.save’ ... OK
     Running ‘sp.R’ [2s/2s]
     Comparing ‘sp.Rout’ to ‘sp.Rout.save’ ...41c41
    < Linking to GEOS 3.7.1, GDAL 2.4.0, PROJ 5.2.0
    ---
    > Linking to GEOS 3.7.0, GDAL 2.3.2, PROJ 5.2.0
     Running ‘spacetime.R’ [2s/3s]
     Comparing ‘spacetime.Rout’ to ‘spacetime.Rout.save’ ... OK
     Running ‘stars.R’ [14s/17s]
     Comparing ‘stars.Rout’ to ‘stars.Rout.save’ ...521a522,576
    > sst, anom,
    > sst, anom,
    > sst, anom,
    > sst, anom,
    > sst, anom,
    > sst, anom,
    > sst, anom,
    > sst, anom,
    > sst, anom,
    > stars object with 4 dimensions and 2 attributes
    > attribute(s), summary of first 1e+05 cells:
    > sst [C*°] anom [C*°]
    > Min. :-1.80 Min. :-4.69
    > 1st Qu.:-1.19 1st Qu.:-0.06
    > Median :-1.05 Median : 0.52
    > Mean :-0.32 Mean : 0.23
    > 3rd Qu.:-0.20 3rd Qu.: 0.71
    > Max. : 9.36 Max. : 3.70
    > NA's :13360 NA's :13360
    > dimension(s):
    > from to offset delta refsys point values
    > x 1 1440 0 0.25 NA NA NULL [x]
    > y 1 720 90 -0.25 NA NA NULL [y]
    > zlev 1 1 0 [m] NA NA NA NULL
    > time 1 9 1981-09-01 1 days POSIXct NA NULL
    > stars object with 3 dimensions and 2 attributes
    > attribute(s), summary of first 1e+05 cells:
    > sst [C*°] anom [C*°]
    > Min. :-1.80 Min. :-4.69
    > 1st Qu.:-1.19 1st Qu.:-0.06
    > Median :-1.05 Median : 0.52
    > Mean :-0.32 Mean : 0.23
    > 3rd Qu.:-0.20 3rd Qu.: 0.71
    > Max. : 9.36 Max. : 3.70
    > NA's :13360 NA's :13360
    > dimension(s):
    > from to offset delta refsys point values
    > x 1 1440 0 0.25 NA NA NULL [x]
    > y 1 720 90 -0.25 NA NA NULL [y]
    > times 1 3 1981-09-01 1 days Date NA NULL
    > stars object with 3 dimensions and 2 attributes
    > attribute(s), summary of first 1e+05 cells:
    > sst [C*°] anom [C*°]
    > Min. :-1.80 Min. :-4.69
    > 1st Qu.:-1.19 1st Qu.:-0.06
    > Median :-1.05 Median : 0.52
    > Mean :-0.32 Mean : 0.23
    > 3rd Qu.:-0.20 3rd Qu.: 0.71
    > Max. : 9.36 Max. : 3.70
    > NA's :13360 NA's :13360
    > dimension(s):
    > from to offset delta refsys point values
    > x 1 1440 0 0.25 NA NA NULL [x]
    > y 1 720 90 -0.25 NA NA NULL [y]
    > times 1 3 NA NA NA NA NULL
     Running ‘subset.R’ [1s/2s]
     Comparing ‘subset.Rout’ to ‘subset.Rout.save’ ... OK
     Running ‘testthat.R’ [3s/3s]
     Running ‘tidy.R’ [10s/12s]
     Comparing ‘tidy.Rout’ to ‘tidy.Rout.save’ ... OK
     Running ‘transform.R’ [2s/2s]
     Comparing ‘transform.Rout’ to ‘transform.Rout.save’ ...32c32
    < Linking to liblwgeom 2.5.0dev r16016, GEOS 3.7.1, PROJ 5.2.0
    ---
    > Linking to liblwgeom 2.5.0dev r16016, GEOS 3.7.0, PROJ 5.2.0
     Running ‘warp.R’ [1s/2s]
     Comparing ‘warp.Rout’ to ‘warp.Rout.save’ ...4c4
    < Linking to GEOS 3.7.1, GDAL 2.4.0, PROJ 5.2.0
    ---
    > Linking to GEOS 3.7.0, GDAL 2.3.2, PROJ 5.2.0
    16,17c16
    < > #if (Sys.getenv("USER") != "travis") {
    < > if (FALSE) {
    ---
    > > if (Sys.getenv("USER") != "travis") {
     Running ‘write.R’ [1s/2s]
     Comparing ‘write.Rout’ to ‘write.Rout.save’ ...29c29
    < [1] "/home/hornik/tmp/R.check/r-release-gcc/Work/build/Packages/stars/tif/L7_ETMs.tif"
    ---
    > [1] "/home/edzer/git/stars.Rcheck/stars/tif/L7_ETMs.tif"
    Running the tests in ‘tests/netcdf.R’ failed.
    Complete output:
     > suppressPackageStartupMessages(library(stars))
     > # read_ncdf:
     > f <- system.file("nc/reduced.nc", package = "stars")
     > read_ncdf(f)
     Error in out[[1]] : subscript out of bounds
     Calls: read_ncdf -> create_dimensions -> setNames
     In addition: Warning message:
     Unknown or uninitialised column: 'variable'.
     Execution halted
    Running the tests in ‘tests/testthat.R’ failed.
    Complete output:
     > ## load dependencies
     > library(testthat)
     > library(stars)
     Loading required package: abind
     Loading required package: sf
     Linking to GEOS 3.7.1, GDAL 2.4.0, PROJ 5.2.0
     >
     > ## test package
     > test_check("stars")
     ── 1. Error: basic reduced comes back as expected (@test_ncdf.R#5) ────────────
     subscript out of bounds
     1: read_ncdf(f) at testthat/test_ncdf.R:5
     2: create_dimensions(setNames(dim(out[[1]]), dims$name), raster)
     3: setNames(dim(out[[1]]), dims$name)
    
     ── 2. Error: domain subsetting (@test_ncdf.R#21) ──────────────────────────────
     input ncsub doesn't match available dims
     1: read_ncdf(f, ncsub = cbind(start = c(1, 1, 1, 1), count = c(10, 12, 1, 1))) at testthat/test_ncdf.R:21
     2: stop("input ncsub doesn't match available dims")
    
     ── 3. Error: normal bcsd (@test_ncdf.R#36) ────────────────────────────────────
     subscript out of bounds
     1: read_ncdf(system.file("nc/bcsd_obs_1999.nc", package = "stars")) at testthat/test_ncdf.R:36
     2: create_dimensions(setNames(dim(out[[1]]), dims$name), raster)
     3: setNames(dim(out[[1]]), dims$name)
    
     ── 4. Error: curvilinear (@test_ncdf.R#63) ────────────────────────────────────
     subscript out of bounds
     1: read_ncdf(f, curvilinear = c("lon", "lat")) at testthat/test_ncdf.R:63
     2: create_dimensions(setNames(dim(out[[1]]), dims$name), raster)
     3: setNames(dim(out[[1]]), dims$name)
    
     ══ testthat results ═══════════════════════════════════════════════════════════
     OK: 44 SKIPPED: 0 FAILED: 4
     1. Error: basic reduced comes back as expected (@test_ncdf.R#5)
     2. Error: domain subsetting (@test_ncdf.R#21)
     3. Error: normal bcsd (@test_ncdf.R#36)
     4. Error: curvilinear (@test_ncdf.R#63)
    
     Error: testthat unit tests failed
     Execution halted
Flavor: r-release-linux-x86_64

Version: 0.3-0
Check: re-building of vignette outputs
Result: WARN
    Error in re-building vignettes:
     ...
    Quitting from lines 185-187 (stars1.Rmd)
    Error: processing vignette ‘stars1.Rmd’ failed with diagnostics:
    subscript out of bounds
    Execution halted
Flavor: r-release-linux-x86_64