CRAN Package Check Results for Package starschemar

Last updated on 2020-11-27 09:50:38 CET.

Flavor Version Tinstall Tcheck Ttotal Status Flags
r-devel-linux-x86_64-debian-clang 1.2.0 10.18 101.76 111.94 OK
r-devel-linux-x86_64-debian-gcc 1.2.0 7.14 73.73 80.87 OK
r-devel-linux-x86_64-fedora-clang 1.2.0 130.06 NOTE
r-devel-linux-x86_64-fedora-gcc 1.2.0 120.65 NOTE
r-devel-windows-ix86+x86_64 1.2.0 15.00 89.00 104.00 OK
r-patched-linux-x86_64 1.2.0 7.90 100.03 107.93 OK
r-patched-solaris-x86 1.2.0 160.80 NOTE
r-release-linux-x86_64 1.2.0 7.20 102.99 110.19 OK
r-release-macos-x86_64 1.2.0 NOTE
r-release-windows-ix86+x86_64 1.2.0 15.00 105.00 120.00 OK
r-oldrel-macos-x86_64 1.2.0 NOTE
r-oldrel-windows-ix86+x86_64 1.2.0 11.00 130.00 141.00 OK

Check Details

Version: 1.2.0
Check: dependencies in R code
Result: NOTE
    Namespaces in Imports field not imported from:
     ‘pander’ ‘readr’ ‘tidyselect’
     All declared Imports should be used.
Flavors: r-devel-linux-x86_64-fedora-clang, r-devel-linux-x86_64-fedora-gcc, r-patched-solaris-x86, r-release-macos-x86_64, r-oldrel-macos-x86_64