CRAN Package Check Results for Package startR

Last updated on 2020-08-12 23:49:50 CEST.

Flavor Version Tinstall Tcheck Ttotal Status Flags
r-devel-linux-x86_64-debian-clang 0.0.1 7.58 46.22 53.80 NOTE
r-devel-linux-x86_64-debian-gcc 0.0.1 7.06 34.52 41.58 NOTE
r-devel-linux-x86_64-fedora-clang 0.0.1 72.23 NOTE
r-devel-linux-x86_64-fedora-gcc 0.0.1 63.58 NOTE
r-devel-windows-ix86+x86_64 0.0.1 18.00 79.00 97.00 NOTE
r-patched-linux-x86_64 0.0.1 8.76 45.72 54.48 NOTE
r-patched-solaris-x86 0.0.1 91.00 NOTE
r-release-linux-x86_64 0.0.1 7.95 45.47 53.42 NOTE
r-release-macos-x86_64 0.0.1 NOTE
r-release-windows-ix86+x86_64 0.0.1 24.00 52.00 76.00 NOTE
r-oldrel-macos-x86_64 0.0.1 OK
r-oldrel-windows-ix86+x86_64 0.0.1 11.00 65.00 76.00 NOTE

Check Details

Version: 0.0.1
Check: dependencies in R code
Result: NOTE
    Unexported objects imported by ':::' calls:
     's2dverification:::.KnownLatNames' 's2dverification:::.KnownLonNames'
     See the note in ?`:::` about the use of this operator.
Flavors: r-devel-linux-x86_64-debian-clang, r-devel-linux-x86_64-debian-gcc, r-devel-linux-x86_64-fedora-clang, r-devel-linux-x86_64-fedora-gcc, r-devel-windows-ix86+x86_64, r-patched-linux-x86_64, r-patched-solaris-x86, r-release-linux-x86_64, r-release-macos-x86_64, r-release-windows-ix86+x86_64, r-oldrel-windows-ix86+x86_64