CRAN Package Check Results for Package starticles

Last updated on 2022-11-29 22:05:13 CET.

Flavor Version Tinstall Tcheck Ttotal Status Flags
r-devel-linux-x86_64-debian-clang 0.1.0 2.16 33.33 35.49 OK
r-devel-linux-x86_64-debian-gcc 0.1.0 1.43 26.11 27.54 OK
r-devel-linux-x86_64-fedora-clang 0.1.0 55.14 NOTE
r-devel-linux-x86_64-fedora-gcc 0.1.0 42.22 NOTE
r-devel-windows-x86_64 0.1.0 27.00 57.00 84.00 OK
r-patched-linux-x86_64 0.1.0 1.42 31.93 33.35 OK
r-release-linux-x86_64 0.1.0 1.45 32.55 34.00 OK
r-release-macos-arm64 0.1.0 18.00 NOTE
r-release-macos-x86_64 0.1.0 28.00 NOTE
r-release-windows-x86_64 0.1.0 22.00 58.00 80.00 OK
r-oldrel-macos-arm64 0.1.0 16.00 NOTE
r-oldrel-macos-x86_64 0.1.0 26.00 NOTE
r-oldrel-windows-ix86+x86_64 0.1.0 6.00 58.00 64.00 OK

Check Details

Version: 0.1.0
Check: dependencies in R code
Result: NOTE
    Namespaces in Imports field not imported from:
     ‘bookdown’ ‘knitr’ ‘rmarkdown’
     All declared Imports should be used.
Flavors: r-devel-linux-x86_64-fedora-clang, r-devel-linux-x86_64-fedora-gcc, r-release-macos-arm64, r-release-macos-x86_64, r-oldrel-macos-arm64, r-oldrel-macos-x86_64