CRAN Package Check Results for Package statcodelists

Last updated on 2022-11-29 20:53:13 CET.

Flavor Version Tinstall Tcheck Ttotal Status Flags
r-devel-linux-x86_64-debian-clang 0.9.2 2.03 23.87 25.90 OK
r-devel-linux-x86_64-debian-gcc 0.9.2 1.86 18.62 20.48 OK
r-devel-linux-x86_64-fedora-clang 0.9.2 44.12 NOTE
r-devel-linux-x86_64-fedora-gcc 0.9.2 41.18 NOTE
r-devel-windows-x86_64 0.9.2 34.00 55.00 89.00 OK
r-patched-linux-x86_64 0.9.2 2.37 22.21 24.58 OK
r-release-linux-x86_64 0.9.2 1.82 22.39 24.21 OK
r-release-macos-arm64 0.9.2 15.00 NOTE
r-release-macos-x86_64 0.9.2 22.00 NOTE
r-release-windows-x86_64 0.9.2 30.00 52.00 82.00 OK
r-oldrel-macos-arm64 0.9.2 15.00 NOTE
r-oldrel-macos-x86_64 0.9.2 22.00 NOTE
r-oldrel-windows-ix86+x86_64 0.9.2 5.00 46.00 51.00 OK

Check Details

Version: 0.9.2
Check: data for non-ASCII characters
Result: NOTE
     Note: found 1 marked Latin-1 string
     Note: found 18 marked UTF-8 strings
Flavors: r-devel-linux-x86_64-fedora-clang, r-devel-linux-x86_64-fedora-gcc, r-release-macos-arm64, r-release-macos-x86_64, r-oldrel-macos-arm64, r-oldrel-macos-x86_64