CRAN Package Check Results for Package statespacer

Last updated on 2020-11-27 09:50:38 CET.

Flavor Version Tinstall Tcheck Ttotal Status Flags
r-devel-linux-x86_64-debian-clang 0.4.0 159.19 141.33 300.52 OK
r-devel-linux-x86_64-debian-gcc 0.4.0 142.29 106.93 249.22 OK
r-devel-linux-x86_64-fedora-clang 0.4.0 351.98 NOTE
r-devel-linux-x86_64-fedora-gcc 0.4.0 307.51 OK
r-devel-windows-ix86+x86_64 0.4.0 249.00 146.00 395.00 OK
r-patched-linux-x86_64 0.4.0 191.85 133.74 325.59 OK
r-patched-solaris-x86 0.4.0 281.00 OK
r-release-linux-x86_64 0.4.0 169.66 134.60 304.26 OK
r-release-macos-x86_64 0.4.0 NOTE
r-release-windows-ix86+x86_64 0.4.0 250.00 182.00 432.00 OK
r-oldrel-macos-x86_64 0.4.0 NOTE
r-oldrel-windows-ix86+x86_64 0.4.0 228.00 171.00 399.00 OK

Check Details

Version: 0.4.0
Check: installed package size
Result: NOTE
     installed size is 7.2Mb
     sub-directories of 1Mb or more:
     libs 6.5Mb
Flavors: r-devel-linux-x86_64-fedora-clang, r-release-macos-x86_64, r-oldrel-macos-x86_64