CRAN Package Check Results for Package statgenHTP

Last updated on 2022-01-16 11:48:49 CET.

Flavor Version Tinstall Tcheck Ttotal Status Flags
r-devel-linux-x86_64-debian-clang 1.0.5 13.67 424.83 438.50 NOTE
r-devel-linux-x86_64-debian-gcc 1.0.5 11.49 313.51 325.00 NOTE
r-devel-linux-x86_64-fedora-clang 1.0.5 503.96 NOTE
r-devel-linux-x86_64-fedora-gcc 1.0.5 492.68 NOTE
r-devel-windows-x86_64-new-UL 1.0.5 65.00 475.00 540.00 NOTE
r-devel-windows-x86_64-new-TK 1.0.5 ERROR
r-patched-linux-x86_64 1.0.5 12.66 391.06 403.72 NOTE
r-release-linux-x86_64 1.0.5 NOTE
r-release-macos-arm64 1.0.5 NOTE
r-release-macos-x86_64 1.0.5 NOTE
r-release-windows-ix86+x86_64 1.0.5 20.00 499.00 519.00 NOTE
r-oldrel-macos-x86_64 1.0.5 NOTE
r-oldrel-windows-ix86+x86_64 1.0.5 26.00 503.00 529.00 NOTE

Check Details

Version: 1.0.5
Check: package dependencies
Result: NOTE
    Package suggested but not available for checking: 'asreml'
Flavors: r-devel-linux-x86_64-debian-clang, r-devel-linux-x86_64-debian-gcc, r-devel-linux-x86_64-fedora-clang, r-devel-linux-x86_64-fedora-gcc, r-devel-windows-x86_64-new-UL, r-patched-linux-x86_64, r-release-linux-x86_64, r-release-macos-arm64, r-release-macos-x86_64, r-release-windows-ix86+x86_64, r-oldrel-macos-x86_64, r-oldrel-windows-ix86+x86_64

Version: 1.0.5
Check: package dependencies
Result: ERROR
    Package required but not available: 'factoextra'
    
    Package suggested but not available for checking: 'asreml'
    
    See section 'The DESCRIPTION file' in the 'Writing R Extensions'
    manual.
Flavor: r-devel-windows-x86_64-new-TK