CRAN Package Check Results for Package statgenIBD

Last updated on 2021-10-27 18:51:18 CEST.

Flavor Version Tinstall Tcheck Ttotal Status Flags
r-devel-linux-x86_64-debian-clang 1.0.1 81.85 56.32 138.17 OK
r-devel-linux-x86_64-debian-gcc 1.0.1 63.95 43.07 107.02 OK
r-devel-linux-x86_64-fedora-clang 1.0.1 229.53 OK
r-devel-linux-x86_64-fedora-gcc 1.0.1 194.87 OK
r-devel-windows-x86_64 1.0.1 122.00 74.00 196.00 OK
r-devel-windows-x86_64-gcc10-UCRT 1.0.1 OK
r-patched-linux-x86_64 1.0.1 78.00 53.36 131.36 OK
r-patched-solaris-x86 1.0.1 173.40 OK
r-release-linux-x86_64 1.0.1 78.19 52.74 130.93 OK
r-release-macos-arm64 1.0.1 NOTE
r-release-macos-x86_64 1.0.1 OK
r-release-windows-ix86+x86_64 1.0.1 176.00 133.00 309.00 OK
r-oldrel-macos-x86_64 1.0.1 OK
r-oldrel-windows-ix86+x86_64 1.0.1 183.00 130.00 313.00 OK

Check Details

Version: 1.0.1
Check: installed package size
Result: NOTE
     installed size is 5.2Mb
     sub-directories of 1Mb or more:
     libs 4.7Mb
Flavor: r-release-macos-arm64