Last updated on 2023-06-03 07:03:53 CEST.
Flavor | Version | Tinstall | Tcheck | Ttotal | Status | Flags |
---|---|---|---|---|---|---|
r-devel-linux-x86_64-debian-clang | 1.0.1 | 95.18 | 272.73 | 367.91 | OK | |
r-devel-linux-x86_64-debian-gcc | 1.0.1 | 76.76 | 188.57 | 265.33 | OK | |
r-devel-linux-x86_64-fedora-clang | 1.0.1 | 473.40 | OK | |||
r-devel-linux-x86_64-fedora-gcc | 1.0.1 | 456.11 | OK | |||
r-devel-windows-x86_64 | 1.0.1 | 77.00 | 265.00 | 342.00 | OK | |
r-patched-linux-x86_64 | 1.0.1 | OK | ||||
r-release-linux-x86_64 | 1.0.1 | 62.52 | 242.55 | 305.07 | OK | |
r-release-macos-arm64 | 1.0.1 | 185.00 | NOTE | |||
r-release-macos-x86_64 | 1.0.1 | 244.00 | NOTE | |||
r-release-windows-x86_64 | 1.0.1 | 93.00 | 267.00 | 360.00 | OK | |
r-oldrel-macos-arm64 | 1.0.1 | 161.00 | NOTE | |||
r-oldrel-macos-x86_64 | 1.0.1 | 187.00 | NOTE | |||
r-oldrel-windows-x86_64 | 1.0.1 | 88.00 | 273.00 | 361.00 | OK |
Version: 1.0.1
Check: installed package size
Result: NOTE
installed size is 7.8Mb
sub-directories of 1Mb or more:
libs 6.8Mb
Flavors: r-release-macos-arm64, r-release-macos-x86_64, r-oldrel-macos-arm64, r-oldrel-macos-x86_64