CRAN Package Check Results for Package statisfactory

Last updated on 2022-11-27 08:56:47 CET.

Flavor Version Tinstall Tcheck Ttotal Status Flags
r-devel-linux-x86_64-debian-clang 1.0.1 4.01 39.09 43.10 NOTE
r-devel-linux-x86_64-debian-gcc 1.0.1 2.09 28.97 31.06 NOTE
r-devel-linux-x86_64-fedora-clang 1.0.1 61.71 NOTE
r-devel-linux-x86_64-fedora-gcc 1.0.1 59.21 NOTE
r-devel-windows-x86_64 1.0.1 38.00 67.00 105.00 NOTE
r-patched-linux-x86_64 1.0.1 2.49 35.28 37.77 OK
r-release-linux-x86_64 1.0.1 3.63 36.19 39.82 OK
r-release-macos-arm64 1.0.1 19.00 OK
r-release-macos-x86_64 1.0.1 27.00 OK
r-release-windows-x86_64 1.0.1 26.00 61.00 87.00 OK
r-oldrel-macos-arm64 1.0.1 21.00 OK
r-oldrel-macos-x86_64 1.0.1 26.00 OK
r-oldrel-windows-ix86+x86_64 1.0.1 8.00 60.00 68.00 OK

Check Details

Version: 1.0.1
Check: package subdirectories
Result: NOTE
    Problems with news in 'NEWS.md':
    No news entries found.
Flavors: r-devel-linux-x86_64-debian-clang, r-devel-linux-x86_64-debian-gcc, r-devel-linux-x86_64-fedora-clang, r-devel-linux-x86_64-fedora-gcc, r-devel-windows-x86_64