Last updated on 2023-06-06 01:03:41 CEST.
Flavor | Version | Tinstall | Tcheck | Ttotal | Status | Flags |
---|---|---|---|---|---|---|
r-devel-linux-x86_64-debian-clang | 1.0.1 | 2.97 | 37.60 | 40.57 | NOTE | |
r-devel-linux-x86_64-debian-gcc | 1.0.1 | 2.08 | 28.08 | 30.16 | NOTE | |
r-devel-linux-x86_64-fedora-clang | 1.0.1 | 54.19 | NOTE | |||
r-devel-linux-x86_64-fedora-gcc | 1.0.1 | 47.98 | NOTE | |||
r-devel-windows-x86_64 | 1.0.1 | 4.00 | 50.00 | 54.00 | NOTE | |
r-patched-linux-x86_64 | 1.0.1 | 3.22 | 35.94 | 39.16 | NOTE | |
r-release-linux-x86_64 | 1.0.1 | 3.69 | 35.56 | 39.25 | NOTE | |
r-release-macos-arm64 | 1.0.1 | 19.00 | NOTE | |||
r-release-macos-x86_64 | 1.0.1 | 27.00 | NOTE | |||
r-release-windows-x86_64 | 1.0.1 | 6.00 | 53.00 | 59.00 | NOTE | |
r-oldrel-macos-arm64 | 1.0.1 | 19.00 | OK | |||
r-oldrel-macos-x86_64 | 1.0.1 | 27.00 | OK | |||
r-oldrel-windows-x86_64 | 1.0.1 | 6.00 | 49.00 | 55.00 | OK |
Version: 1.0.1
Check: package subdirectories
Result: NOTE
Problems with news in ‘NEWS.md’:
No news entries found.
Flavors: r-devel-linux-x86_64-debian-clang, r-devel-linux-x86_64-debian-gcc, r-devel-linux-x86_64-fedora-clang, r-devel-linux-x86_64-fedora-gcc, r-devel-windows-x86_64, r-patched-linux-x86_64, r-release-linux-x86_64, r-release-macos-arm64, r-release-macos-x86_64, r-release-windows-x86_64