CRAN Package Check Results for Package statnetWeb

Last updated on 2019-09-20 09:51:35 CEST.

Flavor Version Tinstall Tcheck Ttotal Status Flags
r-devel-linux-x86_64-debian-clang 0.5.5 8.46 69.18 77.64 OK
r-devel-linux-x86_64-debian-gcc 0.5.5 8.28 53.70 61.98 OK
r-devel-linux-x86_64-fedora-clang 0.5.5 99.45 OK
r-devel-linux-x86_64-fedora-gcc 0.5.5 91.83 OK
r-devel-windows-ix86+x86_64 0.5.5 38.00 92.00 130.00 OK
r-patched-linux-x86_64 0.5.5 8.76 64.88 73.64 OK
r-patched-solaris-x86 0.5.5 148.90 OK
r-release-linux-x86_64 0.5.5 6.48 66.81 73.29 OK
r-release-windows-ix86+x86_64 0.5.5 16.00 79.00 95.00 OK
r-release-osx-x86_64 0.5.5 OK
r-oldrel-windows-ix86+x86_64 0.5.5 12.00 87.00 99.00 OK
r-oldrel-osx-x86_64 0.5.5 ERROR

Check Details

Version: 0.5.5
Check: package dependencies
Result: ERROR
    Package required and available but unsuitable version: ‘ergm’
    
    See section ‘The DESCRIPTION file’ in the ‘Writing R Extensions’
    manual.
Flavor: r-oldrel-osx-x86_64