CRAN Package Check Results for Package statnetWeb

Last updated on 2019-06-20 11:52:07 CEST.

Flavor Version Tinstall Tcheck Ttotal Status Flags
r-devel-linux-x86_64-debian-clang 0.5.5 8.97 70.29 79.26 OK
r-devel-linux-x86_64-debian-gcc 0.5.5 7.27 54.84 62.11 OK
r-devel-linux-x86_64-fedora-clang 0.5.5 93.31 OK
r-devel-linux-x86_64-fedora-gcc 0.5.5 84.69 OK
r-devel-windows-ix86+x86_64 0.5.5 23.00 109.00 132.00 OK
r-patched-linux-x86_64 0.5.5 9.40 66.86 76.26 OK
r-patched-solaris-x86 0.5.5 143.20 OK
r-release-linux-x86_64 0.5.5 8.72 69.50 78.22 OK
r-release-windows-ix86+x86_64 0.5.4 16.00 116.00 132.00 OK
r-release-osx-x86_64 0.5.5 OK
r-oldrel-windows-ix86+x86_64 0.5.5 11.00 75.00 86.00 OK
r-oldrel-osx-x86_64 0.5.5 ERROR

Check Details

Version: 0.5.5
Check: package dependencies
Result: ERROR
    Package required and available but unsuitable version: ‘ergm’
    
    See section ‘The DESCRIPTION file’ in the ‘Writing R Extensions’
    manual.
Flavor: r-oldrel-osx-x86_64