CRAN Package Check Results for Package statpsych

Last updated on 2021-10-17 07:50:59 CEST.

Flavor Version Tinstall Tcheck Ttotal Status Flags
r-devel-linux-x86_64-debian-clang 1.0.0 7.57 52.74 60.31 OK
r-devel-linux-x86_64-debian-gcc 1.0.0 6.85 40.59 47.44 OK
r-devel-linux-x86_64-fedora-clang 1.0.0 83.46 NOTE
r-devel-linux-x86_64-fedora-gcc 1.0.0 72.31 NOTE
r-devel-windows-x86_64 1.0.0 12.00 64.00 76.00 OK
r-devel-windows-x86_64-gcc10-UCRT 1.0.0 NOTE
r-patched-linux-x86_64 1.0.0 9.56 51.59 61.15 OK
r-patched-solaris-x86 1.0.0 83.30 NOTE
r-release-linux-x86_64 1.0.0 8.19 50.70 58.89 OK
r-release-macos-arm64 1.0.0 NOTE
r-release-macos-x86_64 1.0.0 NOTE
r-release-windows-ix86+x86_64 1.0.0 11.00 74.00 85.00 OK
r-oldrel-macos-x86_64 1.0.0 NOTE
r-oldrel-windows-ix86+x86_64 1.0.0 15.00 75.00 90.00 OK

Check Details

Version: 1.0.0
Check: dependencies in R code
Result: NOTE
    Namespaces in Imports field not imported from:
     ‘Rdpack’ ‘mathjaxr’
     All declared Imports should be used.
Flavors: r-devel-linux-x86_64-fedora-clang, r-devel-linux-x86_64-fedora-gcc, r-devel-windows-x86_64-gcc10-UCRT, r-patched-solaris-x86, r-release-macos-arm64, r-release-macos-x86_64, r-oldrel-macos-x86_64