Last updated on 2025-01-17 22:50:34 CET.
Flavor | Version | Tinstall | Tcheck | Ttotal | Status | Flags |
---|---|---|---|---|---|---|
r-devel-linux-x86_64-debian-clang | 0.3.2 | 9.59 | 84.80 | 94.39 | NOTE | |
r-devel-linux-x86_64-debian-gcc | 0.3.2 | 6.58 | 62.50 | 69.08 | NOTE | |
r-devel-linux-x86_64-fedora-clang | 0.3.2 | 152.06 | OK | |||
r-devel-linux-x86_64-fedora-gcc | 0.3.2 | 158.78 | OK | |||
r-devel-windows-x86_64 | 0.3.2 | 11.00 | 93.00 | 104.00 | NOTE | |
r-patched-linux-x86_64 | 0.3.2 | 12.54 | 78.66 | 91.20 | OK | |
r-release-linux-x86_64 | 0.3.2 | 7.89 | 80.26 | 88.15 | OK | |
r-release-macos-arm64 | 0.3.2 | 45.00 | OK | |||
r-release-macos-x86_64 | 0.3.2 | 76.00 | OK | |||
r-release-windows-x86_64 | 0.3.2 | 10.00 | 99.00 | 109.00 | OK | |
r-oldrel-macos-arm64 | 0.3.2 | 63.00 | OK | |||
r-oldrel-macos-x86_64 | 0.3.2 | 102.00 | OK | |||
r-oldrel-windows-x86_64 | 0.3.2 | 11.00 | 111.00 | 122.00 | OK |
Version: 0.3.2
Check: Rd cross-references
Result: NOTE
Found the following Rd file(s) with Rd \link{} targets missing package
anchors:
quote_cloud.Rd: wordcloud
Please provide package anchors for all Rd \link{} targets not in the
package itself and the base packages.
Flavors: r-devel-linux-x86_64-debian-clang, r-devel-linux-x86_64-debian-gcc, r-devel-windows-x86_64