Last updated on 2023-05-28 01:54:10 CEST.
Flavor | Version | Tinstall | Tcheck | Ttotal | Status | Flags |
---|---|---|---|---|---|---|
r-devel-linux-x86_64-debian-clang | 1.5.1 | 7.80 | 384.72 | 392.52 | OK | |
r-devel-linux-x86_64-debian-gcc | 1.5.1 | 6.05 | 284.40 | 290.45 | OK | |
r-devel-linux-x86_64-fedora-clang | 1.5.1 | 488.48 | NOTE | |||
r-devel-linux-x86_64-fedora-gcc | 1.5.1 | 488.74 | OK | |||
r-devel-windows-x86_64 | 1.5.1 | 13.00 | 209.00 | 222.00 | OK | |
r-patched-linux-x86_64 | 1.5.0 | 8.54 | 352.13 | 360.67 | OK | |
r-release-linux-x86_64 | 1.5.1 | 6.94 | 330.00 | 336.94 | NOTE | |
r-release-macos-arm64 | 1.5.0 | 113.00 | OK | |||
r-release-macos-x86_64 | 1.5.0 | 153.00 | NOTE | |||
r-release-windows-x86_64 | 1.5.1 | 14.00 | 285.00 | 299.00 | OK | |
r-oldrel-macos-arm64 | 1.5.0 | 98.00 | OK | |||
r-oldrel-macos-x86_64 | 1.5.1 | 131.00 | OK | |||
r-oldrel-windows-x86_64 | 1.5.1 | 15.00 | 279.00 | 294.00 | OK |
Version: 1.5.1
Check: Rd cross-references
Result: NOTE
Undeclared package ‘bayestestR’ in Rd xrefs
Flavor: r-devel-linux-x86_64-fedora-clang
Version: 1.5.1
Check: package dependencies
Result: NOTE
Package suggested but not available for checking: ‘metaBMA’
Flavor: r-release-linux-x86_64
Version: 1.5.0
Check: package dependencies
Result: NOTE
Packages suggested but not available for checking:
'afex', 'metaBMA', 'metaplus', 'PMCMRplus'
Flavor: r-release-macos-x86_64