CRAN Package Check Results for Package statsearchanalyticsr

Last updated on 2024-02-22 08:54:22 CET.

Flavor Version Tinstall Tcheck Ttotal Status Flags
r-devel-linux-x86_64-debian-clang 0.1.4 OK
r-devel-linux-x86_64-debian-gcc 0.1.4 5.35 40.28 45.63 OK
r-devel-linux-x86_64-fedora-clang 0.1.4 72.31 NOTE
r-devel-linux-x86_64-fedora-gcc 0.1.4 70.01 NOTE
r-devel-windows-x86_64 0.1.4 6.00 56.00 62.00 OK
r-patched-linux-x86_64 0.1.4 5.14 50.35 55.49 OK
r-release-linux-x86_64 0.1.4 4.16 49.30 53.46 OK
r-release-macos-arm64 0.1.4 24.00 OK
r-release-macos-x86_64 0.1.4 37.00 OK
r-release-windows-x86_64 0.1.4 8.00 65.00 73.00 OK
r-oldrel-macos-arm64 0.1.4 26.00 NOTE
r-oldrel-windows-x86_64 0.1.4 8.00 68.00 76.00 OK

Check Details

Version: 0.1.4
Check: dependencies in R code
Result: NOTE Namespace in Imports field not imported from: ‘tibble’ All declared Imports should be used. Flavors: r-devel-linux-x86_64-fedora-clang, r-devel-linux-x86_64-fedora-gcc, r-oldrel-macos-arm64