CRAN Package Check Results for Package stcos

Last updated on 2021-06-24 11:52:38 CEST.

Flavor Version Tinstall Tcheck Ttotal Status Flags
r-devel-linux-x86_64-debian-clang 0.3.0 97.24 116.40 213.64 OK
r-devel-linux-x86_64-debian-gcc 0.3.0 62.41 86.48 148.89 OK
r-devel-linux-x86_64-fedora-clang 0.3.0 293.77 NOTE
r-devel-linux-x86_64-fedora-gcc 0.3.0 259.10 OK
r-devel-windows-x86_64 0.3.0 112.00 147.00 259.00 OK
r-devel-windows-x86_64-gcc10-UCRT 0.3.0 OK
r-patched-linux-x86_64 0.3.0 79.54 109.19 188.73 OK
r-patched-solaris-x86 0.3.0 307.80 OK
r-release-linux-x86_64 0.3.0 73.51 110.75 184.26 OK
r-release-macos-arm64 0.3.0 NOTE
r-release-macos-x86_64 0.3.0 NOTE
r-release-windows-ix86+x86_64 0.3.0 167.00 193.00 360.00 NOTE
r-oldrel-macos-x86_64 0.3.0 NOTE

Check Details

Version: 0.3.0
Check: installed package size
Result: NOTE
     installed size is 6.6Mb
     sub-directories of 1Mb or more:
     data 2.3Mb
     libs 4.0Mb
Flavors: r-devel-linux-x86_64-fedora-clang, r-release-macos-arm64, r-release-macos-x86_64, r-release-windows-ix86+x86_64, r-oldrel-macos-x86_64