CRAN Package Check Results for Package stcpR6

Last updated on 2025-06-21 15:49:40 CEST.

Flavor Version Tinstall Tcheck Ttotal Status Flags
r-devel-linux-x86_64-debian-clang 0.9.8 85.85 148.47 234.32 OK
r-devel-linux-x86_64-debian-gcc 0.9.8 71.40 93.52 164.92 OK
r-devel-linux-x86_64-fedora-clang 0.9.8 340.33 OK
r-devel-linux-x86_64-fedora-gcc 0.9.8 402.92 OK
r-devel-windows-x86_64 0.9.8 90.00 166.00 256.00 OK
r-patched-linux-x86_64 0.9.8 100.46 136.79 237.25 OK
r-release-linux-x86_64 0.9.8 100.10 139.08 239.18 OK
r-release-macos-arm64 0.9.8 89.00 OK
r-release-macos-x86_64 0.9.8 177.00 OK
r-release-windows-x86_64 0.9.8 88.00 165.00 253.00 OK
r-oldrel-macos-arm64 0.9.8 91.00 NOTE
r-oldrel-macos-x86_64 0.9.8 191.00 NOTE
r-oldrel-windows-x86_64 0.9.8 90.00 223.00 313.00 OK

Check Details

Version: 0.9.8
Check: installed package size
Result: NOTE installed size is 25.5Mb sub-directories of 1Mb or more: libs 25.3Mb Flavors: r-oldrel-macos-arm64, r-oldrel-macos-x86_64