Last updated on 2022-07-01 23:53:35 CEST.
Flavor | Version | Tinstall | Tcheck | Ttotal | Status | Flags |
---|---|---|---|---|---|---|
r-devel-linux-x86_64-debian-clang | 0.1.7.1 | 4.82 | 189.54 | 194.36 | OK | |
r-devel-linux-x86_64-debian-gcc | 0.1.7.1 | 3.43 | 134.79 | 138.22 | OK | |
r-devel-linux-x86_64-fedora-clang | 0.1.7.1 | 222.75 | OK | |||
r-devel-linux-x86_64-fedora-gcc | 0.1.7.1 | 223.66 | OK | |||
r-devel-windows-x86_64 | 0.1.7.1 | 38.00 | 225.00 | 263.00 | OK | |
r-patched-linux-x86_64 | 0.1.7.1 | 8.33 | 173.53 | 181.86 | OK | |
r-release-linux-x86_64 | 0.1.7.1 | 3.83 | 173.59 | 177.42 | OK | |
r-release-macos-arm64 | 0.1.7.1 | 70.00 | OK | |||
r-release-macos-x86_64 | 0.1.7.1 | 96.00 | OK | |||
r-release-windows-x86_64 | 0.1.7.1 | 43.00 | 220.00 | 263.00 | OK | |
r-oldrel-macos-arm64 | 0.1.7.1 | 76.00 | WARN | |||
r-oldrel-macos-x86_64 | 0.1.7.1 | 106.00 | WARN | |||
r-oldrel-windows-ix86+x86_64 | 0.1.7.1 | 9.00 | 222.00 | 231.00 | OK |
Version: 0.1.7.1
Check: Rd cross-references
Result: WARN
Missing link or links in documentation object 'print.std_selected.Rd':
‘print.lm’
See section 'Cross-references' in the 'Writing R Extensions' manual.
Flavors: r-oldrel-macos-arm64, r-oldrel-macos-x86_64