CRAN Package Check Results for Package steadyICA

Last updated on 2022-11-26 08:56:04 CET.

Flavor Version Tinstall Tcheck Ttotal Status Flags
r-devel-linux-x86_64-debian-clang 1.0 14.20 51.10 65.30 OK
r-devel-linux-x86_64-debian-gcc 1.0 11.50 39.57 51.07 OK
r-devel-linux-x86_64-fedora-clang 1.0 96.46 NOTE
r-devel-linux-x86_64-fedora-gcc 1.0 91.17 NOTE
r-devel-windows-x86_64 1.0 27.00 103.00 130.00 OK
r-patched-linux-x86_64 1.0 OK
r-release-linux-x86_64 1.0 11.79 49.74 61.53 OK
r-release-macos-arm64 1.0 25.00 OK
r-release-macos-x86_64 1.0 37.00 OK
r-release-windows-x86_64 1.0 27.00 100.00 127.00 OK
r-oldrel-macos-arm64 1.0 31.00 OK
r-oldrel-macos-x86_64 1.0 41.00 OK
r-oldrel-windows-ix86+x86_64 1.0 37.00 109.00 146.00 OK

Check Details

Version: 1.0
Check: compiled code
Result: NOTE
    File ‘steadyICA/libs/steadyICA.so’:
     Found no calls to: ‘R_registerRoutines’, ‘R_useDynamicSymbols’
    
    It is good practice to register native routines and to disable symbol
    search.
    
    See ‘Writing portable packages’ in the ‘Writing R Extensions’ manual.
Flavors: r-devel-linux-x86_64-fedora-clang, r-devel-linux-x86_64-fedora-gcc