CRAN Package Check Results for Package steadyICA

Last updated on 2019-03-20 08:48:52 CET.

Flavor Version Tinstall Tcheck Ttotal Status Flags
r-devel-linux-x86_64-debian-clang 1.0 11.85 37.95 49.80 OK
r-devel-linux-x86_64-debian-gcc 1.0 9.52 30.46 39.98 OK
r-devel-linux-x86_64-fedora-clang 1.0 62.96 NOTE
r-devel-linux-x86_64-fedora-gcc 1.0 60.57 NOTE
r-devel-windows-ix86+x86_64 1.0 41.00 118.00 159.00 OK
r-patched-linux-x86_64 1.0 10.03 35.94 45.97 OK
r-patched-solaris-x86 1.0 91.00 OK
r-release-linux-x86_64 1.0 10.95 35.77 46.72 OK
r-release-windows-ix86+x86_64 1.0 36.00 82.00 118.00 OK
r-release-osx-x86_64 1.0 OK
r-oldrel-windows-ix86+x86_64 1.0 25.00 114.00 139.00 OK
r-oldrel-osx-x86_64 1.0 OK

Check Details

Version: 1.0
Check: compiled code
Result: NOTE
    File ‘steadyICA/libs/steadyICA.so’:
     Found no calls to: ‘R_registerRoutines’, ‘R_useDynamicSymbols’
    
    It is good practice to register native routines and to disable symbol
    search.
    
    See ‘Writing portable packages’ in the ‘Writing R Extensions’ manual.
Flavors: r-devel-linux-x86_64-fedora-clang, r-devel-linux-x86_64-fedora-gcc