CRAN Package Check Results for Package steadyICA

Last updated on 2022-07-01 11:52:12 CEST.

Flavor Version Tinstall Tcheck Ttotal Status Flags
r-devel-linux-x86_64-debian-clang 1.0 12.75 50.77 63.52 OK
r-devel-linux-x86_64-debian-gcc 1.0 11.87 38.51 50.38 OK
r-devel-linux-x86_64-fedora-clang 1.0 91.15 NOTE
r-devel-linux-x86_64-fedora-gcc 1.0 88.08 NOTE
r-devel-windows-x86_64 1.0 43.00 92.00 135.00 OK
r-patched-linux-x86_64 1.0 12.80 48.04 60.84 OK
r-release-linux-x86_64 1.0 11.43 48.08 59.51 OK
r-release-macos-arm64 1.0 25.00 OK
r-release-macos-x86_64 1.0 37.00 OK
r-release-windows-x86_64 1.0 36.00 93.00 129.00 OK
r-oldrel-macos-arm64 1.0 31.00 OK
r-oldrel-macos-x86_64 1.0 41.00 OK
r-oldrel-windows-ix86+x86_64 1.0 37.00 112.00 149.00 OK

Check Details

Version: 1.0
Check: compiled code
Result: NOTE
    File ‘steadyICA/libs/steadyICA.so’:
     Found no calls to: ‘R_registerRoutines’, ‘R_useDynamicSymbols’
    
    It is good practice to register native routines and to disable symbol
    search.
    
    See ‘Writing portable packages’ in the ‘Writing R Extensions’ manual.
Flavors: r-devel-linux-x86_64-fedora-clang, r-devel-linux-x86_64-fedora-gcc