CRAN Package Check Results for Package steadyICA

Last updated on 2019-06-25 11:50:37 CEST.

Flavor Version Tinstall Tcheck Ttotal Status Flags
r-devel-linux-x86_64-debian-clang 1.0 12.17 37.55 49.72 OK
r-devel-linux-x86_64-debian-gcc 1.0 9.15 30.11 39.26 OK
r-devel-linux-x86_64-fedora-clang 1.0 62.41 NOTE
r-devel-linux-x86_64-fedora-gcc 1.0 58.11 NOTE
r-devel-windows-ix86+x86_64 1.0 43.00 92.00 135.00 OK
r-patched-linux-x86_64 1.0 10.86 36.97 47.83 OK
r-patched-solaris-x86 1.0 95.60 OK
r-release-linux-x86_64 1.0 11.76 37.19 48.95 OK
r-release-windows-ix86+x86_64 1.0 26.00 119.00 145.00 OK
r-release-osx-x86_64 1.0 OK
r-oldrel-windows-ix86+x86_64 1.0 22.00 86.00 108.00 OK
r-oldrel-osx-x86_64 1.0 OK

Check Details

Version: 1.0
Check: compiled code
Result: NOTE
    File ‘steadyICA/libs/steadyICA.so’:
     Found no calls to: ‘R_registerRoutines’, ‘R_useDynamicSymbols’
    
    It is good practice to register native routines and to disable symbol
    search.
    
    See ‘Writing portable packages’ in the ‘Writing R Extensions’ manual.
Flavors: r-devel-linux-x86_64-fedora-clang, r-devel-linux-x86_64-fedora-gcc