CRAN Package Check Results for Package steadyICA

Last updated on 2019-01-22 03:47:57 CET.

Flavor Version Tinstall Tcheck Ttotal Status Flags
r-devel-linux-x86_64-debian-clang 1.0 10.87 38.52 49.39 OK
r-devel-linux-x86_64-debian-gcc 1.0 8.43 30.47 38.90 OK
r-devel-linux-x86_64-fedora-clang 1.0 61.46 NOTE
r-devel-linux-x86_64-fedora-gcc 1.0 60.95 NOTE
r-devel-windows-ix86+x86_64 1.0 34.00 89.00 123.00 OK
r-patched-linux-x86_64 1.0 10.41 35.71 46.12 OK
r-patched-solaris-x86 1.0 89.00 OK
r-release-linux-x86_64 1.0 10.25 35.77 46.02 OK
r-release-windows-ix86+x86_64 1.0 24.00 121.00 145.00 OK
r-release-osx-x86_64 1.0 OK
r-oldrel-windows-ix86+x86_64 1.0 34.00 83.00 117.00 OK
r-oldrel-osx-x86_64 1.0 OK

Check Details

Version: 1.0
Check: compiled code
Result: NOTE
    File ‘steadyICA/libs/steadyICA.so’:
     Found no calls to: ‘R_registerRoutines’, ‘R_useDynamicSymbols’
    
    It is good practice to register native routines and to disable symbol
    search.
    
    See ‘Writing portable packages’ in the ‘Writing R Extensions’ manual.
Flavors: r-devel-linux-x86_64-fedora-clang, r-devel-linux-x86_64-fedora-gcc