Last updated on 2023-01-29 19:54:18 CET.
Flavor | Version | Tinstall | Tcheck | Ttotal | Status | Flags |
---|---|---|---|---|---|---|
r-devel-linux-x86_64-debian-clang | 0.0.1 | 170.17 | 147.64 | 317.81 | NOTE | |
r-devel-linux-x86_64-debian-gcc | 0.0.1 | 157.97 | 109.58 | 267.55 | NOTE | |
r-devel-linux-x86_64-fedora-clang | 0.0.1 | 404.72 | OK | |||
r-devel-linux-x86_64-fedora-gcc | 0.0.1 | 505.58 | OK | |||
r-devel-windows-x86_64 | 0.0.1 | 139.00 | 197.00 | 336.00 | NOTE | |
r-patched-linux-x86_64 | 0.0.1 | 168.27 | 140.51 | 308.78 | NOTE | |
r-release-linux-x86_64 | 0.0.1 | 172.52 | 140.09 | 312.61 | NOTE | |
r-release-macos-arm64 | 0.0.1 | 121.00 | NOTE | |||
r-release-macos-x86_64 | 0.0.1 | 145.00 | NOTE | |||
r-release-windows-x86_64 | 0.0.1 | 120.00 | 194.00 | 314.00 | NOTE | |
r-oldrel-macos-arm64 | 0.0.1 | 118.00 | NOTE | |||
r-oldrel-macos-x86_64 | 0.0.1 | 149.00 | NOTE | |||
r-oldrel-windows-ix86+x86_64 | 0.0.1 | 342.00 | 249.00 | 591.00 | NOTE |
Version: 0.0.1
Check: package dependencies
Result: NOTE
Package suggested but not available for checking: ‘INLA’
Flavors: r-devel-linux-x86_64-debian-clang, r-devel-linux-x86_64-debian-gcc, r-devel-windows-x86_64, r-patched-linux-x86_64, r-release-linux-x86_64, r-release-macos-arm64, r-release-macos-x86_64, r-release-windows-x86_64, r-oldrel-macos-arm64, r-oldrel-macos-x86_64
Version: 0.0.1
Check: installed package size
Result: NOTE
installed size is 14.4Mb
sub-directories of 1Mb or more:
libs 13.4Mb
Flavors: r-devel-windows-x86_64, r-release-macos-arm64, r-release-macos-x86_64, r-release-windows-x86_64, r-oldrel-macos-arm64, r-oldrel-macos-x86_64, r-oldrel-windows-ix86+x86_64