CRAN Package Check Results for Package stencilaschema

Last updated on 2021-04-17 06:46:59 CEST.

Flavor Version Tinstall Tcheck Ttotal Status Flags
r-devel-linux-x86_64-debian-clang 1.0.0 4.26 38.02 42.28 OK
r-devel-linux-x86_64-debian-gcc 1.0.0 3.86 29.18 33.04 OK
r-devel-linux-x86_64-fedora-clang 1.0.0 60.22 OK
r-devel-linux-x86_64-fedora-gcc 1.0.0 49.12 OK
r-devel-windows-ix86+x86_64 1.0.0 9.00 41.00 50.00 OK
r-devel-windows-x86_64-gcc10-UCRT 1.0.0 OK
r-patched-linux-x86_64 1.0.0 4.40 36.51 40.91 OK
r-patched-solaris-x86 1.0.0 70.30 OK
r-release-linux-x86_64 1.0.0 4.15 36.35 40.50 OK
r-release-macos-x86_64 1.0.0 OK
r-release-windows-ix86+x86_64 1.0.0 8.00 57.00 65.00 OK
r-oldrel-macos-x86_64 1.0.0 ERROR
r-oldrel-windows-ix86+x86_64 1.0.0 5.00 53.00 58.00 ERROR

Check Details

Version: 1.0.0
Check: tests
Result: ERROR
     Running ‘testthat.R’ [2s/2s]
    Running the tests in ‘tests/testthat.R’ failed.
    Last 13 lines of output:
     █
     1. ├─testthat::expect_error(...) test-types.R:43:2
     2. │ └─testthat:::quasi_capture(...)
     3. │ ├─testthat:::.capture(...)
     4. │ │ └─base::withCallingHandlers(...)
     5. │ └─rlang::eval_bare(quo_get_expr(.quo), quo_get_env(.quo))
     6. ├─stencilaschema::Datatable(...)
     7. │ └─stencilaschema:::check_property(...)
     8. │ └─stencilaschema:::as_type(value, type)
     9. └─stencilaschema::DatatableColumn(name = "A", values = matrix())
     10. └─stencilaschema:::check_property(...)
    
     [ FAIL 1 | WARN 0 | SKIP 0 | PASS 73 ]
     Error: Test failures
     Execution halted
Flavor: r-oldrel-macos-x86_64

Version: 1.0.0
Check: tests
Result: ERROR
     Running 'testthat.R' [2s]
    Running the tests in 'tests/testthat.R' failed.
    Complete output:
     > library(testthat)
     > library(stencilaschema)
    
     Attaching package: 'stencilaschema'
    
     The following objects are masked from 'package:methods':
    
     Math, Quote
    
     >
     > test_check("stencilaschema")
     == Failed tests ================================================================
     -- Failure (test-types.R:43:3): arguments to constructor functions are checked --
     `Datatable(columns = list(DatatableColumn(name = "A", values = matrix())))` threw an error with unexpected message.
     Expected match: "DatatableColumn\\$values is type array, expected type Array\\(Any\\(\\)\\)"
     Actual message: "DatatableColumn$values is type matrix, expected type Array(Any())"
     Backtrace:
     x
     1. +-testthat::expect_error(...) test-types.R:43:2
     2. | \-testthat:::quasi_capture(...)
     3. | +-testthat:::.capture(...)
     4. | | \-base::withCallingHandlers(...)
     5. | \-rlang::eval_bare(quo_get_expr(.quo), quo_get_env(.quo))
     6. +-stencilaschema::Datatable(...)
     7. | \-stencilaschema:::check_property(...)
     8. | \-stencilaschema:::as_type(value, type)
     9. \-stencilaschema::DatatableColumn(name = "A", values = matrix())
     10. \-stencilaschema:::check_property(...)
    
     [ FAIL 1 | WARN 0 | SKIP 0 | PASS 73 ]
     Error: Test failures
     Execution halted
Flavor: r-oldrel-windows-ix86+x86_64