CRAN Package Check Results for Package stepgbm

Last updated on 2022-08-17 17:50:32 CEST.

Flavor Version Tinstall Tcheck Ttotal Status Flags
r-devel-linux-x86_64-debian-clang 1.0.0 3.04 23.24 26.28 OK
r-devel-linux-x86_64-debian-gcc 1.0.0 OK
r-devel-linux-x86_64-fedora-clang 1.0.0 43.42 NOTE
r-devel-linux-x86_64-fedora-gcc 1.0.0 40.67 NOTE
r-devel-windows-x86_64 1.0.0 8.00 52.00 60.00 OK
r-patched-linux-x86_64 1.0.0 2.79 22.48 25.27 OK
r-release-linux-x86_64 1.0.0 2.87 22.59 25.46 OK
r-release-macos-arm64 1.0.0 16.00 NOTE
r-release-macos-x86_64 1.0.0 25.00 NOTE
r-release-windows-x86_64 1.0.0 9.00 66.00 75.00 OK
r-oldrel-macos-arm64 1.0.0 13.00 NOTE
r-oldrel-macos-x86_64 1.0.0 21.00 NOTE
r-oldrel-windows-ix86+x86_64 1.0.0 11.00 48.00 59.00 OK

Check Details

Version: 1.0.0
Check: dependencies in R code
Result: NOTE
    Namespace in Imports field not imported from: ‘gbm’
     All declared Imports should be used.
Flavors: r-devel-linux-x86_64-fedora-clang, r-devel-linux-x86_64-fedora-gcc, r-release-macos-arm64, r-release-macos-x86_64, r-oldrel-macos-arm64, r-oldrel-macos-x86_64