CRAN Package Check Results for Package sticky

Last updated on 2022-08-10 04:54:13 CEST.

Flavor Version Tinstall Tcheck Ttotal Status Flags
r-devel-linux-x86_64-debian-clang 0.5.6.1 1.81 29.96 31.77 NOTE
r-devel-linux-x86_64-debian-gcc 0.5.6.1 1.62 23.28 24.90 NOTE
r-devel-linux-x86_64-fedora-clang 0.5.6.1 49.58 NOTE
r-devel-linux-x86_64-fedora-gcc 0.5.6.1 48.50 NOTE
r-devel-windows-x86_64 0.5.6.1 11.00 63.00 74.00 NOTE
r-patched-linux-x86_64 0.5.6.1 1.77 29.30 31.07 NOTE
r-release-linux-x86_64 0.5.6.1 NOTE
r-release-macos-arm64 0.5.6.1 17.00 NOTE
r-release-macos-x86_64 0.5.6.1 27.00 NOTE
r-release-windows-x86_64 0.5.6.1 17.00 61.00 78.00 NOTE
r-oldrel-macos-arm64 0.5.6.1 22.00 NOTE
r-oldrel-macos-x86_64 0.5.6.1 32.00 NOTE
r-oldrel-windows-ix86+x86_64 0.5.6.1 6.00 50.00 56.00 NOTE

Check Details

Version: 0.5.6.1
Check: LazyData
Result: NOTE
     'LazyData' is specified without a 'data' directory
Flavors: r-devel-linux-x86_64-debian-clang, r-devel-linux-x86_64-debian-gcc, r-devel-linux-x86_64-fedora-clang, r-devel-linux-x86_64-fedora-gcc, r-devel-windows-x86_64, r-patched-linux-x86_64, r-release-linux-x86_64, r-release-macos-arm64, r-release-macos-x86_64, r-release-windows-x86_64, r-oldrel-macos-arm64, r-oldrel-macos-x86_64, r-oldrel-windows-ix86+x86_64