CRAN Package Check Results for Package stilt

Last updated on 2019-03-23 17:48:24 CET.

Flavor Version Tinstall Tcheck Ttotal Status Flags
r-devel-linux-x86_64-debian-clang 1.3.0 3.99 43.03 47.02 OK
r-devel-linux-x86_64-debian-gcc 1.3.0 3.26 34.72 37.98 OK
r-devel-linux-x86_64-fedora-clang 1.3.0 57.34 OK
r-devel-linux-x86_64-fedora-gcc 1.3.0 56.30 OK
r-devel-windows-ix86+x86_64 1.3.0 13.00 58.00 71.00 OK
r-patched-linux-x86_64 1.3.0 3.02 38.01 41.03 OK
r-patched-solaris-x86 1.3.0 77.20 OK
r-release-linux-x86_64 1.3.0 0.32 2.15 2.47 ERROR
r-release-windows-ix86+x86_64 1.3.0 7.00 54.00 61.00 OK
r-release-osx-x86_64 1.3.0 OK
r-oldrel-windows-ix86+x86_64 1.3.0 9.00 70.00 79.00 OK
r-oldrel-osx-x86_64 1.3.0 OK

Check Details

Version: 1.3.0
Check: whether package can be installed
Result: ERROR
    Installation failed.
Flavor: r-release-linux-x86_64