CRAN Package Check Results for Package stlcsb

Last updated on 2019-07-22 01:46:32 CEST.

Flavor Version Tinstall Tcheck Ttotal Status Flags
r-devel-linux-x86_64-debian-clang 0.1.2 6.77 61.86 68.63 OK
r-devel-linux-x86_64-debian-gcc 0.1.2 5.76 48.53 54.29 OK
r-devel-linux-x86_64-fedora-clang 0.1.2 88.31 NOTE
r-devel-linux-x86_64-fedora-gcc 0.1.2 80.26 NOTE
r-devel-windows-ix86+x86_64 0.1.2 15.00 115.00 130.00 OK
r-patched-linux-x86_64 0.1.2 6.41 59.62 66.03 OK
r-patched-solaris-x86 0.1.2 137.20 NOTE
r-release-linux-x86_64 0.1.2 6.24 59.62 65.86 OK
r-release-windows-ix86+x86_64 0.1.2 15.00 74.00 89.00 OK
r-release-osx-x86_64 0.1.2 NOTE
r-oldrel-windows-ix86+x86_64 0.1.2 12.00 106.00 118.00 OK
r-oldrel-osx-x86_64 0.1.2 NOTE

Check Details

Version: 0.1.2
Check: dependencies in R code
Result: NOTE
    Namespace in Imports field not imported from: ‘tibble’
     All declared Imports should be used.
Flavors: r-devel-linux-x86_64-fedora-clang, r-devel-linux-x86_64-fedora-gcc, r-patched-solaris-x86, r-release-osx-x86_64, r-oldrel-osx-x86_64