CRAN Package Check Results for Package stmCorrViz

Last updated on 2021-12-08 13:01:43 CET.

Flavor Version Tinstall Tcheck Ttotal Status Flags
r-devel-linux-x86_64-debian-clang 1.3 2.46 47.52 49.98 NOTE
r-devel-linux-x86_64-debian-gcc 1.3 1.21 36.19 37.40 NOTE
r-devel-linux-x86_64-fedora-clang 1.3 60.77 NOTE
r-devel-linux-x86_64-fedora-gcc 1.3 48.60 NOTE
r-devel-windows-x86_64-new-UL 1.3 7.00 83.00 90.00 OK
r-devel-windows-x86_64-new-TK 1.3 NOTE
r-devel-windows-x86_64-old 1.3 4.00 43.00 47.00 OK
r-patched-linux-x86_64 1.3 2.18 45.12 47.30 NOTE
r-release-linux-x86_64 1.3 2.33 46.24 48.57 NOTE
r-release-macos-arm64 1.3 NOTE
r-release-macos-x86_64 1.3 NOTE
r-release-windows-ix86+x86_64 1.3 4.00 63.00 67.00 OK
r-oldrel-macos-x86_64 1.3 NOTE
r-oldrel-windows-ix86+x86_64 1.3 6.00 57.00 63.00 OK

Check Details

Version: 1.3
Check: for non-standard things in the check directory
Result: NOTE
    Found the following files/directories:
     'corrviz.html'
Flavors: r-devel-linux-x86_64-debian-clang, r-devel-linux-x86_64-debian-gcc, r-devel-linux-x86_64-fedora-clang, r-devel-linux-x86_64-fedora-gcc, r-patched-linux-x86_64, r-release-linux-x86_64

Version: 1.3
Check: dependencies in R code
Result: NOTE
    Namespaces in Imports field not imported from:
     ‘SnowballC’ ‘tm’
     All declared Imports should be used.
Flavors: r-devel-linux-x86_64-fedora-clang, r-devel-linux-x86_64-fedora-gcc, r-devel-windows-x86_64-new-TK, r-release-macos-arm64, r-release-macos-x86_64, r-oldrel-macos-x86_64