CRAN Package Check Results for Package stmCorrViz

Last updated on 2022-12-05 17:52:39 CET.

Flavor Version Tinstall Tcheck Ttotal Status Flags
r-devel-linux-x86_64-debian-clang 1.3 2.19 42.31 44.50 NOTE
r-devel-linux-x86_64-debian-gcc 1.3 1.39 32.04 33.43 NOTE
r-devel-linux-x86_64-fedora-clang 1.3 65.19 NOTE
r-devel-linux-x86_64-fedora-gcc 1.3 63.41 NOTE
r-devel-windows-x86_64 1.3 18.00 75.00 93.00 OK
r-patched-linux-x86_64 1.3 2.63 41.19 43.82 NOTE
r-release-linux-x86_64 1.3 2.41 40.21 42.62 NOTE
r-release-macos-arm64 1.3 21.00 NOTE
r-release-macos-x86_64 1.3 29.00 NOTE
r-release-windows-x86_64 1.3 17.00 79.00 96.00 OK
r-oldrel-macos-arm64 1.3 25.00 NOTE
r-oldrel-macos-x86_64 1.3 33.00 NOTE
r-oldrel-windows-ix86+x86_64 1.3 6.00 67.00 73.00 OK

Check Details

Version: 1.3
Check: for non-standard things in the check directory
Result: NOTE
    Found the following files/directories:
     'corrviz.html'
Flavors: r-devel-linux-x86_64-debian-clang, r-devel-linux-x86_64-debian-gcc, r-devel-linux-x86_64-fedora-clang, r-devel-linux-x86_64-fedora-gcc, r-patched-linux-x86_64, r-release-linux-x86_64

Version: 1.3
Check: dependencies in R code
Result: NOTE
    Namespaces in Imports field not imported from:
     ‘SnowballC’ ‘tm’
     All declared Imports should be used.
Flavors: r-devel-linux-x86_64-fedora-clang, r-devel-linux-x86_64-fedora-gcc, r-release-macos-arm64, r-release-macos-x86_64, r-oldrel-macos-arm64, r-oldrel-macos-x86_64