Last updated on 2023-06-09 08:56:23 CEST.
Flavor | Version | Tinstall | Tcheck | Ttotal | Status | Flags |
---|---|---|---|---|---|---|
r-devel-linux-x86_64-debian-clang | 1.1.2 | 16.55 | 158.82 | 175.37 | OK | |
r-devel-linux-x86_64-debian-gcc | 1.1.2 | 12.97 | 118.17 | 131.14 | OK | |
r-devel-linux-x86_64-fedora-clang | 1.1.2 | 226.25 | NOTE | |||
r-devel-linux-x86_64-fedora-gcc | 1.1.2 | 216.48 | OK | |||
r-devel-windows-x86_64 | 1.1.2 | 17.00 | 132.00 | 149.00 | NOTE | |
r-patched-linux-x86_64 | 1.1.2 | 18.12 | 149.36 | 167.48 | OK | |
r-release-linux-x86_64 | 1.1.2 | 12.93 | 148.40 | 161.33 | OK | |
r-release-macos-arm64 | 1.1.2 | 68.00 | NOTE | |||
r-release-macos-x86_64 | 1.1.2 | 107.00 | NOTE | |||
r-release-windows-x86_64 | 1.1.2 | 21.00 | 169.00 | 190.00 | NOTE | |
r-oldrel-macos-arm64 | 1.1.2 | 62.00 | NOTE | |||
r-oldrel-macos-x86_64 | 1.1.2 | 84.00 | NOTE | |||
r-oldrel-windows-x86_64 | 1.1.2 | 21.00 | 170.00 | 191.00 | NOTE |
Version: 1.1.2
Check: installed package size
Result: NOTE
installed size is 6.8Mb
sub-directories of 1Mb or more:
data 6.3Mb
Flavors: r-devel-linux-x86_64-fedora-clang, r-devel-windows-x86_64, r-release-macos-arm64, r-release-macos-x86_64, r-release-windows-x86_64, r-oldrel-macos-arm64, r-oldrel-macos-x86_64, r-oldrel-windows-x86_64