CRAN Package Check Results for Package stochvol

Last updated on 2020-10-25 20:48:06 CET.

Flavor Version Tinstall Tcheck Ttotal Status Flags
r-devel-linux-x86_64-debian-clang 2.0.4 179.33 139.11 318.44 OK
r-devel-linux-x86_64-debian-gcc 2.0.4 125.60 104.75 230.35 OK
r-devel-linux-x86_64-fedora-clang 2.0.4 435.03 NOTE
r-devel-linux-x86_64-fedora-gcc 2.0.4 425.22 OK
r-devel-windows-ix86+x86_64 2.0.4 405.00 265.00 670.00 NOTE
r-patched-linux-x86_64 2.0.4 164.87 135.93 300.80 OK
r-patched-solaris-x86 2.0.4 481.50 OK
r-release-linux-x86_64 2.0.4 159.77 136.93 296.70 OK
r-release-macos-x86_64 2.0.4 NOTE
r-release-windows-ix86+x86_64 2.0.4 315.00 223.00 538.00 NOTE
r-oldrel-macos-x86_64 2.0.4 NOTE
r-oldrel-windows-ix86+x86_64 2.0.4 348.00 214.00 562.00 NOTE

Check Details

Version: 2.0.4
Check: installed package size
Result: NOTE
     installed size is 8.2Mb
     sub-directories of 1Mb or more:
     doc 2.6Mb
     libs 5.1Mb
Flavors: r-devel-linux-x86_64-fedora-clang, r-devel-windows-ix86+x86_64, r-release-macos-x86_64, r-release-windows-ix86+x86_64, r-oldrel-macos-x86_64, r-oldrel-windows-ix86+x86_64