Last updated on 2021-01-17 01:49:59 CET.
Flavor | Version | Tinstall | Tcheck | Ttotal | Status | Flags |
---|---|---|---|---|---|---|
r-devel-linux-x86_64-debian-clang | 0.1.2 | 23.27 | 155.55 | 178.82 | OK | |
r-devel-linux-x86_64-debian-gcc | 0.1.2 | 19.00 | 119.60 | 138.60 | OK | |
r-devel-linux-x86_64-fedora-clang | 0.1.2 | 229.10 | NOTE | |||
r-devel-linux-x86_64-fedora-gcc | 0.1.2 | 223.33 | OK | |||
r-devel-windows-ix86+x86_64 | 0.1.2 | 84.00 | 125.00 | 209.00 | NOTE | |
r-patched-linux-x86_64 | 0.1.2 | 23.71 | 158.00 | 181.71 | OK | |
r-patched-solaris-x86 | 0.1.2 | 291.60 | NOTE | |||
r-release-linux-x86_64 | 0.1.2 | 22.71 | 154.04 | 176.75 | OK | |
r-release-macos-x86_64 | 0.1.2 | NOTE | ||||
r-release-windows-ix86+x86_64 | 0.1.2 | 95.00 | 120.00 | 215.00 | NOTE | |
r-oldrel-macos-x86_64 | 0.1.2 | NOTE | ||||
r-oldrel-windows-ix86+x86_64 | 0.1.2 | 112.00 | 105.00 | 217.00 | NOTE |
Version: 0.1.2
Check: installed package size
Result: NOTE
installed size is 12.4Mb
sub-directories of 1Mb or more:
libs 11.7Mb
Flavors: r-devel-linux-x86_64-fedora-clang, r-devel-windows-ix86+x86_64, r-patched-solaris-x86, r-release-macos-x86_64, r-release-windows-ix86+x86_64, r-oldrel-macos-x86_64, r-oldrel-windows-ix86+x86_64