CRAN Package Check Results for Package stochvolTMB

Last updated on 2024-02-25 23:02:22 CET.

Flavor Version Tinstall Tcheck Ttotal Status Flags
r-devel-linux-x86_64-debian-clang 0.2.0 28.32 178.27 206.59 OK
r-devel-linux-x86_64-debian-gcc 0.2.0 27.80 138.21 166.01 OK
r-devel-linux-x86_64-fedora-clang 0.2.0 261.29 NOTE
r-devel-linux-x86_64-fedora-gcc 0.2.0 286.68 OK
r-devel-windows-x86_64 0.2.0 57.00 111.00 168.00 NOTE
r-patched-linux-x86_64 0.2.0 34.15 183.03 217.18 OK
r-release-linux-x86_64 0.2.0 33.46 182.61 216.07 OK
r-release-macos-arm64 0.2.0 99.00 NOTE
r-release-macos-x86_64 0.2.0 137.00 NOTE
r-release-windows-x86_64 0.2.0 70.00 128.00 198.00 NOTE
r-oldrel-macos-arm64 0.2.0 85.00 NOTE
r-oldrel-windows-x86_64 0.2.0 62.00 122.00 184.00 NOTE

Check Details

Version: 0.2.0
Check: installed package size
Result: NOTE installed size is 19.1Mb sub-directories of 1Mb or more: libs 17.5Mb Flavors: r-devel-linux-x86_64-fedora-clang, r-devel-windows-x86_64, r-release-macos-arm64, r-release-macos-x86_64, r-release-windows-x86_64, r-oldrel-macos-arm64, r-oldrel-windows-x86_64