CRAN Package Check Results for Package stockfish

Last updated on 2021-10-20 02:50:22 CEST.

Flavor Version Tinstall Tcheck Ttotal Status Flags
r-devel-linux-x86_64-debian-clang 0.1.3 48.00 21.55 69.55 OK
r-devel-linux-x86_64-debian-gcc 0.1.3 35.89 16.73 52.62 OK
r-devel-linux-x86_64-fedora-clang 0.1.3 126.34 OK
r-devel-linux-x86_64-fedora-gcc 0.1.3 94.93 OK
r-devel-windows-x86_64 0.1.3 68.00 36.00 104.00 OK
r-devel-windows-x86_64-gcc10-UCRT 0.1.3 OK
r-patched-linux-x86_64 0.1.3 44.27 20.41 64.68 OK
r-patched-solaris-x86 0.1.3 144.60 OK
r-release-linux-x86_64 0.1.3 42.83 21.16 63.99 OK
r-release-macos-arm64 0.1.3 OK
r-release-macos-x86_64 0.1.3 OK
r-release-windows-ix86+x86_64 0.1.3 98.00 45.00 143.00 NOTE
r-oldrel-macos-x86_64 0.1.3 OK
r-oldrel-windows-ix86+x86_64 0.1.3 145.00 44.00 189.00 NOTE

Check Details

Version: 0.1.3
Check: installed package size
Result: NOTE
     installed size is 6.9Mb
     sub-directories of 1Mb or more:
     bin 6.7Mb
Flavors: r-release-windows-ix86+x86_64, r-oldrel-windows-ix86+x86_64