Last updated on 2023-11-28 10:53:44 CET.
Flavor | Version | Tinstall | Tcheck | Ttotal | Status | Flags |
---|---|---|---|---|---|---|
r-devel-linux-x86_64-debian-clang | 1.2-0 | 9.33 | 401.37 | 410.70 | OK | |
r-devel-linux-x86_64-debian-gcc | 1.2-0 | 8.81 | 314.86 | 323.67 | OK | |
r-devel-linux-x86_64-fedora-clang | 1.2-0 | 561.19 | OK | |||
r-devel-linux-x86_64-fedora-gcc | 1.2-0 | 519.61 | OK | |||
r-devel-windows-x86_64 | 1.2-0 | 11.00 | 321.00 | 332.00 | OK | |
r-patched-linux-x86_64 | 1.2-0 | 14.16 | 413.89 | 428.05 | OK | |
r-release-linux-x86_64 | 1.2-0 | 11.44 | 434.03 | 445.47 | OK | |
r-release-macos-arm64 | 1.2-0 | 151.00 | OK | |||
r-release-macos-x86_64 | 1.2-0 | 395.00 | OK | |||
r-release-windows-x86_64 | 1.2-0 | 12.00 | 433.00 | 445.00 | OK | |
r-oldrel-macos-arm64 | 1.2-0 | 159.00 | OK | |||
r-oldrel-macos-x86_64 | 1.2-0 | 214.00 | ERROR | |||
r-oldrel-windows-x86_64 | 1.2-0 | 13.00 | 455.00 | 468.00 | OK |
Version: 1.2-0
Check: PDF version of manual
Result: WARN
LaTeX errors when creating PDF version.
This typically indicates Rd problems.
LaTeX errors found:
! Undefined control sequence.
<argument> \mathbf {u},\mathbf {u}\in \mathbb
{R}^3
l.2149 ...{\mathbf{u},\mathbf{u}\in\mathbb{R}^3}{}
is defined
! Undefined control sequence.
<recently read> \mathbb
l.2158 ...uples of vectors in \eqn{\mathbb{R}^3}{}
, given by
! Undefined control sequence.
<recently read> \mathbb
l.2178 ...esenting vectors in \eqn{\mathbb{R}^3}{}
Flavor: r-oldrel-macos-x86_64
Version: 1.2-0
Check: PDF version of manual without index
Result: ERROR
Flavor: r-oldrel-macos-x86_64