CRAN Package Check Results for Package stopwords

Last updated on 2020-08-13 22:48:23 CEST.

Flavor Version Tinstall Tcheck Ttotal Status Flags
r-devel-linux-x86_64-debian-clang 2.0 2.71 28.61 31.32 OK
r-devel-linux-x86_64-debian-gcc 2.0 2.28 22.95 25.23 OK
r-devel-linux-x86_64-fedora-clang 2.0 46.91 NOTE
r-devel-linux-x86_64-fedora-gcc 2.0 37.01 NOTE
r-devel-windows-ix86+x86_64 2.0 14.00 65.00 79.00 OK
r-patched-linux-x86_64 2.0 2.69 28.50 31.19 OK
r-patched-solaris-x86 2.0 60.90 NOTE
r-release-linux-x86_64 2.0 2.95 28.53 31.48 OK
r-release-macos-x86_64 2.0 NOTE
r-release-windows-ix86+x86_64 2.0 14.00 56.00 70.00 OK
r-oldrel-macos-x86_64 2.0 NOTE
r-oldrel-windows-ix86+x86_64 2.0 6.00 46.00 52.00 OK

Check Details

Version: 2.0
Check: data for non-ASCII characters
Result: NOTE
     Note: found 15980 marked UTF-8 strings
Flavors: r-devel-linux-x86_64-fedora-clang, r-devel-linux-x86_64-fedora-gcc, r-patched-solaris-x86, r-release-macos-x86_64, r-oldrel-macos-x86_64