CRAN Package Check Results for Package stopwords

Last updated on 2019-06-16 21:46:56 CEST.

Flavor Version Tinstall Tcheck Ttotal Status Flags
r-devel-linux-x86_64-debian-clang 0.9.0 1.79 18.41 20.20 OK
r-devel-linux-x86_64-debian-gcc 0.9.0 1.28 15.41 16.69 OK
r-devel-linux-x86_64-fedora-clang 0.9.0 24.97 NOTE
r-devel-linux-x86_64-fedora-gcc 0.9.0 24.99 NOTE
r-devel-windows-ix86+x86_64 0.9.0 6.00 42.00 48.00 OK
r-patched-linux-x86_64 0.9.0 1.81 18.49 20.30 OK
r-patched-solaris-x86 0.9.0 43.40 NOTE
r-release-linux-x86_64 0.9.0 1.86 18.71 20.57 OK
r-release-windows-ix86+x86_64 0.9.0 4.00 46.00 50.00 OK
r-release-osx-x86_64 0.9.0 NOTE
r-oldrel-windows-ix86+x86_64 0.9.0 3.00 51.00 54.00 OK
r-oldrel-osx-x86_64 0.9.0 NOTE

Check Details

Version: 0.9.0
Check: data for non-ASCII characters
Result: NOTE
     Note: found 11790 marked UTF-8 strings
Flavors: r-devel-linux-x86_64-fedora-clang, r-devel-linux-x86_64-fedora-gcc, r-patched-solaris-x86, r-release-osx-x86_64, r-oldrel-osx-x86_64