Last updated on 2019-12-08 11:47:31 CET.
Flavor | Version | Tinstall | Tcheck | Ttotal | Status | Flags |
---|---|---|---|---|---|---|
r-devel-linux-x86_64-debian-clang | 1.0 | 2.15 | 21.96 | 24.11 | OK | |
r-devel-linux-x86_64-debian-gcc | 1.0 | 1.68 | 17.32 | 19.00 | OK | |
r-devel-linux-x86_64-fedora-clang | 1.0 | 29.64 | NOTE | |||
r-devel-linux-x86_64-fedora-gcc | 1.0 | 29.35 | NOTE | |||
r-devel-windows-ix86+x86_64 | 1.0 | 5.00 | 51.00 | 56.00 | OK | |
r-devel-windows-ix86+x86_64-gcc8 | 1.0 | 5.00 | 56.00 | 61.00 | OK | |
r-patched-linux-x86_64 | 1.0 | 1.71 | 20.22 | 21.93 | OK | |
r-patched-solaris-x86 | 1.0 | 45.20 | NOTE | |||
r-release-linux-x86_64 | 1.0 | 1.65 | 20.91 | 22.56 | OK | |
r-release-windows-ix86+x86_64 | 1.0 | 7.00 | 36.00 | 43.00 | OK | |
r-release-osx-x86_64 | 1.0 | NOTE | ||||
r-oldrel-windows-ix86+x86_64 | 1.0 | 3.00 | 34.00 | 37.00 | OK | |
r-oldrel-osx-x86_64 | 1.0 | NOTE |
Version: 1.0
Check: data for non-ASCII characters
Result: NOTE
Note: found 11969 marked UTF-8 strings
Flavors: r-devel-linux-x86_64-fedora-clang, r-devel-linux-x86_64-fedora-gcc, r-patched-solaris-x86, r-release-osx-x86_64, r-oldrel-osx-x86_64