CRAN Package Check Results for Package stppSim

Last updated on 2022-07-04 04:54:36 CEST.

Flavor Version Tinstall Tcheck Ttotal Status Flags
r-devel-linux-x86_64-debian-clang 1.2.3 43.43 406.66 450.09 OK
r-devel-linux-x86_64-debian-gcc 1.2.3 37.87 299.07 336.94 OK
r-devel-linux-x86_64-fedora-clang 1.2.3 534.59 NOTE
r-devel-linux-x86_64-fedora-gcc 1.2.3 536.26 OK
r-devel-windows-x86_64 1.2.3 56.00 390.00 446.00 OK
r-patched-linux-x86_64 1.2.3 43.38 390.88 434.26 OK
r-release-linux-x86_64 1.2.3 33.90 389.48 423.38 OK
r-release-macos-arm64 1.2.3 148.00 OK
r-release-macos-x86_64 1.2.3 224.00 OK
r-release-windows-x86_64 1.2.3 47.00 393.00 440.00 OK
r-oldrel-macos-arm64 1.2.3 133.00 OK
r-oldrel-macos-x86_64 1.2.3 173.00 OK
r-oldrel-windows-ix86+x86_64 1.2.3 102.00 407.00 509.00 OK

Check Details

Version: 1.2.3
Check: package dependencies
Result: NOTE
    Imports includes 23 non-default packages.
    Importing from so many packages makes the package vulnerable to any of
    them becoming unavailable. Move as many as possible to Suggests and
    use conditionally.
Flavor: r-devel-linux-x86_64-fedora-clang