Last updated on 2023-12-02 18:53:58 CET.
Flavor | Version | Tinstall | Tcheck | Ttotal | Status | Flags |
---|---|---|---|---|---|---|
r-devel-linux-x86_64-debian-clang | 0.2.1 | 487.50 | 36.28 | 523.78 | OK | |
r-devel-linux-x86_64-debian-gcc | 0.2.1 | 321.97 | 28.01 | 349.98 | OK | |
r-devel-linux-x86_64-fedora-clang | 0.2.1 | 846.85 | OK | |||
r-devel-linux-x86_64-fedora-gcc | 0.2.1 | 831.02 | OK | |||
r-devel-windows-x86_64 | 0.2.1 | 322.00 | 76.00 | 398.00 | OK | |
r-patched-linux-x86_64 | 0.2.1 | 378.81 | 35.46 | 414.27 | OK | |
r-release-linux-x86_64 | 0.2.1 | 381.70 | 35.30 | 417.00 | OK | |
r-release-macos-arm64 | 0.2.1 | 125.00 | NOTE | |||
r-release-macos-x86_64 | 0.2.1 | 104.00 | NOTE | |||
r-release-windows-x86_64 | 0.2.1 | 425.00 | 84.00 | 509.00 | OK | |
r-oldrel-macos-arm64 | 0.2.1 | 126.00 | NOTE | |||
r-oldrel-macos-x86_64 | 0.2.1 | 186.00 | NOTE | |||
r-oldrel-windows-x86_64 | 0.2.1 | 400.00 | 80.00 | 480.00 | OK |
Version: 0.2.1
Check: installed package size
Result: NOTE
installed size is 10.4Mb
sub-directories of 1Mb or more:
libs 10.2Mb
Flavors: r-release-macos-arm64, r-release-macos-x86_64, r-oldrel-macos-arm64, r-oldrel-macos-x86_64